000
CXUS56 KSGX 241445
CF6MYF
PRELIMINARY LOCAL CLIMATOLOGICAL DATA (WS FORM: F-6)

                                          STATION:   SAN DIEGO/MONTGOMERY FLD CA
                                          MONTH:     MAY
                                          YEAR:      2015
                                          LATITUDE:   32 49 N
                                          LONGITUDE: 117  9 W

  TEMPERATURE IN F:       :PCPN:    SNOW:  WIND      :SUNSHINE: SKY     :PK WND
================================================================================
1   2   3   4   5  6A  6B    7    8   9   10  11  12  13   14  15   16   17  18
                                     12Z  AVG MX 2MIN
DY MAX MIN AVG DEP HDD CDD  WTR  SNW DPTH SPD SPD DIR MIN PSBL S-S WX    SPD DR
================================================================================

 1  89  60  75  12   0  10 0.00  0.0    0  6.9 17 320   M    M   0 18     22 320
 2  74  58  66   3   0   1 0.00  0.0    0  6.1 15 250   M    M   2 18     20 210
 3  70  61  66   3   0   1 0.00  0.0    0  6.7 16 310   M    M   8        21 290
 4  68  59  64   1   1   0 0.00  0.0    0  8.0 18 300   M    M   9 18     22 300
 5  67  59  63   0   2   0 0.00  0.0    0  6.7 15 250   M    M   8        20 300
 6  66  59  63   0   2   0    T  0.0    0  7.7 16 250   M    M  10 8      21 250
 7  64  54  59  -4   6   0    T  0.0    0  9.6 20 240   M    M   9 8      25 260
 8  61  51  56  -7   9   0 0.62  0.0    0  6.6 16 210   M    M   9 1      22 210
 9  66  56  61  -2   4   0 0.00  0.0    0  7.1 16 310   M    M   8        21 310
10  71  55  63   0   2   0 0.00  0.0    0  6.0 14 270   M    M   1        21 280
11  74  58  66   3   0   1 0.00  0.0    0  4.4 12 270   M    M   3 18     18 290
12  68  57  63  -1   2   0 0.00  0.0    0  7.8 16 260   M    M   5        22 220
13  66  57  62  -2   3   0 0.00  0.0    0  7.1 16 260   M    M   5        22 260
14  66  55  61  -3   4   0 0.53  0.0    0  8.0 18 210   M    M   8 18     23 210
15  64  54  59  -5   6   0 0.61  0.0    0  7.7 20 300   M    M   7 18     24 300
16  66  56  61  -3   4   0 0.01  0.0    0  6.9 17 200   M    M   7        21 190
17  67  54  61  -3   4   0 0.00  0.0    0  6.5 15 260   M    M   5        23 250
18  67  58  63  -1   2   0 0.00  0.0    0  6.7 15 220   M    M   7        20 240
19  68  58  63  -1   2   0 0.00  0.0    0  6.1 15 260   M    M   4        19 260
20  67  59  63  -1   2   0 0.00  0.0    0  5.9 14 230   M    M   6        18 210
21  66  59  63  -1   2   0 0.00  0.0    0  8.6 17 250   M    M   8        21 240
22  67  57  62  -2   3   0 0.03  0.0    0  9.2 16 240   M    M   7        21 260
23  68  58  63  -1   2   0    T  0.0    0  6.3 14 250   M    M   8        19 240
================================================================================
SM 1570 1312        62  13  1.80     0.0 162.6          M      144
================================================================================
AV 68.3 57.0                               7.1 FASTST   M    M   6    MAX(MPH)
                                 MISC ---->  # 20 240               # 25  260
================================================================================
NOTES:
# LAST OF SEVERAL OCCURRENCES

COLUMN 17 PEAK WIND IN M.P.H.

PRELIMINARY LOCAL CLIMATOLOGICAL DATA (WS FORM: F-6) , PAGE 2

                                          STATION:  SAN DIEGO/MONTGOMERY FLD CA
                                          MONTH:    MAY
                                          YEAR:     2015
                                          LATITUDE:   32 49 N
                                          LONGITUDE: 117  9 W

[TEMPERATURE DATA]      [PRECIPITATION DATA]       SYMBOLS USED IN COLUMN 16

AVERAGE MONTHLY: 62.7   TOTAL FOR MONTH:   1.80    1 = FOG OR MIST
DPTR FM NORMAL:  -0.9   DPTR FM NORMAL:    1.62    2 = FOG REDUCING VISIBILITY
HIGHEST:    89 ON  1    GRTST 24HR  1.14 ON 14-15      TO 1/4 MILE OR LESS
LOWEST:     51 ON  8                               3 = THUNDER
                        SNOW, ICE PELLETS, HAIL    4 = ICE PELLETS
                        TOTAL MONTH:   0.0 INCH    5 = HAIL
                        GRTST 24HR     0.0         6 = FREEZING RAIN OR DRIZZLE
                        GRTST DEPTH:   0           7 = DUSTSTORM OR SANDSTORM:
                                                       VSBY 1/2 MILE OR LESS
                                                   8 = SMOKE OR HAZE
[NO. OF DAYS WITH]      [WEATHER - DAYS WITH]      9 = BLOWING SNOW
                                                   X = TORNADO
MAX 32 OR BELOW:   0    0.01 INCH OR MORE:   5
MAX 90 OR ABOVE:   0    0.10 INCH OR MORE:   3
MIN 32 OR BELOW:   0    0.50 INCH OR MORE:   3
MIN  0 OR BELOW:   0    1.00 INCH OR MORE:   0

[HDD (BASE 65) ]
TOTAL THIS MO.    62    CLEAR  (SCALE 0-3)   4
DPTR FM NORMAL     5    PTCLDY (SCALE 4-7)  12
TOTAL FM JUL 1   663    CLOUDY (SCALE 8-10)  7
DPTR FM NORMAL  -845

[CDD (BASE 65) ]
TOTAL THIS MO.    13
DPTR FM NORMAL   -10    [PRESSURE DATA]
TOTAL FM JAN 1   172    HIGHEST SLP M ON M
DPTR FM NORMAL   125    LOWEST  SLP 29.78 ON M

[REMARKS]
