000
CXHW50 PHFO 011250
CF6NGF
PRELIMINARY LOCAL CLIMATOLOGICAL DATA (WS FORM: F-6)

                                          STATION:   KANEOHE BAY MCAS HI
                                          MONTH:     JUNE
                                          YEAR:      2015
                                          LATITUDE:   21 25 N
                                          LONGITUDE: 157 46 W

  TEMPERATURE IN F:       :PCPN:    SNOW:  WIND      :SUNSHINE: SKY     :PK WND
================================================================================
1   2   3   4   5  6A  6B    7    8   9   10  11  12  13   14  15   16   17  18
                                     12Z  AVG MX 2MIN
DY MAX MIN AVG DEP HDD CDD  WTR  SNW DPTH SPD SPD DIR MIN PSBL S-S WX    SPD DR
================================================================================

 1  80  73  77   0   0  12 0.00  0.0    0  8.6 13  70   M    M  10        18  70
 2  83  75  79   2   0  14 0.00  0.0    0  7.6 12  60   M    M   8        18  60
 3  81  75  78   1   0  13 0.00  0.0    0  8.7 13  80   M    M  10        18  70
 4  82  75  79   2   0  14 0.00  0.0    0  7.0 12  60   M    M   8        17  60
 5   M   M   M   M   M   M 0.00  0.0    0  4.0 10  60   M    M   5         M  M
 6  83  73  78   1   0  13 0.00  0.0    0  5.0 12  40   M    M   3         M  M
 7  83  74  79   2   0  14 0.00  0.0    0  7.4 13  50   M    M   4         M  M
 8  83  73  78   1   0  13 0.00  0.0    0  9.4 15  50   M    M   5        20 140
 9  82  73  78   1   0  13 0.03  0.0    0  9.4 15  50   M    M   4        21  50
10  82  74  78   1   0  13 0.00  0.0    0  9.0 14  50   M    M   3        18  70
11  82  71  77   0   0  12 0.00  0.0    0  6.8 14  60   M    M   3        18  70
12  82  72  77   0   0  12 0.00  0.0    0  6.6 10  50   M    M   2         M  M
13  83  73  78   1   0  13 0.00  0.0    0  7.5 10  50   M    M   3         M  M
14  82  74  78   1   0  13 0.00  0.0    0  6.9 10  60   M    M   6         M  M
15  83  76  80   2   0  15 0.00  0.0    0  7.7 13  60   M    M   6        20  90
16  83  75  79   1   0  14 0.00  0.0    0  8.8 12  70   M    M   3        17  50
17  83  72  78   0   0  13 0.06  0.0    0  9.6 13  60   M    M   7        24  60
18  83  73  78   0   0  13 0.01  0.0    0 10.1 14  40   M    M   8        20  70
19  83  74  79   1   0  14 0.00  0.0    0 10.4 15  50   M    M   6        20  60
20  83  73  78   0   0  13 0.00  0.0    0 11.1 16  40   M    M   4        30  70
21  82  75  79   1   0  14    T  0.0    0  9.4 15  40   M    M   4        17  50
22  83  75  79   1   0  14 0.00  0.0    0  9.5 13  50   M    M   6        18  70
23  83  76  80   2   0  15 0.00  0.0    0 10.4 15  60   M    M   4        22  60
24  81  74  78   0   0  13 0.02  0.0    0  9.3 14  60   M    M   8 1      24  60
25  84  76  80   2   0  15 0.00  0.0    0  9.3 14  60   M    M   4        21  60
26  84  76  80   2   0  15 0.00  0.0    0  8.6 12  50   M    M   7        20  70
27  84  76  80   2   0  15 0.02  0.0    0  7.8 12  40   M    M   5         M  M
28  82  75  79   1   0  14 0.00  0.0    0  7.4 12  50   M    M   8         M  M
29  85  75  80   2   0  15    T  0.0    0  5.0  9  50   M    M   5         M  M
30  85  72  79   1   0  14    T  0.0    0  4.9 10  70   M    M   4         M  M
================================================================================
SM 2399 2148         0 395  0.14     0.0 243.2          M      163
================================================================================
AV 82.7 74.1                               8.1 FASTST   M    M   5    MAX(MPH)
                                 MISC ---->    16   M                 30    M
================================================================================
NOTES:
# LAST OF SEVERAL OCCURRENCES

COLUMN 17 PEAK WIND IN M.P.H.

PRELIMINARY LOCAL CLIMATOLOGICAL DATA (WS FORM: F-6) , PAGE 2

                                          STATION:  KANEOHE BAY MCAS HI
                                          MONTH:    JUNE
                                          YEAR:     2015
                                          LATITUDE:   21 25 N
                                          LONGITUDE: 157 46 W

[TEMPERATURE DATA]      [PRECIPITATION DATA]       SYMBOLS USED IN COLUMN 16

AVERAGE MONTHLY: 78.4   TOTAL FOR MONTH:   0.14    1 = FOG OR MIST
DPTR FM NORMAL:   1.0   DPTR FM NORMAL:   -0.93    2 = FOG REDUCING VISIBILITY
HIGHEST:    85 ON 30,29 GRTST 24HR  0.06 ON 17-17      TO 1/4 MILE OR LESS
LOWEST:     71 ON 11                               3 = THUNDER
                        SNOW, ICE PELLETS, HAIL    4 = ICE PELLETS
                        TOTAL MONTH:   0.0 INCH    5 = HAIL
                        GRTST 24HR     0.0         6 = FREEZING RAIN OR DRIZZLE
                        GRTST DEPTH:   0           7 = DUSTSTORM OR SANDSTORM:
                                                       VSBY 1/2 MILE OR LESS
                                                   8 = SMOKE OR HAZE
[NO. OF DAYS WITH]      [WEATHER - DAYS WITH]      9 = BLOWING SNOW
                                                   X = TORNADO
MAX 32 OR BELOW:   0    0.01 INCH OR MORE:   5
MAX 90 OR ABOVE:   0    0.10 INCH OR MORE:   0
MIN 32 OR BELOW:   0    0.50 INCH OR MORE:   0
MIN  0 OR BELOW:   0    1.00 INCH OR MORE:   0

[HDD (BASE 65) ]
TOTAL THIS MO.     0    CLEAR  (SCALE 0-3)   3
DPTR FM NORMAL     0    PTCLDY (SCALE 4-7)  23
TOTAL FM JUL 1     0    CLOUDY (SCALE 8-10)  4
DPTR FM NORMAL     0

[CDD (BASE 65) ]
TOTAL THIS MO.   395
DPTR FM NORMAL    21    [PRESSURE DATA]
TOTAL FM JAN 1  1868    HIGHEST SLP M ON M
DPTR FM NORMAL   178    LOWEST  SLP M ON M

[REMARKS]
#FINAL-06-15#
