000
CXUS56 KMTR 221000
CF6NUQ
PRELIMINARY LOCAL CLIMATOLOGICAL DATA (WS FORM: F-6)

                                          STATION:   MOFFETT FIELD
                                          MONTH:     SEPTEMBER
                                          YEAR:      2014
                                          LATITUDE:   37 25 N
                                          LONGITUDE: 122  3 W

  TEMPERATURE IN F:       :PCPN:    SNOW:  WIND      :SUNSHINE: SKY     :PK WND
================================================================================
1   2   3   4   5  6A  6B    7    8   9   10  11  12  13   14  15   16   17  18
                                     12Z  AVG MX 2MIN
DY MAX MIN AVG DEP HDD CDD  WTR  SNW DPTH SPD SPD DIR MIN PSBL S-S WX    SPD DR
================================================================================

 1  85  60  73   5   0   8 0.00  0.0    0  5.2 17 340   M    M   0        21 350
 2  76  61  69   1   0   4 0.00  0.0    0  7.2 18 350   M    M   2        23 350
 3  79  61  70   2   0   5 0.00  0.0    0  6.4 17 340   M    M   4        22 340
 4  78  62  70   2   0   5 0.00  0.0    0  6.3 16 350   M    M   4        21 340
 5  76  61  69   1   0   4 0.00  0.0    0  7.2 17 350   M    M   4        21 340
 6  75  59  67  -1   0   2 0.00  0.0    0  5.2 15 340   M    M   4 8      21 340
 7  72  59  66  -2   0   1 0.00  0.0    0  5.4 16 340   M    M   4        21 310
 8  69  56  63  -5   2   0 0.00  0.0    0  7.1 21 350   M    M   5        24 350
 9  75  54  65  -3   0   0 0.00  0.0    0  3.6 14 350   M    M   3        17 350
10  86  57  72   4   0   7 0.00  0.0    0  3.6 14 320   M    M   2 18     16 320
11  85  59  72   4   0   7 0.00  0.0    0  4.4 14 340   M    M   1        16 330
12  81  60  71   3   0   6 0.00  0.0    0  4.0 13 340   M    M   1        15 320
13  79  61  70   2   0   5 0.00  0.0    0  3.8 15 350   M    M   2        20 330
14  78  61  70   2   0   5 0.00  0.0    0  4.9 14 330   M    M   2        21 350
15  77  60  69   1   0   4 0.00  0.0    0  5.9 22 350   M    M   2        24 350
16  82  57  70   2   0   5 0.00  0.0    0  6.0 18 350   M    M   0        22 340
17  84  63  74   6   0   9 0.00  0.0    0  6.1 20 350   M    M   4        23 350
18  83  66  75   7   0  10    T  0.0    0  6.8 17 350   M    M   7        20 320
19  75  62  69   1   0   4 0.00  0.0    0  5.8 20 340   M    M   4        24 340
20  77  63  70   3   0   5 0.00  0.0    0  5.8 20 350   M    M   5        23 350
21  74  64  69   2   0   4 0.00  0.0    0  5.8 21 350   M    M   6        24 350
================================================================================
SM 1646 1266         2 100    T      0.0 116.5          M       66
================================================================================
AV 78.4 60.3                               5.5 FASTST   M    M   3    MAX(MPH)
                                 MISC ---->  # 22 350               # 24  350
================================================================================
NOTES:
# LAST OF SEVERAL OCCURRENCES

COLUMN 17 PEAK WIND IN M.P.H.

PRELIMINARY LOCAL CLIMATOLOGICAL DATA (WS FORM: F-6) , PAGE 2

                                          STATION:  MOFFETT FIELD
                                          MONTH:    SEPTEMBER
                                          YEAR:     2014
                                          LATITUDE:   37 25 N
                                          LONGITUDE: 122  3 W

[TEMPERATURE DATA]      [PRECIPITATION DATA]       SYMBOLS USED IN COLUMN 16

AVERAGE MONTHLY: 69.3   TOTAL FOR MONTH:      T    1 = FOG OR MIST
DPTR FM NORMAL:   1.4   DPTR FM NORMAL:   -0.10    2 = FOG REDUCING VISIBILITY
HIGHEST:    86 ON 10    GRTST 24HR  0.04 ON 15-16      TO 1/4 MILE OR LESS
LOWEST:     54 ON  9                               3 = THUNDER
                        SNOW, ICE PELLETS, HAIL    4 = ICE PELLETS
                        TOTAL MONTH:   0.0 INCH    5 = HAIL
                        GRTST 24HR     0.0         6 = FREEZING RAIN OR DRIZZLE
                        GRTST DEPTH:   0           7 = DUSTSTORM OR SANDSTORM:
                                                       VSBY 1/2 MILE OR LESS
                                                   8 = SMOKE OR HAZE
[NO. OF DAYS WITH]      [WEATHER - DAYS WITH]      9 = BLOWING SNOW
                                                   X = TORNADO
MAX 32 OR BELOW:   0    0.01 INCH OR MORE:   0
MAX 90 OR ABOVE:   0    0.10 INCH OR MORE:   0
MIN 32 OR BELOW:   0    0.50 INCH OR MORE:   0
MIN  0 OR BELOW:   0    1.00 INCH OR MORE:   0

[HDD (BASE 65) ]
TOTAL THIS MO.     2    CLEAR  (SCALE 0-3)  10
DPTR FM NORMAL    -3    PTCLDY (SCALE 4-7)  11
TOTAL FM JUL 1     2    CLOUDY (SCALE 8-10)  0
DPTR FM NORMAL   -18

[CDD (BASE 65) ]
TOTAL THIS MO.   100
DPTR FM NORMAL    29    [PRESSURE DATA]
TOTAL FM JAN 1   542    HIGHEST SLP M ON M
DPTR FM NORMAL   138    LOWEST  SLP 29.70 ON  3

[REMARKS]
