000
CXUS51 KOKX 260702
CF6NYC
PRELIMINARY LOCAL CLIMATOLOGICAL DATA (WS FORM: F-6)

                                          STATION:   CENTRAL PARK NY
                                          MONTH:     JUNE
                                          YEAR:      2017
                                          LATITUDE:   40 46 N
                                          LONGITUDE:  73 58 W

  TEMPERATURE IN F:       :PCPN:    SNOW:  WIND      :SUNSHINE: SKY     :PK WND
================================================================================
1   2   3   4   5  6A  6B    7    8   9   10  11  12  13   14  15   16   17  18
                                     12Z  AVG MX 2MIN
DY MAX MIN AVG DEP HDD CDD  WTR  SNW DPTH SPD SPD DIR MIN PSBL S-S WX    SPD DR
================================================================================

 1  79  59  69   2   0   4    T  0.0    0  3.8 13 280   M    M   2        22 270
 2  76  57  67   0   0   2 0.01  0.0    0  4.4 16 280   M    M   1        24 260
 3  73  55  64  -4   1   0 0.01  0.0    0  3.5 13 300   M    M   3        24 320
 4  70  56  63  -5   2   0 0.09  0.0    0  2.3  8 180   M    M   5 18     14 150
 5  67  58  63  -5   2   0 0.02  0.0    0  4.8 16  70   M    M   7 18     22  60
 6  58  52  55 -14  10   0 0.06  0.0    0  7.1 13  80   M    M  10 1      19  60
 7  67  51  59 -10   6   0 0.00  0.0    0  3.4 12  50   M    M   7        17  60
 8  69  55  62  -7   3   0 0.00  0.0    0  3.7  9 160   M    M   0        15 140
 9  80  53  67  -3   0   2 0.00  0.0    0  4.6 13 280   M    M   1        21 300
10  85  66  76   6   0  11 0.00  0.0    0  3.6 14 250   M    M   2        23 260
11  90  72  81  11   0  16 0.00  0.0    0  5.1 14 270   M    M   0        26 270
12  93  76  85  14   0  20 0.00  0.0    0  3.9 12 270   M    M   0        18 260
13  94  77  86  15   0  21    T  0.0    0  3.2 10 250   M    M   1        20 250
14  84  69  77   6   0  12 0.29  0.0    0  4.7 13  50   M    M   4 1      19  50
15  76  64  70  -2   0   5 0.00  0.0    0  4.2 12 170   M    M   2        19 160
16  68  63  66  -6   0   1 0.00  0.0    0  5.2 10 120   M    M   8 18     17 120
17  74  66  70  -2   0   5 1.39  0.0    0  2.2  7 170   M    M  10 18     11 140
18  85  70  78   6   0  13    T  0.0    0  3.5 10 180   M    M   6 1      21 170
19  88  70  79   6   0  14 1.35  0.0    0  3.8 13 250   M    M   4 128    34 290
20  83  71  77   4   0  12 0.03  0.0    0  5.1 15 290   M    M   3 1      24 250
21  83  71  77   4   0  12 0.00  0.0    0  4.6 13 270   M    M   1        23 270
22  83  68  76   3   0  11 0.00  0.0    0  2.2  8 240   M    M   0        19 180
23  83  76  80   6   0  15 0.04  0.0    0  4.8 15 240   M    M   4 1      26 270
24  84  71  78   4   0  13 1.29  0.0    0  5.3 17 290   M    M   3 1      28 280
25  83  68  76   2   0  11 0.00  0.0    0  2.5 12 350   M    M   4        22 280
================================================================================
SM 1975 1614        24 200  4.58     0.0 101.5          M       88
================================================================================
AV 79.0 64.6                               4.1 FASTST   M    M   4    MAX(MPH)
                                 MISC ---->  # 17 290               # 34  290
================================================================================
NOTES:
# LAST OF SEVERAL OCCURRENCES

COLUMN 17 PEAK WIND IN M.P.H.

PRELIMINARY LOCAL CLIMATOLOGICAL DATA (WS FORM: F-6) , PAGE 2

                                          STATION:  CENTRAL PARK NY
                                          MONTH:    JUNE
                                          YEAR:     2017
                                          LATITUDE:   40 46 N
                                          LONGITUDE:  73 58 W

[TEMPERATURE DATA]      [PRECIPITATION DATA]       SYMBOLS USED IN COLUMN 16

AVERAGE MONTHLY: 71.8   TOTAL FOR MONTH:   4.58    1 = FOG OR MIST
DPTR FM NORMAL:   1.0   DPTR FM NORMAL:    0.80    2 = FOG REDUCING VISIBILITY
HIGHEST:    94 ON 13    GRTST 24HR  1.39 ON 17-17      TO 1/4 MILE OR LESS
LOWEST:     51 ON  7                               3 = THUNDER
                        SNOW, ICE PELLETS, HAIL    4 = ICE PELLETS
                        TOTAL MONTH:   0.0 INCH    5 = HAIL
                        GRTST 24HR     0.0         6 = FREEZING RAIN OR DRIZZLE
                        GRTST DEPTH:   0           7 = DUSTSTORM OR SANDSTORM:
                                                       VSBY 1/2 MILE OR LESS
                                                   8 = SMOKE OR HAZE
[NO. OF DAYS WITH]      [WEATHER - DAYS WITH]      9 = BLOWING SNOW
                                                   X = TORNADO
MAX 32 OR BELOW:   0    0.01 INCH OR MORE:  11
MAX 90 OR ABOVE:   3    0.10 INCH OR MORE:   4
MIN 32 OR BELOW:   0    0.50 INCH OR MORE:   3
MIN  0 OR BELOW:   0    1.00 INCH OR MORE:   3

[HDD (BASE 65) ]
TOTAL THIS MO.    24    CLEAR  (SCALE 0-3)  14
DPTR FM NORMAL     7    PTCLDY (SCALE 4-7)   8
TOTAL FM JUL 1  4226    CLOUDY (SCALE 8-10)  3
DPTR FM NORMAL  -522

[CDD (BASE 65) ]
TOTAL THIS MO.   200
DPTR FM NORMAL    37    [PRESSURE DATA]
TOTAL FM JAN 1   289    HIGHEST SLP M ON M
DPTR FM NORMAL    57    LOWEST  SLP 29.55 ON 24

[REMARKS]
