000
CXUS56 KMTR 241000
CF6OAK
PRELIMINARY LOCAL CLIMATOLOGICAL DATA (WS FORM: F-6)

                                          STATION:   OAKLAND AIRPORT
                                          MONTH:     AUGUST
                                          YEAR:      2016
                                          LATITUDE:   37 43 N
                                          LONGITUDE: 122 13 W

  TEMPERATURE IN F:       :PCPN:    SNOW:  WIND      :SUNSHINE: SKY     :PK WND
================================================================================
1   2   3   4   5  6A  6B    7    8   9   10  11  12  13   14  15   16   17  18
                                     12Z  AVG MX 2MIN
DY MAX MIN AVG DEP HDD CDD  WTR  SNW DPTH SPD SPD DIR MIN PSBL S-S WX    SPD DR
================================================================================

 1  72  58  65   2   0   0 0.00  0.0    0 11.2 20 290   M    M   6        23 300
 2  71  57  64   1   1   0 0.00  0.0    0 10.2 20 290   M    M   5        23 280
 3  72  55  64   1   1   0 0.00  0.0    0 10.2 23 300   M    M   4        26 300
 4  66  58  62  -1   3   0    T  0.0    0 11.9 18 280   M    M  10         M  M
 5  68  57  63   0   2   0 0.00  0.0    0 11.9 21 290   M    M   7        23 290
 6  67  57  62  -1   3   0 0.00  0.0    0 11.5 20 290   M    M   7        24 270
 7  71  57  64   1   1   0 0.00  0.0    0 10.2 17 270   M    M   6        20 280
 8  73  57  65   2   0   0 0.00  0.0    0  9.4 22 270   M    M   5        25 270
 9  74  57  66   3   0   1 0.00  0.0    0  9.8 21 290   M    M   5        24 300
10  73  56  65   1   0   0 0.00  0.0    0  9.4 22 300   M    M   5        26 310
11  72  58  65   1   0   0 0.00  0.0    0  8.7 21 300   M    M   5 18     25 290
12  71  58  65   1   0   0 0.00  0.0    0  8.4 17 300   M    M   5 1      21 290
13  75  56  66   2   0   1 0.00  0.0    0  8.7 18 290   M    M   4 1      22 290
14  71  57  64   0   1   0 0.00  0.0    0 11.5 21 280   M    M   5        23 290
15  69  56  63  -1   2   0 0.00  0.0    0 10.0 20 290   M    M   7        22 290
16  70  57  64   0   1   0 0.00  0.0    0  9.8 21 290   M    M   6 1      24 290
17  70  57  64   0   1   0 0.00  0.0    0 10.5 21 290   M    M   6        24 290
18  72  59  66   2   0   1 0.00  0.0    0 10.3 20 300   M    M   5        23 290
19  70  59  65   1   0   0 0.00  0.0    0 10.0 18 300   M    M   4 8      24 310
20  69  60  65   1   0   0 0.00  0.0    0 10.3 21 290   M    M   6        24 290
21  70  60  65   0   0   0 0.00  0.0    0 11.3 22 290   M    M   6        30 220
22  69  59  64  -1   1   0 0.00  0.0    0 11.4 22 280   M    M   7        26 280
23  71  60  66   1   0   1 0.00  0.0    0 10.1 21 290   M    M   6        24 310
================================================================================
SM 1626 1325        17   4    T      0.0 236.7          M      132
================================================================================
AV 70.7 57.6                              10.3 FASTST   M    M   6    MAX(MPH)
                                 MISC ---->  # 23 300               # 30  220
================================================================================
NOTES:
# LAST OF SEVERAL OCCURRENCES

COLUMN 17 PEAK WIND IN M.P.H.

PRELIMINARY LOCAL CLIMATOLOGICAL DATA (WS FORM: F-6) , PAGE 2

                                          STATION:  OAKLAND AIRPORT
                                          MONTH:    AUGUST
                                          YEAR:     2016
                                          LATITUDE:   37 43 N
                                          LONGITUDE: 122 13 W

[TEMPERATURE DATA]      [PRECIPITATION DATA]       SYMBOLS USED IN COLUMN 16

AVERAGE MONTHLY: 64.2   TOTAL FOR MONTH:      T    1 = FOG OR MIST
DPTR FM NORMAL:   0.4   DPTR FM NORMAL:   -0.02    2 = FOG REDUCING VISIBILITY
HIGHEST:    75 ON 13    GRTST 24HR    T  ON  4- 4      TO 1/4 MILE OR LESS
LOWEST:     55 ON  3                               3 = THUNDER
                        SNOW, ICE PELLETS, HAIL    4 = ICE PELLETS
                        TOTAL MONTH:   0.0 INCH    5 = HAIL
                        GRTST 24HR     0.0         6 = FREEZING RAIN OR DRIZZLE
                        GRTST DEPTH:   0           7 = DUSTSTORM OR SANDSTORM:
                                                       VSBY 1/2 MILE OR LESS
                                                   8 = SMOKE OR HAZE
[NO. OF DAYS WITH]      [WEATHER - DAYS WITH]      9 = BLOWING SNOW
                                                   X = TORNADO
MAX 32 OR BELOW:   0    0.01 INCH OR MORE:   0
MAX 90 OR ABOVE:   0    0.10 INCH OR MORE:   0
MIN 32 OR BELOW:   0    0.50 INCH OR MORE:   0
MIN  0 OR BELOW:   0    1.00 INCH OR MORE:   0

[HDD (BASE 65) ]
TOTAL THIS MO.    17    CLEAR  (SCALE 0-3)   0
DPTR FM NORMAL   -30    PTCLDY (SCALE 4-7)  22
TOTAL FM JUL 1    53    CLOUDY (SCALE 8-10)  1
DPTR FM NORMAL   -77

[CDD (BASE 65) ]
TOTAL THIS MO.     4
DPTR FM NORMAL   -11    [PRESSURE DATA]
TOTAL FM JAN 1    87    HIGHEST SLP M ON M
DPTR FM NORMAL    20    LOWEST  SLP 29.79 ON 17

[REMARKS]
