000
CXUS53 KOAX 251000
CF6OAX
PRELIMINARY LOCAL CLIMATOLOGICAL DATA (WS FORM: F-6)

                                          STATION:   VALLEY  NWS, NEBRASKA
                                          MONTH:     JULY
                                          YEAR:      2014
                                          LATITUDE:   41 19 N
                                          LONGITUDE:  96 22 W

  TEMPERATURE IN F:       :PCPN:    SNOW:  WIND      :SUNSHINE: SKY     :PK WND
================================================================================
1   2   3   4   5  6A  6B    7    8   9   10  11  12  13   14  15   16   17  18
                                     12Z  AVG MX 2MIN
DY MAX MIN AVG DEP HDD CDD  WTR  SNW DPTH SPD SPD DIR MIN PSBL S-S WX    SPD DR
================================================================================

 1  78  60  69  -7   0   4 0.00  0.0    0   M   M   M   M    M   M        37  M
 2  73  57  65 -11   0   0    T  0.0    0   M   M   M   M    M   M        28  M
 3  78  52  65 -11   0   0 0.00  0.0    0   M   M   M   M    M   M        15  M
 4  81  63  72  -4   0   7 0.00  0.0    0   M   M   M   M    M   M        29  M
 5  86  67  77   1   0  12 0.62  0.0    0   M   M   M   M    M   M 3      25  M
 6  94  71  83   7   0  18 0.00  0.0    0   M   M   M 999    M   M        23  M
 7  88  68  78   2   0  13 0.11  0.0    0   M   M   M   M    M   M 3      21  M
 8  81  63  72  -4   0   7 0.00  0.0    0   M   M   M   M    M   M        28  M
 9  81  60  71  -5   0   6 0.01  0.0    0   M   M   M   M    M   M        23  M
10  84  65  75  -2   0  10 0.00  0.0    0   M   M   M   M    M   M        29  M
11  85  70  78   1   0  13 0.00  0.0    0   M   M   M   M    M   M        25  M
12  85  69  77   0   0  12 0.00  0.0    0   M   M   M   M    M   M        23  M
13  86  65  76  -1   0  11 0.00  0.0    0   M   M   M   M    M   M        17  M
14  74  55  65 -12   0   0 0.00  0.0    0   M   M   M   M    M   M        33  M
15  74  54  64 -13   1   0 0.09  0.0    0   M   M   M   M    M   M        24  M
16  75  54  65 -12   0   0 0.00  0.0    0   M   M   M   M    M   M        10  M
17  78  57  68  -9   0   3 0.00  0.0    0   M   M   M   M    M   M        14  M
18  76  60  68  -9   0   3 0.00  0.0    0   M   M   M   M    M   M        23  M
19  81  62  72  -5   0   7 0.00  0.0    0   M   M   M   M    M   M        26  M
20  87  66  77   0   0  12 0.00  0.0    0   M   M   M   M    M   M        28  M
21  94  73  84   7   0  19 0.00  0.0    0   M   M   M   M    M   M        24  M
22  91  71  81   4   0  16 0.00  0.0    0   M   M   M   M    M   M        31  M
23  84  63  74  -3   0   9 0.00  0.0    0   M   M   M   M    M   M        16  M
24  83  67  75  -2   0  10 0.00  0.0    0   M   M   M   M    M   M 3      31  M
================================================================================
SM 1977 1512         1 192  0.83     0.0     M          999      M
================================================================================
AV 82.4 63.0                                 M FASTST  999   M   5    MAX(MPH)
                                 MISC ---->     M   M                 37    M
================================================================================
NOTES:
# LAST OF SEVERAL OCCURRENCES

COLUMN 17 PEAK WIND IN M.P.H.

PRELIMINARY LOCAL CLIMATOLOGICAL DATA (WS FORM: F-6) , PAGE 2

                                          STATION:  VALLEY  NWS, NEBRASKA
                                          MONTH:    JULY
                                          YEAR:     2014
                                          LATITUDE:   41 19 N
                                          LONGITUDE:  96 22 W

[TEMPERATURE DATA]      [PRECIPITATION DATA]       SYMBOLS USED IN COLUMN 16

AVERAGE MONTHLY: 72.7   TOTAL FOR MONTH:   0.83    1 = FOG OR MIST
DPTR FM NORMAL:  -3.9   DPTR FM NORMAL:   -2.65    2 = FOG REDUCING VISIBILITY
HIGHEST:    94 ON 21, 6 GRTST 24HR  0.62 ON  5- 5      TO 1/4 MILE OR LESS
LOWEST:     52 ON  3                               3 = THUNDER
                        SNOW, ICE PELLETS, HAIL    4 = ICE PELLETS
                        TOTAL MONTH:   0.0 INCH    5 = HAIL
                        GRTST 24HR     0.0         6 = FREEZING RAIN OR DRIZZLE
                        GRTST DEPTH:   0           7 = DUSTSTORM OR SANDSTORM:
                                                       VSBY 1/2 MILE OR LESS
                                                   8 = SMOKE OR HAZE
[NO. OF DAYS WITH]      [WEATHER - DAYS WITH]      9 = BLOWING SNOW
                                                   X = TORNADO
MAX 32 OR BELOW:   0    0.01 INCH OR MORE:   4
MAX 90 OR ABOVE:   3    0.10 INCH OR MORE:   2
MIN 32 OR BELOW:   0    0.50 INCH OR MORE:   1
MIN  0 OR BELOW:   0    1.00 INCH OR MORE:   0

[HDD (BASE 65) ]
TOTAL THIS MO.     1    CLEAR  (SCALE 0-3)   0
DPTR FM NORMAL     1    PTCLDY (SCALE 4-7)   0
TOTAL FM JUL 1     1    CLOUDY (SCALE 8-10)  0
DPTR FM NORMAL     1

[CDD (BASE 65) ]
TOTAL THIS MO.   192
DPTR FM NORMAL   -88    [PRESSURE DATA]
TOTAL FM JAN 1   562    HIGHEST SLP M ON M
DPTR FM NORMAL   -24    LOWEST  SLP M ON M

[REMARKS]
