000
CXUS54 KMAF 241100
CF6ODO
PRELIMINARY LOCAL CLIMATOLOGICAL DATA (WS FORM: F-6)

                                          STATION:   Odessa Schleymeyer
                                          MONTH:     APRIL
                                          YEAR:      2017
                                          LATITUDE:   31 55 N
                                          LONGITUDE: 102 23 W

  TEMPERATURE IN F:       :PCPN:    SNOW:  WIND      :SUNSHINE: SKY     :PK WND
================================================================================
1   2   3   4   5  6A  6B    7    8   9   10  11  12  13   14  15   16   17  18
                                     12Z  AVG MX 2MIN
DY MAX MIN AVG DEP HDD CDD  WTR  SNW DPTH SPD SPD DIR MIN PSBL S-S WX    SPD DR
================================================================================

 1  73  50  62   1   3   0 0.00  0.0    0 16.3 28  40   M    M   0        35  30
 2  59  45  52 -10  13   0 0.73    M    0 12.4 23  20   M    M   0 1      30  30
 3  82  48  65   3   0   0 0.00  0.0    0 11.2 24 280   M    M   0        28 290
 4  78  45  62   0   3   0 0.00  0.0    0 20.9 41 280   M    M   0        50 280
 5  68  39  54  -8  11   0 0.00  0.0    0  8.1 18  10   M    M   0        24  20
 6  76  48  62   0   3   0 0.00  0.0    0 11.3 21 160   M    M   0        29 190
 7  82  49  66   3   0   1 0.00  0.0    0 14.5 21 180   M    M   0        30 190
 8  94  58  76  13   0  11 0.00  0.0    0 14.6 28 240   M    M   0        34 250
 9  92  62  77  14   0  12 0.00  0.0    0 16.1 37 280   M    M   0        46 270
10  78  60  69   5   0   4 0.00  0.0    0 11.2 23  50   M    M   0        27  50
11  80  56  68   4   0   3 0.00  0.0    0 14.0 22 130   M    M   5        28 110
12  71  56  64   0   1   0 1.61  0.0    0 15.1 31  80   M    M   5 13     38  90
13  76  56  66   2   0   1    T  0.0    0 12.6 29  80   M    M   6 1      32  90
14  79  62  71   6   0   6 0.00  0.0    0 17.9 26 170   M    M   4        35 160
15  86  62  74   9   0   9 0.00  0.0    0 13.6 24 150   M    M   1        29 140
16  87  64  76  11   0  11 0.05  0.0    0 12.6 29 120   M    M   2 3      34 120
17  83  58  71   5   0   6 0.00  0.0    0  9.3 18 130   M    M   0        22 130
18  88  61  75   9   0  10 0.00  0.0    0  9.7 16 130   M    M   2 18     23  70
19  92  62  77  11   0  12 0.00  0.0    0 12.1 23 190   M    M   0        27 190
20  88  64  76  10   0  11 0.00  0.0    0  8.9 21 180   M    M   0        26 190
21  90  61  76   9   0  11    T  0.0    0 12.1 32  60   M    M   0        39  60
22  67  50  59  -8   6   0    T  0.0    0 15.9 33  70   M    M   5        39  80
23  72  44  58  -9   7   0 0.00  0.0    0  7.4 15 170   M    M   0        19  70
================================================================================
SM 1841 1260        47 108  2.39     0.0 297.8          M       30
================================================================================
AV 80.0 54.8                              12.9 FASTST   M    M   1    MAX(MPH)
                                 MISC ---->  # 41 280               # 50  280
================================================================================
NOTES:
# LAST OF SEVERAL OCCURRENCES

COLUMN 17 PEAK WIND IN M.P.H.

PRELIMINARY LOCAL CLIMATOLOGICAL DATA (WS FORM: F-6) , PAGE 2

                                          STATION:  Odessa Schleymeyer
                                          MONTH:    APRIL
                                          YEAR:     2017
                                          LATITUDE:   31 55 N
                                          LONGITUDE: 102 23 W

[TEMPERATURE DATA]      [PRECIPITATION DATA]       SYMBOLS USED IN COLUMN 16

AVERAGE MONTHLY: 67.4   TOTAL FOR MONTH:   2.39    1 = FOG OR MIST
DPTR FM NORMAL:   3.2   DPTR FM NORMAL:    1.73    2 = FOG REDUCING VISIBILITY
HIGHEST:    94 ON  8    GRTST 24HR  1.61 ON 12-12      TO 1/4 MILE OR LESS
LOWEST:     39 ON  5                               3 = THUNDER
                        SNOW, ICE PELLETS, HAIL    4 = ICE PELLETS
                        TOTAL MONTH:   0.0 INCH    5 = HAIL
                        GRTST 24HR     0.0         6 = FREEZING RAIN OR DRIZZLE
                        GRTST DEPTH:   0           7 = DUSTSTORM OR SANDSTORM:
                                                       VSBY 1/2 MILE OR LESS
                                                   8 = SMOKE OR HAZE
[NO. OF DAYS WITH]      [WEATHER - DAYS WITH]      9 = BLOWING SNOW
                                                   X = TORNADO
MAX 32 OR BELOW:   0    0.01 INCH OR MORE:   3
MAX 90 OR ABOVE:   4    0.10 INCH OR MORE:   2
MIN 32 OR BELOW:   0    0.50 INCH OR MORE:   2
MIN  0 OR BELOW:   0    1.00 INCH OR MORE:   1

[HDD (BASE 65) ]
TOTAL THIS MO.    47    CLEAR  (SCALE 0-3)  18
DPTR FM NORMAL   -39    PTCLDY (SCALE 4-7)   5
TOTAL FM JUL 1  1639    CLOUDY (SCALE 8-10)  0
DPTR FM NORMAL  -822

[CDD (BASE 65) ]
TOTAL THIS MO.   108
DPTR FM NORMAL    41    [PRESSURE DATA]
TOTAL FM JAN 1   227    HIGHEST SLP M ON M
DPTR FM NORMAL   133    LOWEST  SLP 29.52 ON  1

[REMARKS]
