000
CXUS53 KGID 250730
CF6ODX
PRELIMINARY LOCAL CLIMATOLOGICAL DATA (WS FORM: F-6)

                                          STATION:   ORD NE
                                          MONTH:     MAY
                                          YEAR:      2016
                                          LATITUDE:   41 37 N
                                          LONGITUDE:  98 57 W

  TEMPERATURE IN F:       :PCPN:    SNOW:  WIND      :SUNSHINE: SKY     :PK WND
================================================================================
1   2   3   4   5  6A  6B    7    8   9   10  11  12  13   14  15   16   17  18
                                     12Z  AVG MX 2MIN
DY MAX MIN AVG DEP HDD CDD  WTR  SNW DPTH SPD SPD DIR MIN PSBL S-S WX    SPD DR
================================================================================

 1  55  36  46  -8  19   0 0.22    M    M 14.1 23  30   M    M   8 1      33  20
 2  60  30  45  -9  20   0 0.00    M    M  3.6  9 210   M    M   1        13 350
 3  70  34  52  -3  13   0 0.00    M    M  7.0 18 320   M    M   1        23 330
 4  71  40  56   1   9   0 0.00    M    M  8.8 21 350   M    M   0        26 350
 5  80  36  58   3   7   0 0.00    M    M  6.4 15 180   M    M   0        18 170
 6  83  51  67  11   0   2 0.00    M    M  9.6 25 200   M    M   0        31 200
 7  72  52  62   6   3   0 0.02    M    M 12.9 23  60   M    M   2 8      29  80
 8  74  49  62   6   3   0 1.27    M    M 10.9 33  60   M    M   7 1      41  60
 9  69  47  58   1   7   0 0.01    M    M  5.2 16 110   M    M   3 1      21 120
10  77  50  64   7   1   0 0.26    M    M  9.2 26 330   M    M   3 1      33 330
11  67  45  56  -2   9   0 0.65    M    M 10.6 25 310   M    M   2 1      33 310
12  70  40  55  -3  10   0 0.00    M    M  9.9 29 320   M    M   0        37 330
13  61  38  50  -8  15   0 0.00    M    M 16.2 36 350   M    M   1        46 350
14  58  31  45 -14  20   0 0.00    M    M  8.6 20 350   M    M   0        26 350
15  58  32  45 -14  20   0 0.00    M    M  6.6 18 220   M    M   5        25 220
16  53  40  47 -12  18   0 0.43    M    M  6.9 15  60   M    M   8 1      19  70
17  68  38  53  -7  12   0 0.00    M    M  6.4 15  40   M    M   1        18 360
18  70  35  53  -7  12   0 0.00    M    M  4.6 14 210   M    M   1        19 190
19  68  46  57  -3   8   0 0.00    M    M 14.5 25 180   M    M   6        32 180
20  63  47  55  -6  10   0 0.00    M    M 11.1 20 140   M    M   9        25 140
21  70  54  62   1   3   0 0.00    M    M 13.8 24 140   M    M   9        32 160
22  79  59  69   8   0   4 0.00    M    M 17.3 29 170   M    M   9        39 170
23  78  55  67   5   0   2 0.36    M    M  7.4 21 320   M    M   5 138    27 170
24  82  50  66   4   0   1 0.00    M    M  6.1 15 130   M    M   1 12     22 230
================================================================================
SM 1656 1035       219   9  3.22    M    227.7          M       82
================================================================================
AV 69.0 43.1                               9.5 FASTST   M    M   3    MAX(MPH)
                                 MISC ---->  # 36 350               # 46  350
================================================================================
NOTES:
# LAST OF SEVERAL OCCURRENCES

COLUMN 17 PEAK WIND IN M.P.H.

PRELIMINARY LOCAL CLIMATOLOGICAL DATA (WS FORM: F-6) , PAGE 2

                                          STATION:  ORD NE
                                          MONTH:    MAY
                                          YEAR:     2016
                                          LATITUDE:   41 37 N
                                          LONGITUDE:  98 57 W

[TEMPERATURE DATA]      [PRECIPITATION DATA]       SYMBOLS USED IN COLUMN 16

AVERAGE MONTHLY: 56.1   TOTAL FOR MONTH:   3.22    1 = FOG OR MIST
DPTR FM NORMAL:  -2.0   DPTR FM NORMAL:    0.43    2 = FOG REDUCING VISIBILITY
HIGHEST:    83 ON  6    GRTST 24HR  1.42 ON 30- 1      TO 1/4 MILE OR LESS
LOWEST:     30 ON  2                               3 = THUNDER
                        SNOW, ICE PELLETS, HAIL    4 = ICE PELLETS
                        TOTAL MONTH:    M          5 = HAIL
                        GRTST 24HR    M  ON   M    6 = FREEZING RAIN OR DRIZZLE
                        GRTST DEPTH:  M  ON   M    7 = DUSTSTORM OR SANDSTORM:
                                                       VSBY 1/2 MILE OR LESS
                                                   8 = SMOKE OR HAZE
[NO. OF DAYS WITH]      [WEATHER - DAYS WITH]      9 = BLOWING SNOW
                                                   X = TORNADO
MAX 32 OR BELOW:   0    0.01 INCH OR MORE:   8
MAX 90 OR ABOVE:   0    0.10 INCH OR MORE:   6
MIN 32 OR BELOW:   3    0.50 INCH OR MORE:   2
MIN  0 OR BELOW:   0    1.00 INCH OR MORE:   1

[HDD (BASE 65) ]
TOTAL THIS MO.   219    CLEAR  (SCALE 0-3)  15
DPTR FM NORMAL    28    PTCLDY (SCALE 4-7)   4
TOTAL FM JUL 1  5686    CLOUDY (SCALE 8-10)  5
DPTR FM NORMAL  -858

[CDD (BASE 65) ]
TOTAL THIS MO.     9
DPTR FM NORMAL   -16    [PRESSURE DATA]
TOTAL FM JAN 1     9    HIGHEST SLP M ON M
DPTR FM NORMAL   -18    LOWEST  SLP 29.44 ON  9

[REMARKS]
