000
CXUS55 KGGW 180800
CF6OLF
PRELIMINARY LOCAL CLIMATOLOGICAL DATA (WS FORM: F-6)

                                          STATION:   WOLF POINT MT
                                          MONTH:     FEBRUARY
                                          YEAR:      2018
                                          LATITUDE:   48  5 N
                                          LONGITUDE: 105 35 W

  TEMPERATURE IN F:       :PCPN:    SNOW:  WIND      :SUNSHINE: SKY     :PK WND
================================================================================
1   2   3   4   5  6A  6B    7    8   9   10  11  12  13   14  15   16   17  18
                                     12Z  AVG MX 2MIN
DY MAX MIN AVG DEP HDD CDD  WTR  SNW DPTH SPD SPD DIR MIN PSBL S-S WX    SPD DR
================================================================================

 1   7 -15  -4 -18  69   0    T    M    0  3.8 10  70   M    M   4        13  80
 2  17   4  11  -3  54   0    T    M    0  8.3 22  70   M    M  10 8      25  70
 3  11  -8   2 -12  63   0    T    M    0 11.8 20  40   M    M   9 8      23  40
 4   2 -17  -7 -21  72   0 0.00  0.0    0  4.6 12 260   M    M   1        14 260
 5   9 -18  -4 -19  69   0 0.00  0.0    0  4.6 14 340   M    M   3        16 340
 6   9 -21  -6 -21  71   0 0.00  0.0    0  8.2 24 260   M    M   2 8      29 260
 7  11 -19  -4 -19  69   0    T    M    0  4.2 10  90   M    M   6 18     12  80
 8   9 -11  -1 -16  66   0 0.01    M    0 10.3 18  40   M    M   9 8      23  50
 9  -6 -26 -16 -32  81   0 0.00  0.0    0  7.7 17 260   M    M   1 8      21 260
10  -1 -21 -11 -27  76   0 0.00  0.0    0 11.3 23 250   M    M   2 8      26 250
11  11 -27  -8 -24  73   0 0.03    M    0  6.6 22 360   M    M   4 18     25 360
12  -8 -36 -22 -39  87   0    T    M    0  2.0  7 200   M    M   0 18      7 200
13  18 -26  -4 -21  69   0 0.00  0.0    0  4.7 14 240   M    M   0        18 240
14  39   3  21   4  44   0    T    M    0 12.1 36  10   M    M   4 89     43  10
15  15 -15   0 -18  65   0 0.00  0.0    0 11.1 26  10   M    M   6 8      32  20
16  25 -16   5 -13  60   0 0.00  0.0    0  5.3 13 240   M    M   4        14 240
17  20   2  11  -7  54   0    T    M    0  9.4 21  70   M    M   6        24  70
================================================================================
SM  188 -267      1142   0  0.04     0.0 126.0          M       71
================================================================================
AV 11.1-15.7                               7.4 FASTST   M    M   4    MAX(MPH)
                                 MISC ---->  # 36  10               # 43   10
================================================================================
NOTES:
# LAST OF SEVERAL OCCURRENCES

COLUMN 17 PEAK WIND IN M.P.H.

PRELIMINARY LOCAL CLIMATOLOGICAL DATA (WS FORM: F-6) , PAGE 2

                                          STATION:  WOLF POINT MT
                                          MONTH:    FEBRUARY
                                          YEAR:     2018
                                          LATITUDE:   48  5 N
                                          LONGITUDE: 105 35 W

[TEMPERATURE DATA]      [PRECIPITATION DATA]       SYMBOLS USED IN COLUMN 16

AVERAGE MONTHLY: -2.3   TOTAL FOR MONTH:   0.04    1 = FOG OR MIST
DPTR FM NORMAL: -18.1   DPTR FM NORMAL:   -0.05    2 = FOG REDUCING VISIBILITY
HIGHEST:    39 ON 14    GRTST 24HR  0.03 ON 11-11      TO 1/4 MILE OR LESS
LOWEST:    -36 ON 12                               3 = THUNDER
                        SNOW, ICE PELLETS, HAIL    4 = ICE PELLETS
                        TOTAL MONTH:   0.0 INCH    5 = HAIL
                        GRTST 24HR     0.0         6 = FREEZING RAIN OR DRIZZLE
                        GRTST DEPTH:   0           7 = DUSTSTORM OR SANDSTORM:
                                                       VSBY 1/2 MILE OR LESS
                                                   8 = SMOKE OR HAZE
[NO. OF DAYS WITH]      [WEATHER - DAYS WITH]      9 = BLOWING SNOW
                                                   X = TORNADO
MAX 32 OR BELOW:  16    0.01 INCH OR MORE:   2
MAX 90 OR ABOVE:   0    0.10 INCH OR MORE:   0
MIN 32 OR BELOW:  17    0.50 INCH OR MORE:   0
MIN  0 OR BELOW:  14    1.00 INCH OR MORE:   0

[HDD (BASE 65) ]
TOTAL THIS MO.  1142    CLEAR  (SCALE 0-3)   7
DPTR FM NORMAL   306    PTCLDY (SCALE 4-7)   7
TOTAL FM JUL 1  6182    CLOUDY (SCALE 8-10)  3
DPTR FM NORMAL    46

[CDD (BASE 65) ]
TOTAL THIS MO.     0
DPTR FM NORMAL     0    [PRESSURE DATA]
TOTAL FM JAN 1     0    HIGHEST SLP M ON M
DPTR FM NORMAL     0    LOWEST  SLP 29.65 ON 14

[REMARKS]
