000
CXUS55 KSEW 010945
CF6OLM

PRELIMINARY LOCAL CLIMATOLOGICAL DATA (WS FORM: F-6)

                                          STATION:   OLYMPIA WA AIRPORT
                                          MONTH:     FEBRUARY
                                          YEAR:      2015
                                          LATITUDE:   46 58 N
                                          LONGITUDE: 122 54 W

  TEMPERATURE IN F:       :PCPN:    SNOW:  WIND      :SUNSHINE: SKY     :PK WND
================================================================================
1   2   3   4   5  6A  6B    7    8   9   10  11  12  13   14  15   16   17  18
                                     12Z  AVG MX 2MIN
DY MAX MIN AVG DEP HDD CDD  WTR  SNW DPTH SPD SPD DIR MIN PSBL S-S WX    SPD DR
================================================================================

 1  48  40  44   4  21   0 0.14  0.0    0  6.4 14 200   M    M   9 1      19 220
 2  53  38  46   6  19   0 0.39  0.0    0  5.7 20 240   M    M   8 12     27 240
 3  52  37  45   5  20   0 0.02  0.0    0  3.0  9 210   M    M   8 12     14 200
 4  49  40  45   5  20   0 0.47  0.0    0  1.9  7  10   M    M  10 12      9  30
 5  56  46  51  11  14   0 0.81  0.0    0 10.2 23 180   M    M  10 1      34 180
 6  56  48  52  11  13   0 0.73  0.0    0 14.1 29 190   M    M   9 1      37 180
 7  54  46  50   9  15   0 1.38  0.0    0  7.6 23 180   M    M   9 1      29 180
 8  53  39  46   5  19   0 0.42  0.0    0  5.6 16  30   M    M   7 1      22  30
 9  55  47  51  10  14   0 0.23  0.0    0  6.9 15 200   M    M   9 1      22 170
10  55  41  48   7  17   0 0.01  0.0    0  5.8 14 190   M    M   7 1      19 220
11  54  39  47   6  18   0    T  0.0    0  1.4  8  80   M    M   7 12      9  80
12  64  44  54  13  11   0 0.01  0.0    0  3.3 12 220   M    M   8 1      14 220
13  63  40  52  11  13   0    T  0.0    0  3.2 12 260   M    M   5 12     21 140
14  60  36  48   7  17   0 0.00  0.0    0  3.1 12  60   M    M   6 1      14  50
15  55  29  42   1  23   0 0.00  0.0    0  4.1 16  30   M    M   5 12     21  40
16  60  30  45   4  20   0 0.00  0.0    0  5.8 16  30   M    M   3 12     21  20
17  62  26  44   3  21   0 0.00  0.0    0  2.3 10  10   M    M   0 1      16  40
18  56  29  43   2  22   0 0.00  0.0    0  3.4  9 210   M    M   6 1      12 230
19  54  44  49   8  16   0 0.09  0.0    0  3.9 10 210   M    M  10 1      12 220
20  51  40  46   5  19   0    T  0.0    0  1.9  9 240   M    M  10 1      11 240
21  54  31  43   2  22   0 0.00  0.0    0  5.2 20  70   M    M   5 1      27  70
22  53  25  39  -3  26   0 0.00  0.0    0  2.6 13  30   M    M   2 12     17  20
23  58  22  40  -2  25   0 0.00  0.0    0  1.0  9  30   M    M   0 1      12  30
24  57  25  41  -1  24   0 0.00  0.0    0  4.7 15 260   M    M   1        23 190
25  52  33  43   1  22   0 0.02  0.0    0  3.6 10 240   M    M   9 1      15 270
26  52  46  49   7  16   0 0.11  0.0    0  2.3  8 190   M    M  10 1      12 210
27  50  44  47   5  18   0 0.45  0.0    0  7.1 17  40   M    M   9 1      23  30
28  56  30  43   1  22   0 0.00  0.0    0  7.5 18  30   M    M   0        24  40
================================================================================
SM 1542 1035       527   0  5.28     0.0 133.6          M      182
================================================================================
AV 55.1 37.0                               4.8 FASTST   M    M   7    MAX(MPH)
                                 MISC ---->  # 29 190               # 37  180
================================================================================
NOTES:
# LAST OF SEVERAL OCCURRENCES

COLUMN 17 PEAK WIND IN M.P.H.

PRELIMINARY LOCAL CLIMATOLOGICAL DATA (WS FORM: F-6) , PAGE 2

                                          STATION:  OLYMPIA WA AIRPORT
                                          MONTH:    FEBRUARY
                                          YEAR:     2015
                                          LATITUDE:   46 58 N
                                          LONGITUDE: 122 54 W

[TEMPERATURE DATA]      [PRECIPITATION DATA]       SYMBOLS USED IN COLUMN 16

AVERAGE MONTHLY: 46.0   TOTAL FOR MONTH:   5.28    1 = FOG OR MIST
DPTR FM NORMAL:   5.0   DPTR FM NORMAL:    0.01    2 = FOG REDUCING VISIBILITY
HIGHEST:    64 ON 12    GRTST 24HR  1.38 ON  7- 7      TO 1/4 MILE OR LESS
LOWEST:     22 ON 23                               3 = THUNDER
                        SNOW, ICE PELLETS, HAIL    4 = ICE PELLETS
                        TOTAL MONTH:   0.0 INCH    5 = HAIL
                        GRTST 24HR     0.0         6 = FREEZING RAIN OR DRIZZLE
                        GRTST DEPTH:   0           7 = DUSTSTORM OR SANDSTORM:
                                                       VSBY 1/2 MILE OR LESS
                                                   8 = SMOKE OR HAZE
[NO. OF DAYS WITH]      [WEATHER - DAYS WITH]      9 = BLOWING SNOW
                                                   X = TORNADO
MAX 32 OR BELOW:   0    0.01 INCH OR MORE:  15
MAX 90 OR ABOVE:   0    0.10 INCH OR MORE:  10
MIN 32 OR BELOW:   9    0.50 INCH OR MORE:   3
MIN  0 OR BELOW:   0    1.00 INCH OR MORE:   1

[HDD (BASE 65) ]
TOTAL THIS MO.   527    CLEAR  (SCALE 0-3)   6
DPTR FM NORMAL  -144    PTCLDY (SCALE 4-7)  11
TOTAL FM JUL 1  3035    CLOUDY (SCALE 8-10) 11
DPTR FM NORMAL  -687

[CDD (BASE 65) ]
TOTAL THIS MO.     0
DPTR FM NORMAL     0    [PRESSURE DATA]
TOTAL FM JAN 1     0    HIGHEST SLP M ON M
DPTR FM NORMAL     0    LOWEST  SLP 29.32 ON  6

[REMARKS]
#FINAL-02-15#
