918
CXAK56 PAFG 190045 RRA
CF6OME

PRELIMINARY LOCAL CLIMATOLOGICAL DATA (WS FORM: F-6)

                                          STATION:   NOME AK
                                          MONTH:     JANUARY
                                          YEAR:      2017
                                          LATITUDE:   64 30 N
                                          LONGITUDE: 165 26 W

  TEMPERATURE IN F:       :PCPN:    SNOW:  WIND      :SUNSHINE: SKY     :PK WND
================================================================================
1   2   3   4   5  6A  6B    7    8   9   10  11  12  13   14  15   16   17  18
                                     12Z  AVG MX 2MIN
DY MAX MIN AVG DEP HDD CDD  WTR  SNW DPTH SPD SPD DIR MIN PSBL S-S WX    SPD DR
================================================================================

 1  34  30  32  25  33   0 0.19  1.2   19 17.3 29 170   M    M  10 1      39 160
 2  32  26  29  23  36   0 0.10  0.9   20 11.5 25 170   M    M  10 1269   33 170
 3  29  21  25  19  40   0    T  0.0   18  4.6 12  90   M    M  10 126    13 100
 4  31  23  27  21  38   0 0.01  0.2   18 14.3 31 210   M    M   9 19     38 220
 5  23   6  15   9  50   0 0.00  0.0   18  6.7 22 260   M    M   6        25 260
 6  24  17  21  15  44   0    T  0.1   18 12.5 20  70   M    M  10 1      24  70
 7  18  14  16  10  49   0 0.00  0.0   18 11.5 16  70   M    M   9 1      21  70
 8  19   1  10   5  55   0 0.00  0.0   18  5.5 14  90   M    M   7 1      17 100
 9   4  -1   2  -3  63   0 0.00  0.0   18  0.6  8 360   M    M   0         8 360
10  18   0   9   4  56   0 0.01  0.3   18  0.5  6 100   M    M   7 12      6 110
11  20   0  10   5  55   0 0.01  0.3   18  4.8 20 340   M    M   7 128    22 350
12   3 -10  -3  -8  68   0 0.00  0.0   18  3.9 20 350   M    M   4        25 350
13   0  -9  -4  -9  69   0 0.00  0.0   17 13.1 25  10   M    M   4        29 350
14   0 -10  -5 -10  70   0 0.00  0.0   17  9.3 26 350   M    M   2        31 350
15  -5 -19 -12 -17  77   0 0.00  0.0   17  4.0 13 360   M    M   3        14 360
16 -13 -24 -18 -23  83   0 0.00  0.0   17  2.2  6  30   M    M   1         M  M
17 -17 -27 -22 -27  87   0 0.00  0.0   17  2.5  7  10   M    M   0         M  M
================================================================================
SM  220   38       973   0  0.32     3.0 124.8          M       99
================================================================================
AV 12.9  2.2                               7.3 FASTST   M    M   6    MAX(MPH)
                                 MISC ---->  # 31 210               # 39  160
================================================================================
NOTES:
# LAST OF SEVERAL OCCURRENCES

COLUMN 17 PEAK WIND IN M.P.H.

PRELIMINARY LOCAL CLIMATOLOGICAL DATA (WS FORM: F-6) , PAGE 2

                                          STATION:  NOME AK
                                          MONTH:    JANUARY
                                          YEAR:     2017
                                          LATITUDE:   64 30 N
                                          LONGITUDE: 165 26 W

[TEMPERATURE DATA]      [PRECIPITATION DATA]       SYMBOLS USED IN COLUMN 16

AVERAGE MONTHLY:  7.6   TOTAL FOR MONTH:   0.32    1 = FOG OR MIST
DPTR FM NORMAL:   2.1   DPTR FM NORMAL:   -0.21    2 = FOG REDUCING VISIBILITY
HIGHEST:    34 ON  1    GRTST 24HR  0.28 ON  1- 2      TO 1/4 MILE OR LESS
LOWEST:    -27 ON 17                               3 = THUNDER
                        SNOW, ICE PELLETS, HAIL    4 = ICE PELLETS
                        TOTAL MONTH:   3.0 INCHES  5 = HAIL
                        GRTST 24HR   1.2 ON   M    6 = FREEZING RAIN OR DRIZZLE
                        GRTST DEPTH:  20 ON  2     7 = DUSTSTORM OR SANDSTORM:
                                                       VSBY 1/2 MILE OR LESS
                                                   8 = SMOKE OR HAZE
[NO. OF DAYS WITH]      [WEATHER - DAYS WITH]      9 = BLOWING SNOW
                                                   X = TORNADO
MAX 32 OR BELOW:  16    0.01 INCH OR MORE:   5
MAX 90 OR ABOVE:   0    0.10 INCH OR MORE:   2
MIN 32 OR BELOW:  17    0.50 INCH OR MORE:   0
MIN  0 OR BELOW:   9    1.00 INCH OR MORE:   0

[HDD (BASE 65) ]
TOTAL THIS MO.   973    CLEAR  (SCALE 0-3)   4
DPTR FM NORMAL   -40    PTCLDY (SCALE 4-7)   7
TOTAL FM JUL 1  6190    CLOUDY (SCALE 8-10)  6
DPTR FM NORMAL  -636

[CDD (BASE 65) ]
TOTAL THIS MO.     0
DPTR FM NORMAL     0    [PRESSURE DATA]
TOTAL FM JAN 1     0    HIGHEST SLP M ON M
DPTR FM NORMAL     0    LOWEST  SLP 29.55 ON 16

[REMARKS]
