000
CXAK56 PAOM 260915
CF6OME

PRELIMINARY LOCAL CLIMATOLOGICAL DATA (WS FORM: F-6)

                                          STATION:   NOME
                                          MONTH:     07
                                          YEAR:      2016
                                          LATITUDE:   64 31 N
                                          LONGITUDE: 165 27 W

  TEMPERATURE IN F:       :PCPN:    SNOW:  WIND      :SUNSHINE: SKY     :PK WND
================================================================================
1   2   3   4   5  6A  6B    7     8   9   10  11  12  13   14  15   16  17  18
                                      12Z  AVG MX 2MIN
DY MAX MIN AVG DEP HDD CDD  WTR   SNW DPTH SPD SPD DIR MIN PSBL S-S WX   SPD DR
================================================================================

 1  77  50  64  12   1   0  0.00  0.0   0  9.2 23  290   M    M   M       28 290
 2  70  46  58   6   7   0  0.00  0.0   0 10.6 22  260   M    M   M       26 260
 3  58  46  52   0  13   0  0.00  0.0   0 17.5 30  260   M    M   M       35 250
 4  57  43  50  -2  15   0  0.00  0.0   0  6.9 21  280   M    M   M       24 270
 5  57  51  54   2  11   0  0.14  0.0   0  7.2 14  130   M    M   M 1     16 130
 6  56  46  51  -1  14   0  0.00  0.0   0  8.6 20  250   M    M   M 1     22 260
 7  52  43  48  -4  17   0  0.34  0.0   0  6.9 14  230   M    M   M 1     17 230
 8  53  49  51  -1  14   0  0.03  0.0   0  6.4 12  150   M    M   M 1     13 170
 9  55  46  51  -2  14   0  0.12  0.0   0  8.2 18  270   M    M   M 1     21 270
10  56  43  50  -3  15   0  0.00  0.0   0 12.9 23  260   M    M   M       28 260
11  53  47  50  -3  15   0     T  0.0   0 11.4 17  240   M    M   M 1     20 270
12  53  47  50  -3  15   0  0.01  0.0   0  5.9 14  260   M    M   M 1     17 270
13  60  40  50  -3  15   0  0.00  0.0   0 10.1 23  260   M    M   M 2     26 260
14  54  43  49  -4  16   0  0.00  0.0   0 12.7 21  260   M    M   M       26 260
15  53  49  51  -2  14   0     T  0.0   0 10.1 17  250   M    M   M       20 250
16  54  50  52  -1  13   0     T  0.0   0 11.5 22  220   M    M   M 1     25 210
17  52  50  51  -2  14   0  0.40  0.0   0 15.9 22  240   M    M   M 1     29 240
18  52  48  50  -3  15   0  0.48  0.0   0  7.9 21  260   M    M   M 1     27 250
19  52  49  51  -1  14   0  0.34  0.0   0  7.5 18  270   M    M   M 1     23 250
20  53  48  51  -1  14   0  0.02  0.0   0  9.9 18  260   M    M   M 1     23 240
21  57  49  53   1  12   0  0.04  0.0   0  9.7 15  270   M    M   M 1     18 260
22  58  47  53   1  12   0  0.03  0.0   0 11.3 21  250   M    M   M 1     25 250
23  58  49  54   2  11   0  0.27  0.0   0  6.3 17  280   M    M   M 1     20 270
24  66  48  57   5   8   0  0.00  0.0   0  5.9 15  250   M    M   M       18 320
25  67  52  60   8   5   0  0.00  0.0   0  8.1 15  250   M    M   M       18 250
================================================================================
SM 1433 1179       314   0  2.22 0.0    238.6           M        M
================================================================================
AV 57.3 47.2                              9.5 FASTST  PSBL  %   M    MAX(MPH)
                                 MISC ---->     30  260                 35 250
================================================================================
NOTES:
# LAST OF SEVERAL OCCURRENCES

COLUMN 17 PEAK WIND IN M.P.H.

PRELIMINARY LOCAL CLIMATOLOGICAL DATA (WS FORM: F-6) , PAGE 2

                                          STATION:   NOME
                                          MONTH:     07
                                          YEAR:      2016
                                          LATITUDE:  64 31 N
                                          LONGITUDE: 165 27 W

[TEMPERATURE DATA]      [PRECIPITATION DATA]       SYMBOLS USED IN COLUMN 16

AVERAGE MONTHLY:52.2   TOTAL FOR MONTH: 2.22       1 = FOG
DPTR FM NORMAL: -0.2   DPTR FM NORMAL: 0.66       2 = FOG REDUCING VISIBILITY
HIGHEST:    77 ON  1    GRTST 24HR   0.48 ON 18        TO 1/4 MILE OR LESS
LOWEST:     40 ON 13                               3 = THUNDER
                        SNOW, ICE PELLETS, HAIL    4 = ICE PELLETS
                        TOTAL MONTH: 0.0         5 = HAIL
                        GRTST 24HR   0.0           6 = GLAZE OR RIME
                        GRTST DEPTH:    0          7 = BLOWING DUST OR SAND:
                                                       VSBY 1/2 MILE OR LESS
                                                   8 = SMOKE OR HAZE
[NO. OF DAYS WITH]      [WEATHER - DAYS WITH]      9 = BLOWING SNOW
                                                   X = TORNADO
MAX 32 OR BELOW:   0    0.01 INCH OR MORE:  12
MAX 70 OR ABOVE:   2    0.10 INCH OR MORE:   7
MIN 32 OR BELOW:   0    0.50 INCH OR MORE:   0
MIN  0 OR BELOW:   0    1.00 INCH OR MORE:   0

[HDD (BASE 65) ]
TOTAL THIS MO.   314    CLEAR  (SCALE 0-3)   M
DPTR FM NORMAL    -8    PTCLDY (SCALE 4-7)   M
SEASONAL TOTAL   314    CLOUDY (SCALE 8-10)  M
DPTR FM NORMAL    -8

[CDD (BASE 65) ]
TOTAL THIS MO.     0
DPTR FM NORMAL     0    [PRESSURE DATA]
SEASONAL TOTAL     0    HIGHEST SLP     M
DPTR FM NORMAL     0    LOWEST  SLP     M

[REMARKS]
