000
CXUS56 KOTX 280910
CF6OMK
PRELIMINARY LOCAL CLIMATOLOGICAL DATA (WS FORM: F-6)
STATION: OMAK WA AIRPORT
MONTH: MARCH
YEAR: 2024
LATITUDE: 48 27 N
LONGITUDE: 119 31 W
TEMPERATURE IN F: :PCPN: SNOW: WIND :SUNSHINE: SKY :PK WND
================================================================================
1 2 3 4 5 6A 6B 7 8 9 10 11 12 13 14 15 16 17 18
12Z AVG MX 2MIN
DY MAX MIN AVG DEP HDD CDD WTR SNW DPTH SPD SPD DIR MIN PSBL S-S WX SPD DR
================================================================================
1 47 33 40 3 25 0 0.27 M M 9.5 24 150 M M 9 1 31 210
2 45 28 37 0 28 0 0.01 M M 7.2 15 140 M M 6 1 18 140
3 44 21 33 -5 32 0 0.00 M M 4.5 13 160 M M 5 17 150
4 41 27 34 -4 31 0 0.02 M M 6.2 20 330 M M 7 128 25 330
5 43 23 33 -5 32 0 0.00 M M 11.0 17 340 M M 0 23 350
6 43 24 34 -5 31 0 0.00 M M 9.0 17 10 M M 0 23 320
7 46 23 35 -4 30 0 0.00 M M 7.2 13 170 M M 0 19 170
8 49 28 39 0 26 0 0.00 M M 4.2 12 190 M M 6 18 200
9 52 27 40 0 25 0 T M M 4.7 20 170 M M 3 27 160
10 56 30 43 3 22 0 0.04 M M 9.0 17 160 M M 6 26 160
11 53 34 44 4 21 0 0.01 M M 12.5 23 150 M M 5 33 150
12 57 32 45 4 20 0 0.00 M M 8.6 23 10 M M 6 34 20
13 59 25 42 1 23 0 0.00 M M 5.3 14 20 M M 0 19 20
14 59 32 46 5 19 0 0.00 M M 6.3 13 360 M M 0 16 10
15 67 34 51 9 14 0 0.00 M M 8.1 17 350 M M 0 23 340
16 71 43 57 15 8 0 0.00 M M 10.0 21 340 M M 0 25 350
17 73 41 57 15 8 0 0.00 M M 7.5 14 360 M M 0 17 360
18 73 35 54 11 11 0 0.00 M M 5.0 12 180 M M 0 16 190
19 72 37 55 12 10 0 0.00 M M 4.7 14 310 M M 0 16 300
20 69 39 54 11 11 0 0.00 M M 4.4 13 150 M M 0 17 150
21 65 43 54 10 11 0 0.00 M M 8.4 16 360 M M 4 23 10
22 58 42 50 6 15 0 0.01 M M 9.3 16 350 M M 6 23 360
23 47 43 45 1 20 0 0.84 M M 10.7 17 350 M M 10 1 24 350
24 61 36 49 5 16 0 0.01 M M 8.3 20 20 M M 2 26 20
25 56 28 42 -3 23 0 0.00 M M 5.6 13 180 M M 3 18 200
26 58 33 46 1 19 0 0.00 M M 4.1 17 240 M M 3 27 240
27 42 32 37 -8 28 0 0.19 M M 3.8 13 190 M M 7 1 17 180
================================================================================
SM 1506 873 559 0 1.40 M 195.1 M 88
================================================================================
AV 55.8 32.3 7.2 FASTST M M 3 MAX(MPH)
MISC ----> 24 150 34 20
================================================================================
NOTES:
# LAST OF SEVERAL OCCURRENCES
COLUMN 17 PEAK WIND IN M.P.H.
PRELIMINARY LOCAL CLIMATOLOGICAL DATA (WS FORM: F-6) , PAGE 2
STATION: OMAK WA AIRPORT
MONTH: MARCH
YEAR: 2024
LATITUDE: 48 27 N
LONGITUDE: 119 31 W
[TEMPERATURE DATA] [PRECIPITATION DATA] SYMBOLS USED IN COLUMN 16
AVERAGE MONTHLY: 44.1 TOTAL FOR MONTH: 1.40 1 = FOG OR MIST
DPTR FM NORMAL: 2.8 DPTR FM NORMAL: 0.46 2 = FOG REDUCING VISIBILITY
HIGHEST: 73 ON 18,17 GRTST 24HR 0.85 ON 23-24 TO 1/4 MILE OR LESS
LOWEST: 21 ON 3 3 = THUNDER
SNOW, ICE PELLETS, HAIL 4 = ICE PELLETS
TOTAL MONTH: M 5 = HAIL
GRTST 24HR M ON M 6 = FREEZING RAIN OR DRIZZLE
GRTST DEPTH: M ON M 7 = DUSTSTORM OR SANDSTORM:
VSBY 1/2 MILE OR LESS
8 = SMOKE OR HAZE
[NO. OF DAYS WITH] [WEATHER - DAYS WITH] 9 = BLOWING SNOW
X = TORNADO
MAX 32 OR BELOW: 0 0.01 INCH OR MORE: 9
MAX 90 OR ABOVE: 0 0.10 INCH OR MORE: 3
MIN 32 OR BELOW: 14 0.50 INCH OR MORE: 1
MIN 0 OR BELOW: 0 1.00 INCH OR MORE: 0
[HDD (BASE 65) ]
TOTAL THIS MO. 559 CLEAR (SCALE 0-3) 15
DPTR FM NORMAL -84 PTCLDY (SCALE 4-7) 10
TOTAL FM JUL 1 4712 CLOUDY (SCALE 8-10) 2
DPTR FM NORMAL -641
[CDD (BASE 65) ]
TOTAL THIS MO. 0
DPTR FM NORMAL 0 [PRESSURE DATA]
TOTAL FM JAN 1 0 HIGHEST SLP M ON M
DPTR FM NORMAL 0 LOWEST SLP 29.30 ON 2
[REMARKS]