000
CXUS53 KARX 200930
CF6ONA
PRELIMINARY LOCAL CLIMATOLOGICAL DATA (WS FORM: F-6)

                                          STATION:   WINONA_MUNI_(AWOS) MN
                                          MONTH:     OCTOBER
                                          YEAR:      2014
                                          LATITUDE:   44  4 N
                                          LONGITUDE:  91 42 W

  TEMPERATURE IN F:       :PCPN:    SNOW:  WIND      :SUNSHINE: SKY     :PK WND
================================================================================
1   2   3   4   5  6A  6B    7    8   9   10  11  12  13   14  15   16   17  18
                                     12Z  AVG MX 2MIN
DY MAX MIN AVG DEP HDD CDD  WTR  SNW DPTH SPD SPD DIR MIN PSBL S-S WX    SPD DR
================================================================================

 1  59  48  54   M  11   0 0.13  0.0    0  5.3 13 140   M    M  10 12     17 140
 2  61  54  58   M   7   0 0.84  0.0    0  3.7 15 320   M    M  10 123    18 320
 3  54  37  46   M  19   0    T  0.0    0 14.8 22 310   M    M  10        28 310
 4  54  36  45   M  20   0 0.18  0.0    0 10.8 16 310   M    M   7        24 290
 5  52  34  43   M  22   0 0.00  0.0    0  3.5 12 280   M    M   7        17 280
 6  59  34  47   M  18   0 0.00  0.0    0  5.2 14 230   M    M   3 1      22 290
 7  61  43  52   M  13   0 0.00  0.0    0  6.4 18 300   M    M   3        31 300
 8  61  39  50   M  15   0 0.00  0.0    0  5.0 17 310   M    M   1        24 310
 9  54  34  44   M  21   0 0.00  0.0    0  3.6  9 320   M    M   0        16 320
10  54  34  44   M  21   0 0.00  0.0    0  2.3  6  10   M    M   2 12      M  M
11  55  34  45   M  20   0 0.00  0.0    0  1.5  7 130   M    M   3 12      M  M
12  55  36  46   M  19   0 0.00  0.0    0  5.2 10 150   M    M   5 1      17 150
13  54  52  53   M  12   0 0.64  0.0    0  1.6  5 340   M    M  10 1       M  M
14  55  50  53   M  12   0 0.74  0.0    0  9.1 14 340   M    M   8        22 350
15  66  41  54   M  11   0 0.00  0.0    0  7.3 13 330   M    M   0        20 340
16  72  36  54   M  11   0 0.00  0.0    0  2.9  7 300   M    M   3 12      M  M
17  55  48  52   M  13   0    T  0.0    0 10.8 16 310   M    M   9        25 320
18  54  36  45   M  20   0 0.00  0.0    0  3.5 10 350   M    M   4        17 350
19  64  34  49   M  16   0 0.00  0.0    0  3.5 15 230   M    M   0        18 230
================================================================================
SM 1099  760       301   0  2.53     0.0 106.0          M       95
================================================================================
AV 57.8 40.0                               5.6 FASTST   M    M   5    MAX(MPH)
                                 MISC ---->    22   M                 31    M
================================================================================
NOTES:
# LAST OF SEVERAL OCCURRENCES

COLUMN 17 PEAK WIND IN M.P.H.

PRELIMINARY LOCAL CLIMATOLOGICAL DATA (WS FORM: F-6) , PAGE 2

                                          STATION:  WINONA_MUNI_(AWOS) MN
                                          MONTH:    OCTOBER
                                          YEAR:     2014
                                          LATITUDE:   44  4 N
                                          LONGITUDE:  91 42 W

[TEMPERATURE DATA]      [PRECIPITATION DATA]       SYMBOLS USED IN COLUMN 16

AVERAGE MONTHLY: 48.9   TOTAL FOR MONTH:   2.53    1 = FOG OR MIST
DPTR FM NORMAL:     M   DPTR FM NORMAL:       M    2 = FOG REDUCING VISIBILITY
HIGHEST:    72 ON 16    GRTST 24HR  0.84 ON  2- 2      TO 1/4 MILE OR LESS
LOWEST:     34 ON 19,11                            3 = THUNDER
                        SNOW, ICE PELLETS, HAIL    4 = ICE PELLETS
                        TOTAL MONTH:   0.0 INCH    5 = HAIL
                        GRTST 24HR     0.0         6 = FREEZING RAIN OR DRIZZLE
                        GRTST DEPTH:   0           7 = DUSTSTORM OR SANDSTORM:
                                                       VSBY 1/2 MILE OR LESS
                                                   8 = SMOKE OR HAZE
[NO. OF DAYS WITH]      [WEATHER - DAYS WITH]      9 = BLOWING SNOW
                                                   X = TORNADO
MAX 32 OR BELOW:   0    0.01 INCH OR MORE:   5
MAX 90 OR ABOVE:   0    0.10 INCH OR MORE:   5
MIN 32 OR BELOW:   0    0.50 INCH OR MORE:   3
MIN  0 OR BELOW:   0    1.00 INCH OR MORE:   0

[HDD (BASE 65) ]
TOTAL THIS MO.   301    CLEAR  (SCALE 0-3)   8
DPTR FM NORMAL     M    PTCLDY (SCALE 4-7)   5
TOTAL FM JUL 1   460    CLOUDY (SCALE 8-10)  6
DPTR FM NORMAL     M

[CDD (BASE 65) ]
TOTAL THIS MO.     0
DPTR FM NORMAL     M    [PRESSURE DATA]
TOTAL FM JAN 1   609    HIGHEST SLP M ON M
DPTR FM NORMAL     M    LOWEST  SLP M ON M

[REMARKS]
