000
CXUS56 KBOI 241002
CF6ONO
PRELIMINARY LOCAL CLIMATOLOGICAL DATA (WS FORM: F-6)

                                          STATION:   ONTARIO OR
                                          MONTH:     FEBRUARY
                                          YEAR:      2017
                                          LATITUDE:   44  1 N
                                          LONGITUDE: 117  1 W

  TEMPERATURE IN F:       :PCPN:    SNOW:  WIND      :SUNSHINE: SKY     :PK WND
================================================================================
1   2   3   4   5  6A  6B    7    8   9   10  11  12  13   14  15   16   17  18
                                     12Z  AVG MX 2MIN
DY MAX MIN AVG DEP HDD CDD  WTR  SNW DPTH SPD SPD DIR MIN PSBL S-S WX    SPD DR
================================================================================

 1  31  22  27  -3  38   0 0.01    M    M  3.8 16 320   M    M  10 18     18 330
 2  31  23  27  -3  38   0 0.01    M    M  3.4  9 350   M    M  10 1      10 350
 3  36  28  32   2  33   0 0.02    M    M  6.0 15  50   M    M   9 18     21 100
 4  41  24  33   3  32   0    T    M    M  2.4 14 170   M    M   9 18     16 170
 5  45  35  40  10  25   0    T    M    M  2.3 10 150   M    M   5        14 150
 6  46  34  40   9  25   0 0.09    M    M  8.0 23 230   M    M   9        29 220
 7  37  30  34   3  31   0 0.40    M    M  3.9 15 160   M    M   8 12     19 140
 8  38  27  33   2  32   0 0.15    M    M  3.3 10 240   M    M   8 1      12 250
 9  37  34  36   5  29   0 0.01    M    M  2.6  9 310   M    M   9 12     10 300
10  45  31  38   6  27   0 0.02    M    M  2.3  9 250   M    M   5 128    12  10
11  39  21  30  -2  35   0 0.00    M    M  7.6 16 300   M    M   0        20 300
12  32  11  22 -10  43   0 0.00    M    M  4.0  9 240   M    M   0        10 240
13  34  11  23  -9  42   0 0.00    M    M  2.9  9 250   M    M   0        10 250
14  31   8  20 -13  45   0 0.00    M    M  2.8  8 240   M    M   2 128     9 240
15  32  13  23 -10  42   0 0.01    M    M  3.0 10 240   M    M   8 1268   12 240
16  45  31  38   4  27   0 0.06    M    M  4.5 31 240   M    M   7 168    41 250
17  41  29  35   1  30   0 0.08    M    M  4.1 10  20   M    M   4 18     13  10
18  41  32  37   3  28   0 0.41    M    M  4.2 17 250   M    M  10 12     20 250
19  44  31  38   3  27   0 0.09    M    M  3.0 18 250   M    M   9 12     22 250
20  49  34  42   7  23   0 0.11    M    M  3.1 17 230   M    M   7 1      24 240
21  47  30  39   4  26   0 0.01    M    M  7.4 24 210   M    M   3 1      30 240
22  40  25  33  -3  32   0 0.00    M    M 10.0 26 310   M    M   5        33 310
23  36  31  34  -2  31   0 0.00    M    M 21.6 30 310   M    M   9        37 310
================================================================================
SM  898  595       741   0  1.48    M    116.2          M      146
================================================================================
AV 39.0 25.9                               5.1 FASTST   M    M   6    MAX(MPH)
                                 MISC ---->  # 31 240               # 41  250
================================================================================
NOTES:
# LAST OF SEVERAL OCCURRENCES

COLUMN 17 PEAK WIND IN M.P.H.

PRELIMINARY LOCAL CLIMATOLOGICAL DATA (WS FORM: F-6) , PAGE 2

                                          STATION:  ONTARIO OR
                                          MONTH:    FEBRUARY
                                          YEAR:     2017
                                          LATITUDE:   44  1 N
                                          LONGITUDE: 117  1 W

[TEMPERATURE DATA]      [PRECIPITATION DATA]       SYMBOLS USED IN COLUMN 16

AVERAGE MONTHLY: 32.5   TOTAL FOR MONTH:   1.48    1 = FOG OR MIST
DPTR FM NORMAL:  -0.0   DPTR FM NORMAL:    0.84    2 = FOG REDUCING VISIBILITY
HIGHEST:    49 ON 20    GRTST 24HR  0.49 ON 17-18      TO 1/4 MILE OR LESS
LOWEST:      8 ON 14                               3 = THUNDER
                        SNOW, ICE PELLETS, HAIL    4 = ICE PELLETS
                        TOTAL MONTH:    M          5 = HAIL
                        GRTST 24HR    M  ON   M    6 = FREEZING RAIN OR DRIZZLE
                        GRTST DEPTH:  M  ON   M    7 = DUSTSTORM OR SANDSTORM:
                                                       VSBY 1/2 MILE OR LESS
                                                   8 = SMOKE OR HAZE
[NO. OF DAYS WITH]      [WEATHER - DAYS WITH]      9 = BLOWING SNOW
                                                   X = TORNADO
MAX 32 OR BELOW:   5    0.01 INCH OR MORE:  15
MAX 90 OR ABOVE:   0    0.10 INCH OR MORE:   4
MIN 32 OR BELOW:  19    0.50 INCH OR MORE:   0
MIN  0 OR BELOW:   0    1.00 INCH OR MORE:   0

[HDD (BASE 65) ]
TOTAL THIS MO.   741    CLEAR  (SCALE 0-3)   4
DPTR FM NORMAL    -6    PTCLDY (SCALE 4-7)   9
TOTAL FM JUL 1  4696    CLOUDY (SCALE 8-10) 10
DPTR FM NORMAL   206

[CDD (BASE 65) ]
TOTAL THIS MO.     0
DPTR FM NORMAL     0    [PRESSURE DATA]
TOTAL FM JAN 1     0    HIGHEST SLP M ON M
DPTR FM NORMAL     0    LOWEST  SLP 29.41 ON 18

[REMARKS]
