000
CXUS52 KMFL 271000
CF6OPF
PRELIMINARY LOCAL CLIMATOLOGICAL DATA (WS FORM: F-6)

                                          STATION:   OPA-LOCKA ARPT
                                          MONTH:     DECEMBER
                                          YEAR:      2014
                                          LATITUDE:   25 53 N
                                          LONGITUDE:  80 17 W

  TEMPERATURE IN F:       :PCPN:    SNOW:  WIND      :SUNSHINE: SKY     :PK WND
================================================================================
1   2   3   4   5  6A  6B    7    8   9   10  11  12  13   14  15   16   17  18
                                     12Z  AVG MX 2MIN
DY MAX MIN AVG DEP HDD CDD  WTR  SNW DPTH SPD SPD DIR MIN PSBL S-S WX    SPD DR
================================================================================

 1  83  71  77   5   0  12 0.01  0.0    0 13.6 26  80   M    M   6        31  80
 2  80  69  75   3   0  10 0.69  0.0    0  9.8 24  80   M    M   7 18     29  90
 3  81  67  74   3   0   9 0.05  0.0    0 10.0 21  80   M    M   3        25  70
 4  81  69  75   4   0  10 0.03  0.0    0 10.9 20  70   M    M   4        27  70
 5  82  68  75   4   0  10 0.10  0.0    0  9.9 23  80   M    M   3 1      28  80
 6  81  64  73   2   0   8 0.00  0.0    0  6.4 15  80   M    M   1        19  80
 7  80  63  72   1   0   7 0.00  0.0    0  7.6 16 350   M    M   1        22 330
 8  76  58  67  -4   0   2 0.00  0.0    0  7.7 13 280   M    M   0        17 290
 9  68  52  60 -11   5   0 0.00  0.0    0 11.4 18 320   M    M   7 1      23 330
10  66  45  56 -14   9   0 0.00  0.0    0  7.2 20 360   M    M   0        24 360
11  69  45  57 -13   8   0 0.00  0.0    0  3.8 14 280   M    M   2        20 280
12  68  50  59 -11   6   0 0.00  0.0    0  7.5 14 340   M    M   1        18 340
13  77  55  66  -4   0   1 0.00  0.0    0  9.0 15 330   M    M   3        21 330
14  77  53  65  -5   0   0 0.00  0.0    0  5.8 12  90   M    M   1        18  50
15  77  53  65  -5   0   0 0.00  0.0    0  2.6 10 120   M    M   2        13 110
16  78  54  66  -4   0   1 0.00  0.0    0  2.8 10 290   M    M   1        14 290
17  79  53  66  -3   0   1 0.00  0.0    0  3.5 10 300   M    M   0        15 290
18  78  55  67  -2   0   2 0.00  0.0    0  4.6 10 310   M    M   1        15 330
19  78  57  68  -1   0   3 0.00  0.0    0  3.8 14 110   M    M   1        16 130
20  80  56  68  -1   0   3 0.00  0.0    0  3.2 14 110   M    M   2        23 150
21  79  59  69   0   0   4 0.00  0.0    0  4.6 15 130   M    M   3 1      17 120
22  82  62  72   3   0   7 0.00  0.0    0  6.3 17 160   M    M   1        24 180
23  84  63  74   5   0   9 0.00  0.0    0  9.3 22 160   M    M   2 12     26 150
24  85  73  79  11   0  14 0.03  0.0    0 12.9 22 160   M    M   6        26 160
25  77  67  72   4   0   7 0.90  0.0    0  8.8 17 340   M    M   8 1      22 360
26  75  66  71   3   0   6 0.04  0.0    0  4.6 10 350   M    M   9 12     12 340
================================================================================
SM 2021 1547        28 126  1.85     0.0 187.6          M       75
================================================================================
AV 77.7 59.5                               7.2 FASTST   M    M   3    MAX(MPH)
                                 MISC ---->  # 26  80               # 31   80
================================================================================
NOTES:
# LAST OF SEVERAL OCCURRENCES

COLUMN 17 PEAK WIND IN M.P.H.

PRELIMINARY LOCAL CLIMATOLOGICAL DATA (WS FORM: F-6) , PAGE 2

                                          STATION:  OPA-LOCKA ARPT
                                          MONTH:    DECEMBER
                                          YEAR:     2014
                                          LATITUDE:   25 53 N
                                          LONGITUDE:  80 17 W

[TEMPERATURE DATA]      [PRECIPITATION DATA]       SYMBOLS USED IN COLUMN 16

AVERAGE MONTHLY: 68.6   TOTAL FOR MONTH:   1.85    1 = FOG OR MIST
DPTR FM NORMAL:  -1.3   DPTR FM NORMAL:   -0.24    2 = FOG REDUCING VISIBILITY
HIGHEST:    85 ON 24    GRTST 24HR  0.93 ON 24-25      TO 1/4 MILE OR LESS
LOWEST:     45 ON 11,10                            3 = THUNDER
                        SNOW, ICE PELLETS, HAIL    4 = ICE PELLETS
                        TOTAL MONTH:   0.0 INCH    5 = HAIL
                        GRTST 24HR     0.0         6 = FREEZING RAIN OR DRIZZLE
                        GRTST DEPTH:   0           7 = DUSTSTORM OR SANDSTORM:
                                                       VSBY 1/2 MILE OR LESS
                                                   8 = SMOKE OR HAZE
[NO. OF DAYS WITH]      [WEATHER - DAYS WITH]      9 = BLOWING SNOW
                                                   X = TORNADO
MAX 32 OR BELOW:   0    0.01 INCH OR MORE:   8
MAX 90 OR ABOVE:   0    0.10 INCH OR MORE:   3
MIN 32 OR BELOW:   0    0.50 INCH OR MORE:   2
MIN  0 OR BELOW:   0    1.00 INCH OR MORE:   0

[HDD (BASE 65) ]
TOTAL THIS MO.    28    CLEAR  (SCALE 0-3)  17
DPTR FM NORMAL     5    PTCLDY (SCALE 4-7)   7
TOTAL FM JUL 1    41    CLOUDY (SCALE 8-10)  2
DPTR FM NORMAL    14

[CDD (BASE 65) ]
TOTAL THIS MO.   126
DPTR FM NORMAL   -30    [PRESSURE DATA]
TOTAL FM JAN 1  4515    HIGHEST SLP M ON M
DPTR FM NORMAL   207    LOWEST  SLP 29.91 ON 24

[REMARKS]
