000
CXUS52 KMFL 261000
CF6OPF
PRELIMINARY LOCAL CLIMATOLOGICAL DATA (WS FORM: F-6)

                                          STATION:   OPA-LOCKA ARPT
                                          MONTH:     APRIL
                                          YEAR:      2017
                                          LATITUDE:   25 53 N
                                          LONGITUDE:  80 17 W

  TEMPERATURE IN F:       :PCPN:    SNOW:  WIND      :SUNSHINE: SKY     :PK WND
================================================================================
1   2   3   4   5  6A  6B    7    8   9   10  11  12  13   14  15   16   17  18
                                     12Z  AVG MX 2MIN
DY MAX MIN AVG DEP HDD CDD  WTR  SNW DPTH SPD SPD DIR MIN PSBL S-S WX    SPD DR
================================================================================

 1  87  74  81   7   0  16 0.00  0.0    0  5.9 16 120   M    M   3        19 100
 2  88  78  83   9   0  18    T  0.0    0  8.2 17 140   M    M   3 8      20 140
 3  86  76  81   7   0  16 0.00  0.0    0 12.7 22 160   M    M   4        27 150
 4  87  74  81   7   0  16 0.00  0.0    0 11.4 20 160   M    M   2        24 150
 5   M   M   M   M   M   M 0.00  0.0    0  9.4 17 170   M    M   2         M  M
 6  89  72  81   7   0  16 0.00  0.0    0 13.9 23 250   M    M   3 8      38 260
 7  77  63  70  -4   0   5 0.00  0.0    0 12.1 22 330   M    M   0 8      28 360
 8  80  57  69  -5   0   4 0.00  0.0    0  7.1 17 330   M    M   3 8      22 330
 9  82  65  74   0   0   9    T  0.0    0  9.2 22  70   M    M   4        26  70
10  84  64  74   0   0   9    T  0.0    0 11.2 22  80   M    M   6        29  80
11  83  67  75   1   0  10 0.03  0.0    0 11.4 23  90   M    M   3        31  90
12  83  70  77   3   0  12 0.38  0.0    0 11.7 22  90   M    M   8 18     27 100
13  83  71  77   2   0  12    T  0.0    0 12.4 22  60   M    M   3        28  80
14  83  70  77   2   0  12    T  0.0    0 13.3 23  70   M    M   4        33  80
15  85  74  80   5   0  15    T  0.0    0 17.3 26  80   M    M   5        31 100
16  83  72  78   3   0  13 0.01  0.0    0 13.7 23  80   M    M   7        29  90
17  84  73  79   4   0  14 0.00  0.0    0 11.2 18 130   M    M   6        24 110
18  84  73  79   4   0  14 0.00  0.0    0 11.3 17  90   M    M   1        30 120
19  84  74  79   4   0  14    T  0.0    0 12.8 21  90   M    M   5        26 100
20  83  73  78   3   0  13    T  0.0    0 13.6 24  90   M    M   4        31  90
21  84  69  77   2   0  12    T  0.0    0 12.9 23 120   M    M   3        29 130
22  84  75  80   4   0  15 0.00  0.0    0 12.8 21 140   M    M   4        25 130
23   M   M   M   M   M   M 2.56    M    0  7.2 18 150   M    M   6 3      31 200
24   M   M   M   M   M   M 0.00  0.0    0 11.1 22 280   M    M   4 18     30 270
25  82  64  73  -3   0   8 0.00  0.0    0  9.3 18 260   M    M   2        25 260
================================================================================
SM 1845 1548         0 273  2.98     0.0 283.1          M       95
================================================================================
AV 83.9 70.4                              11.3 FASTST   M    M   4    MAX(MPH)
                                 MISC ---->  # 26  80               # 38  260
================================================================================
NOTES:
# LAST OF SEVERAL OCCURRENCES

COLUMN 17 PEAK WIND IN M.P.H.

PRELIMINARY LOCAL CLIMATOLOGICAL DATA (WS FORM: F-6) , PAGE 2

                                          STATION:  OPA-LOCKA ARPT
                                          MONTH:    APRIL
                                          YEAR:     2017
                                          LATITUDE:   25 53 N
                                          LONGITUDE:  80 17 W

[TEMPERATURE DATA]      [PRECIPITATION DATA]       SYMBOLS USED IN COLUMN 16

AVERAGE MONTHLY: 77.1   TOTAL FOR MONTH:   2.98    1 = FOG OR MIST
DPTR FM NORMAL:   2.4   DPTR FM NORMAL:    0.51    2 = FOG REDUCING VISIBILITY
HIGHEST:    89 ON  6    GRTST 24HR  2.56 ON 23-23      TO 1/4 MILE OR LESS
LOWEST:     57 ON  8                               3 = THUNDER
                        SNOW, ICE PELLETS, HAIL    4 = ICE PELLETS
                        TOTAL MONTH:   0.0 INCH    5 = HAIL
                        GRTST 24HR     0.0         6 = FREEZING RAIN OR DRIZZLE
                        GRTST DEPTH:   0           7 = DUSTSTORM OR SANDSTORM:
                                                       VSBY 1/2 MILE OR LESS
                                                   8 = SMOKE OR HAZE
[NO. OF DAYS WITH]      [WEATHER - DAYS WITH]      9 = BLOWING SNOW
                                                   X = TORNADO
MAX 32 OR BELOW:   0    0.01 INCH OR MORE:   4
MAX 90 OR ABOVE:   0    0.10 INCH OR MORE:   2
MIN 32 OR BELOW:   0    0.50 INCH OR MORE:   1
MIN  0 OR BELOW:   0    1.00 INCH OR MORE:   1

[HDD (BASE 65) ]
TOTAL THIS MO.     0    CLEAR  (SCALE 0-3)  11
DPTR FM NORMAL     0    PTCLDY (SCALE 4-7)  14
TOTAL FM JUL 1    21    CLOUDY (SCALE 8-10)  0
DPTR FM NORMAL  -118

[CDD (BASE 65) ]
TOTAL THIS MO.   273
DPTR FM NORMAL    30    [PRESSURE DATA]
TOTAL FM JAN 1   943    HIGHEST SLP M ON M
DPTR FM NORMAL   201    LOWEST  SLP 29.73 ON 24

[REMARKS]
