000
CXUS54 KMRX 261000
CF6OQT
PRELIMINARY LOCAL CLIMATOLOGICAL DATA (WS FORM: F-6)

                                          STATION:   OAK_RIDGE_(ASOS)
                                          MONTH:     APRIL
                                          YEAR:      2017
                                          LATITUDE:   36  1 N
                                          LONGITUDE:  84 14 W

  TEMPERATURE IN F:       :PCPN:    SNOW:  WIND      :SUNSHINE: SKY     :PK WND
================================================================================
1   2   3   4   5  6A  6B    7    8   9   10  11  12  13   14  15   16   17  18
                                     12Z  AVG MX 2MIN
DY MAX MIN AVG DEP HDD CDD  WTR  SNW DPTH SPD SPD DIR MIN PSBL S-S WX    SPD DR
================================================================================

 1  66  47  57   2   8   0 0.00    M    M  3.5 10  70   M    M   6        17  70
 2  82  43  63   8   2   0 0.00    M    M  1.9  9  70   M    M   0        13  70
 3  70  55  63   7   2   0 1.54    M    M  3.0 12 210   M    M   5 1      20 210
 4  80  57  69  13   0   4 0.00    M    M  4.7 13 200   M    M   4        20 260
 5  76  51  64   8   1   0 0.39    M    M  4.1 20 190   M    M   4 1      29 210
 6  59  46  53  -3  12   0 0.08    M    M  8.7 17 260   M    M   9        28 250
 7  61  41  51  -6  14   0 0.02    M    M  6.0 16 310   M    M   4        26 310
 8  69  35  52  -5  13   0 0.00    M    M  1.5 10 180   M    M   0        13 190
 9  78  37  58   1   7   0 0.00    M    M  3.3 13 200   M    M   0        19 190
10  82  57  70  13   0   5 0.00    M    M  4.9 15 180   M    M   0        26 220
11  82  54  68  10   0   3 0.00    M    M  3.5 13 170   M    M   2        18 170
12  81  56  69  11   0   4    T    M    M  2.6 14  90   M    M   1        18  80
13  86  50  68  10   0   3 0.00    M    M  1.2  7 140   M    M   0        11 140
14  88  47  68  10   0   3 0.00    M    M  2.3 10 160   M    M   0        15 190
15  84  60  72  13   0   7 0.00    M    M  3.0 12 190   M    M   3        18 260
16  82  62  72  13   0   7 0.00    M    M  3.7 13 200   M    M   3        23 200
17  78  60  69  10   0   4 0.37    M    M  2.2  9 320   M    M   8 1      15 320
18  69  61  65   6   0   0 0.19    M    M  0.7  6  90   M    M   8 1       7  50
19  81  60  71  11   0   6 0.02    M    M  1.9 10 200   M    M   6 1      17 180
20  82  64  73  13   0   8 0.12  0.0    0  2.0 14 260   M    M   4 1      23 250
21  82  64  73  13   0   8 1.25  0.0    0  1.6 13 330   M    M   7 1      18 320
22  72  56  64   4   1   0 2.54  0.0    0  1.8 17 290   M    M  10 1      26 280
23  59  54  57  -4   8   0 2.57  0.0    0  4.2 14  90   M    M  10 1      23 100
24  73  53  63   2   2   0 0.00    M    M  4.8 13  80   M    M   7        19 100
25  76  52  64   3   1   0 0.00  0.0    0  2.0  8 130   M    M   5        12 140
================================================================================
SM 1898 1322        71  62  9.09     0.0  79.1          M      106
================================================================================
AV 75.9 52.9                               3.2 FASTST   M    M   4    MAX(MPH)
                                 MISC ---->  # 20 190               # 29  210
================================================================================
NOTES:
# LAST OF SEVERAL OCCURRENCES

COLUMN 17 PEAK WIND IN M.P.H.

PRELIMINARY LOCAL CLIMATOLOGICAL DATA (WS FORM: F-6) , PAGE 2

                                          STATION:  OAK_RIDGE_(ASOS)
                                          MONTH:    APRIL
                                          YEAR:     2017
                                          LATITUDE:   36  1 N
                                          LONGITUDE:  84 14 W

[TEMPERATURE DATA]      [PRECIPITATION DATA]       SYMBOLS USED IN COLUMN 16

AVERAGE MONTHLY: 64.4   TOTAL FOR MONTH:   9.09    1 = FOG OR MIST
DPTR FM NORMAL:   6.3   DPTR FM NORMAL:    5.60    2 = FOG REDUCING VISIBILITY
HIGHEST:    88 ON 14    GRTST 24HR  2.57 ON 23-23      TO 1/4 MILE OR LESS
LOWEST:     35 ON  8                               3 = THUNDER
                        SNOW, ICE PELLETS, HAIL    4 = ICE PELLETS
                        TOTAL MONTH:   0.0 INCH    5 = HAIL
                        GRTST 24HR     0.0         6 = FREEZING RAIN OR DRIZZLE
                        GRTST DEPTH:   0           7 = DUSTSTORM OR SANDSTORM:
                                                       VSBY 1/2 MILE OR LESS
                                                   8 = SMOKE OR HAZE
[NO. OF DAYS WITH]      [WEATHER - DAYS WITH]      9 = BLOWING SNOW
                                                   X = TORNADO
MAX 32 OR BELOW:   0    0.01 INCH OR MORE:  11
MAX 90 OR ABOVE:   0    0.10 INCH OR MORE:   8
MIN 32 OR BELOW:   0    0.50 INCH OR MORE:   4
MIN  0 OR BELOW:   0    1.00 INCH OR MORE:   4

[HDD (BASE 65) ]
TOTAL THIS MO.    71    CLEAR  (SCALE 0-3)  10
DPTR FM NORMAL  -120    PTCLDY (SCALE 4-7)  10
TOTAL FM JUL 1  2579    CLOUDY (SCALE 8-10)  5
DPTR FM NORMAL -1032

[CDD (BASE 65) ]
TOTAL THIS MO.    62
DPTR FM NORMAL    41    [PRESSURE DATA]
TOTAL FM JAN 1    69    HIGHEST SLP M ON M
DPTR FM NORMAL    44    LOWEST  SLP 29.55 ON  5

[REMARKS]
