000
CXUS52 KMLB 011346
CF6ORL
PRELIMINARY LOCAL CLIMATOLOGICAL DATA (WS FORM: F-6)

                                          STATION:   ORLANDO EXEC
                                          MONTH:     APRIL
                                          YEAR:      2016
                                          LATITUDE:   28 32 N
                                          LONGITUDE:  81 20 W

  TEMPERATURE IN F:       :PCPN:    SNOW:  WIND      :SUNSHINE: SKY     :PK WND
================================================================================
1   2   3   4   5  6A  6B    7    8   9   10  11  12  13   14  15   16   17  18
                                     12Z  AVG MX 2MIN
DY MAX MIN AVG DEP HDD CDD  WTR  SNW DPTH SPD SPD DIR MIN PSBL S-S WX    SPD DR
================================================================================

 1  91  72  82  12   0  17 0.00  0.0    0  8.5 17 200   M    M   2        21 200
 2  80  71  76   6   0  11 0.40  0.0    0 12.3 32 180   M    M   6 13     39 190
 3  79  60  70   0   0   5 0.00  0.0    0  8.7 17  10   M    M   0        23  10
 4  83  61  72   2   0   7 0.00  0.0    0  5.0 12 100   M    M   0        16  20
 5  87  63  75   5   0  10 0.00  0.0    0  7.9 17  70   M    M   0        21  30
 6  79  63  71   1   0   6 0.01  0.0    0 11.3 20  80   M    M   2        25 100
 7  85  64  75   5   0  10 0.02  0.0    0 10.1 22 260   M    M   4 18     27 260
 8  88  65  77   6   0  12 0.00  0.0    0 10.4 23 290   M    M   0        29 290
 9  79  61  70  -1   0   5 0.00  0.0    0  7.8 21  10   M    M   0        28  10
10  81  60  71   0   0   6 0.00  0.0    0  9.2 18  90   M    M   1        22  80
11  82  62  72   1   0   7 0.00  0.0    0  9.3 17 110   M    M   3        23 120
12  85  62  74   3   0   9 0.00  0.0    0  4.1 13 300   M    M   1        17 240
13  85  67  76   5   0  11 0.13  0.0    0  3.7 15  70   M    M   5 13     17  80
14  87  70  79   7   0  14    T  0.0    0  5.8 20  20   M    M   7 1      25  10
15  83  70  77   5   0  12 0.06  0.0    0 10.2 22  60   M    M   8 18     28  80
16  82  68  75   3   0  10 0.00  0.0    0 14.3 24  70   M    M   7        30  70
17  81  63  72   0   0   7 0.00  0.0    0 11.5 23  60   M    M   2        30  80
18  82  62  72   0   0   7 0.00  0.0    0  9.7 22  70   M    M   4        26  80
19  82  61  72   0   0   7 0.00  0.0    0  7.8 17  70   M    M   2        23  70
20  83  61  72  -1   0   7 0.00  0.0    0  7.1 16 110   M    M   1        20 140
21  87  63  75   2   0  10 0.00  0.0    0 11.0 24 110   M    M   2        31 130
22  88  66  77   4   0  12 0.21  0.0    0  6.7 22 250   M    M   4 3      26 250
23  87  69  78   5   0  13 0.13  0.0    0  8.5 20 290   M    M   4 1      22 300
24  88  69  79   6   0  14 0.00  0.0    0  6.4 20  80   M    M   1        24 100
25  86  68  77   3   0  12 0.00  0.0    0  8.4 20  80   M    M   3        23  90
26  89  65  77   3   0  12 0.00  0.0    0  6.6 17 120   M    M   1        22 110
27  87  67  77   3   0  12 0.00  0.0    0  7.1 17 110   M    M   2        22 110
28  90  68  79   5   0  14 0.40  0.0    0  5.1 21 170   M    M   3 3      30 200
29  93  70  82   8   0  17 0.02  0.0    0  4.1 17 100   M    M   2 3      21 100
30  89  71  80   6   0  15 0.00  0.0    0  8.7 18 120   M    M   1        24  90
================================================================================
SM 2548 1962         0 311  1.38     0.0 247.3          M       78
================================================================================
AV 84.9 65.4                               8.2 FASTST   M    M   3    MAX(MPH)
                                 MISC ---->  # 32 180               # 39  190
================================================================================
NOTES:
# LAST OF SEVERAL OCCURRENCES

COLUMN 17 PEAK WIND IN M.P.H.

PRELIMINARY LOCAL CLIMATOLOGICAL DATA (WS FORM: F-6) , PAGE 2

                                          STATION:  ORLANDO EXEC
                                          MONTH:    APRIL
                                          YEAR:     2016
                                          LATITUDE:   28 32 N
                                          LONGITUDE:  81 20 W

[TEMPERATURE DATA]      [PRECIPITATION DATA]       SYMBOLS USED IN COLUMN 16

AVERAGE MONTHLY: 75.2   TOTAL FOR MONTH:   1.38    1 = FOG OR MIST
DPTR FM NORMAL:   3.3   DPTR FM NORMAL:   -1.11    2 = FOG REDUCING VISIBILITY
HIGHEST:    93 ON 29    GRTST 24HR  0.40 ON 28-28      TO 1/4 MILE OR LESS
LOWEST:     60 ON 10, 3                            3 = THUNDER
                        SNOW, ICE PELLETS, HAIL    4 = ICE PELLETS
                        TOTAL MONTH:   0.0 INCH    5 = HAIL
                        GRTST 24HR     0.0         6 = FREEZING RAIN OR DRIZZLE
                        GRTST DEPTH:   0           7 = DUSTSTORM OR SANDSTORM:
                                                       VSBY 1/2 MILE OR LESS
                                                   8 = SMOKE OR HAZE
[NO. OF DAYS WITH]      [WEATHER - DAYS WITH]      9 = BLOWING SNOW
                                                   X = TORNADO
MAX 32 OR BELOW:   0    0.01 INCH OR MORE:   9
MAX 90 OR ABOVE:   3    0.10 INCH OR MORE:   5
MIN 32 OR BELOW:   0    0.50 INCH OR MORE:   0
MIN  0 OR BELOW:   0    1.00 INCH OR MORE:   0

[HDD (BASE 65) ]
TOTAL THIS MO.     0    CLEAR  (SCALE 0-3)  21
DPTR FM NORMAL   -11    PTCLDY (SCALE 4-7)   9
TOTAL FM JUL 1   304    CLOUDY (SCALE 8-10)  0
DPTR FM NORMAL  -226

[CDD (BASE 65) ]
TOTAL THIS MO.   311
DPTR FM NORMAL    93    [PRESSURE DATA]
TOTAL FM JAN 1   648    HIGHEST SLP 30.28 ON 11
DPTR FM NORMAL   209    LOWEST  SLP 29.83 ON  2

[REMARKS]
#FINAL-04-16#
