000
CXUS56 KMFR 211000
CF6OTH
PRELIMINARY LOCAL CLIMATOLOGICAL DATA (WS FORM: F-6)

                                          STATION:   NORTH BEND OR
                                          MONTH:     JANUARY
                                          YEAR:      2017
                                          LATITUDE:   43 25 N
                                          LONGITUDE: 124 15 W

  TEMPERATURE IN F:       :PCPN:    SNOW:  WIND      :SUNSHINE: SKY     :PK WND
================================================================================
1   2   3   4   5  6A  6B    7    8   9   10  11  12  13   14  15   16   17  18
                                     12Z  AVG MX 2MIN
DY MAX MIN AVG DEP HDD CDD  WTR  SNW DPTH SPD SPD DIR MIN PSBL S-S WX    SPD DR
================================================================================

 1  46  36  41  -4  24   0 0.43    M    M 14.0 32 300   M    M  10        41 270
 2  43  34  39  -7  26   0 0.12    M    M  8.1 12 170   0    0   0         M  M
 3  41  30  36 -10  29   0 0.00    M    M  5.8  9  50   M    M   0         M  M
 4  39  32  36 -10  29   0 0.17    M    M  6.4 13  60   M    M   9        16 130
 5  43  28  36 -10  29   0 0.00    M    M  9.5 16 110   M    M   0        23 130
 6  46  28  37  -9  28   0 0.00    M    M  7.9 13 160   M    M   2         M  M
 7  52  37  45  -1  20   0 0.83    M    M  7.0 13 110   M    M  10         M  M
 8  55  45  50   4  15   0 1.97    M    M  9.4 17 260   M    M   9        25 260
 9  48  39  44  -2  21   0 0.77    M    M 10.3 15 170   M    M   9        28 250
10  54  43  49   3  16   0 1.00    M    M  9.9 18 330   M    M  10        27 200
11  48  34  41  -5  24   0 0.07    M    M  5.3 15 310   M    M   7        21 310
12  46  30  38  -8  27   0 0.00    M    M  5.0  9  90   M    M   1         M  M
13  52  30  41  -5  24   0 0.00    M    M  4.7 10  90   M    M   0         M  M
14  52  32  42  -4  23   0 0.00    M    M  5.1  9 110   M    M   0         M  M
15  52  34  43  -3  22   0 0.00    M    M  4.8  9 160   M    M   1         M  M
16  57  37  47   1  18   0 0.00    M    M  6.9 13 140   M    M   1         M  M
17  59  41  50   4  15   0 0.55    M    M 10.3 21 200   M    M   8        40 200
18  61  48  55   9  10   0 1.57    M    M 15.0 28 200   M    M  10        46 190
19  54  46  50   4  15   0 0.13    M    M  8.0 13 170   M    M   9        16 180
20  52  43  48   2  17   0 0.32    M    M  8.5 16 170   M    M   9        20 140
================================================================================
SM 1000  727       432   0  7.93    M    161.9            0    105
================================================================================
AV 50.0 36.4                               8.1 FASTST    0   0   5    MAX(MPH)
                                 MISC ---->    32   M               # 46  190
================================================================================
NOTES:
# LAST OF SEVERAL OCCURRENCES

COLUMN 17 PEAK WIND IN M.P.H.

PRELIMINARY LOCAL CLIMATOLOGICAL DATA (WS FORM: F-6) , PAGE 2

                                          STATION:  NORTH BEND OR
                                          MONTH:    JANUARY
                                          YEAR:     2017
                                          LATITUDE:   43 25 N
                                          LONGITUDE: 124 15 W

[TEMPERATURE DATA]      [PRECIPITATION DATA]       SYMBOLS USED IN COLUMN 16

AVERAGE MONTHLY: 43.2   TOTAL FOR MONTH:   7.93    1 = FOG OR MIST
DPTR FM NORMAL:  -2.8   DPTR FM NORMAL:    1.00    2 = FOG REDUCING VISIBILITY
HIGHEST:    61 ON 18    GRTST 24HR  1.97 ON  8- 8      TO 1/4 MILE OR LESS
LOWEST:     28 ON  6, 5                            3 = THUNDER
                        SNOW, ICE PELLETS, HAIL    4 = ICE PELLETS
                        TOTAL MONTH:    M          5 = HAIL
                        GRTST 24HR    M  ON   M    6 = FREEZING RAIN OR DRIZZLE
                        GRTST DEPTH:  M  ON   M    7 = DUSTSTORM OR SANDSTORM:
                                                       VSBY 1/2 MILE OR LESS
                                                   8 = SMOKE OR HAZE
[NO. OF DAYS WITH]      [WEATHER - DAYS WITH]      9 = BLOWING SNOW
                                                   X = TORNADO
MAX 32 OR BELOW:   0    0.01 INCH OR MORE:  12
MAX 90 OR ABOVE:   0    0.10 INCH OR MORE:  11
MIN 32 OR BELOW:   7    0.50 INCH OR MORE:   6
MIN  0 OR BELOW:   0    1.00 INCH OR MORE:   3

[HDD (BASE 65) ]
TOTAL THIS MO.   432    CLEAR  (SCALE 0-3)   9
DPTR FM NORMAL    50    PTCLDY (SCALE 4-7)   2
TOTAL FM JUL 1  2086    CLOUDY (SCALE 8-10)  9
DPTR FM NORMAL  -357

[CDD (BASE 65) ]
TOTAL THIS MO.     0
DPTR FM NORMAL     0    [PRESSURE DATA]
TOTAL FM JAN 1     0    HIGHEST SLP  0.00 ON M
DPTR FM NORMAL     0    LOWEST  SLP  0.00 ON 20

[REMARKS]
