000
CXUS53 KARX 280930
CF6OVS
PRELIMINARY LOCAL CLIMATOLOGICAL DATA (WS FORM: F-6)

                                          STATION:   BOSCOBEL_(ASOS) WI
                                          MONTH:     MAY
                                          YEAR:      2017
                                          LATITUDE:   43  9 N
                                          LONGITUDE:  90 41 W

  TEMPERATURE IN F:       :PCPN:    SNOW:  WIND      :SUNSHINE: SKY     :PK WND
================================================================================
1   2   3   4   5  6A  6B    7    8   9   10  11  12  13   14  15   16   17  18
                                     12Z  AVG MX 2MIN
DY MAX MIN AVG DEP HDD CDD  WTR  SNW DPTH SPD SPD DIR MIN PSBL S-S WX    SPD DR
================================================================================

 1  51  39  45  -9  20   0 0.49    M    0  5.8 16 270   M    M  10 1      24 260
 2  58  34  46  -9  19   0 0.01  0.0    0  8.7 21 280   M    M   7 8      27 330
 3  65  29  47  -8  18   0 0.00  0.0    0  2.1 10 180   M    M   2 128    14  90
 4  72  33  53  -2  12   0 0.00  0.0    0  4.2 17  10   M    M   3 12     23 350
 5  72  36  54  -2  11   0 0.02  0.0    0  4.6 17 350   M    M   1 18     23 350
 6  69  43  56   0   9   0 0.00  0.0    0  6.4 17 320   M    M   2 1      25  10
 7  68  36  52  -4  13   0 0.00  0.0    0  3.2 14 360   M    M   0 18     23 330
 8  69  37  53  -4  12   0 0.16  0.0    0  5.4 17 350   M    M   3 138    25 340
 9  64  47  56  -1   9   0 0.32  0.0    0  3.1  9  80   M    M   7 13     15  50
10  67  50  59   2   6   0 0.42  0.0    0  1.2  9  20   M    M   9 128    12  20
11  75  48  62   4   3   0 0.00  0.0    0  2.4 10 330   M    M   6 128    13 330
12  75  44  60   2   5   0 0.00  0.0    0  2.8 15 350   M    M   2 12     22 360
13  85  52  69  11   0   4 0.00  0.0    0  5.3 22 310   M    M   2        26 320
14  84  48  66   8   0   1 0.00  0.0    0  3.3 15  80   M    M   2 12     23 100
15  84  50  67   8   0   2 0.23  0.0    0  3.7 26 300   M    M   1 13     37 280
16  88  59  74  15   0   9 0.00  0.0    0  8.9 23 200   M    M   4 13     33 200
17  84  62  73  14   0   8 0.61  0.0    0  6.6 37 220   M    M   4 13     52 220
18  65  49  57  -2   8   0 0.02    M    0  8.3 17 300   M    M   8 1      23  20
19  58  43  51  -9  14   0 0.20  0.0    0  7.1 16  80   M    M   6 1      25  40
20  55  45  50 -10  15   0 0.55  0.0    0  6.6 13  70   M    M  10 1      22  60
21  55  50  53  -7  12   0 0.01  0.0    0  9.0 18 270   M    M   9 1      26 260
22  71  40  56  -4   9   0 0.54  0.0    0  4.8 15 290   M    M   5 13     19 310
23  65  50  58  -3   7   0 0.32  0.0    0  3.0 10 300   M    M   9 13     14 300
24  60  47  54  -7  11   0 0.00  0.0    0  4.7 12  10   M    M   9 1      15  10
25  74  53  64   3   1   0    T  0.0    0  3.3  8 120   M    M   6 1      14 200
26  70  51  61  -1   4   0    T  0.0    0  1.5  9 100   M    M   6 12     12 100
27  77  51  64   2   1   0 0.03  0.0    0  1.4  8 260   M    M   7 128    11 210
================================================================================
SM 1880 1226       219  24  3.93     0.0 127.4          M      140
================================================================================
AV 69.6 45.4                               4.7 FASTST   M    M   5    MAX(MPH)
                                 MISC ---->  # 37 220               # 52  220
================================================================================
NOTES:
# LAST OF SEVERAL OCCURRENCES

COLUMN 17 PEAK WIND IN M.P.H.

PRELIMINARY LOCAL CLIMATOLOGICAL DATA (WS FORM: F-6) , PAGE 2

                                          STATION:  BOSCOBEL_(ASOS) WI
                                          MONTH:    MAY
                                          YEAR:     2017
                                          LATITUDE:   43  9 N
                                          LONGITUDE:  90 41 W

[TEMPERATURE DATA]      [PRECIPITATION DATA]       SYMBOLS USED IN COLUMN 16

AVERAGE MONTHLY: 57.5   TOTAL FOR MONTH:   3.93    1 = FOG OR MIST
DPTR FM NORMAL:  -0.7   DPTR FM NORMAL:    0.24    2 = FOG REDUCING VISIBILITY
HIGHEST:    88 ON 16    GRTST 24HR  0.61 ON 17-17      TO 1/4 MILE OR LESS
LOWEST:     29 ON  3                               3 = THUNDER
                        SNOW, ICE PELLETS, HAIL    4 = ICE PELLETS
                        TOTAL MONTH:   0.0 INCH    5 = HAIL
                        GRTST 24HR     0.0         6 = FREEZING RAIN OR DRIZZLE
                        GRTST DEPTH:   0           7 = DUSTSTORM OR SANDSTORM:
                                                       VSBY 1/2 MILE OR LESS
                                                   8 = SMOKE OR HAZE
[NO. OF DAYS WITH]      [WEATHER - DAYS WITH]      9 = BLOWING SNOW
                                                   X = TORNADO
MAX 32 OR BELOW:   0    0.01 INCH OR MORE:  15
MAX 90 OR ABOVE:   0    0.10 INCH OR MORE:  10
MIN 32 OR BELOW:   1    0.50 INCH OR MORE:   3
MIN  0 OR BELOW:   0    1.00 INCH OR MORE:   0

[HDD (BASE 65) ]
TOTAL THIS MO.   219    CLEAR  (SCALE 0-3)   9
DPTR FM NORMAL    14    PTCLDY (SCALE 4-7)  12
TOTAL FM JUL 1  5860    CLOUDY (SCALE 8-10)  6
DPTR FM NORMAL -1151

[CDD (BASE 65) ]
TOTAL THIS MO.    24
DPTR FM NORMAL     2    [PRESSURE DATA]
TOTAL FM JAN 1    30    HIGHEST SLP M ON M
DPTR FM NORMAL     4    LOWEST  SLP 29.32 ON  1

[REMARKS]
