000
CXUS55 KPAH 210634
CF6OWB
PRELIMINARY LOCAL CLIMATOLOGICAL DATA (WS FORM: F-6)

                                          STATION:   OWENSBORO KY
                                          MONTH:     OCTOBER
                                          YEAR:      2014
                                          LATITUDE:   37 45 N
                                          LONGITUDE:  87 10 W

  TEMPERATURE IN F:       :PCPN:    SNOW:  WIND      :SUNSHINE: SKY     :PK WND
================================================================================
1   2   3   4   5  6A  6B    7    8   9   10  11  12  13   14  15   16   17  18
                                     12Z  AVG MX 2MIN
DY MAX MIN AVG DEP HDD CDD  WTR  SNW DPTH SPD SPD DIR MIN PSBL S-S WX    SPD DR
================================================================================

 1  89  60  75   9   0  10 0.00  0.0    0  5.0 13 250   M    M   2 18     16 200
 2  91  64  78  13   0  13    T  0.0    0 10.8 23 200   M    M   4 8      27 210
 3  77  47  62  -3   3   0 0.31  0.0    0 14.2 28 270   M    M   6 1      33 320
 4  57  39  48 -17  17   0 0.00  0.0    0  9.5 25 270   M    M   2        31 270
 5  73  36  55  -9  10   0    T    M    0  8.6 24 210   M    M   3        28 210
 6  73  53  63  -1   2   0 0.05  0.0    0  8.7 23 240   M    M   6 13     27 240
 7  77  53  65   1   0   0 0.09  0.0    0 10.2 24 220   M    M   4 1      29 220
 8  79  47  63   0   2   0 0.00  0.0    0  3.5 15 270   M    M   0        17 300
 9  80  53  67   4   0   2 0.01  0.0    0  4.5 18 320   M    M   3 1      22 310
10  65  53  59  -3   6   0 0.50    M    0  7.4 23 250   M    M   9 1      29 250
11  58  52  55  -7  10   0 0.02  0.0    0  7.0 10  60   M    M  10 1      11  30
12  75  55  65   3   0   0 0.11  0.0    0  6.5 10 170   M    M   8 1      14 170
13  80  65  73  11   0   8 1.19  0.0    0 15.0 25 150   M    M   7 13     38 150
14  67  56  62   1   3   0 0.26  0.0    0 15.3 27 220   M    M   9 1      33 230
15  57  53  55  -6  10   0 0.22  0.0    0 10.5 14 280   M    M  10 1      20 270
16  63  52  58  -3   7   0 0.01  0.0    0  8.2 12 290   M    M   7 1      15  M
17  76  51  64   4   1   0 0.00  0.0    0 10.9 22 280   M    M   1        28 270
18  62  48  55  -5  10   0    T    M    0  8.7 18 310   M    M   8        22 310
19  61  40  51  -9  14   0 0.00  0.0    0  4.0 10  30   M    M   2 18     13  40
20  72  44  58  -1   7   0 0.00  0.0    0  8.3 20 230   M    M   3 1      22 230
================================================================================
SM 1432 1021       102  33  2.77     0.0 176.8          M      104
================================================================================
AV 71.6 51.0                               8.8 FASTST   M    M   5    MAX(MPH)
                                 MISC ---->  # 28 270               # 38  150
================================================================================
NOTES:
# LAST OF SEVERAL OCCURRENCES

COLUMN 17 PEAK WIND IN M.P.H.

PRELIMINARY LOCAL CLIMATOLOGICAL DATA (WS FORM: F-6) , PAGE 2

                                          STATION:  OWENSBORO KY
                                          MONTH:    OCTOBER
                                          YEAR:     2014
                                          LATITUDE:   37 45 N
                                          LONGITUDE:  87 10 W

[TEMPERATURE DATA]      [PRECIPITATION DATA]       SYMBOLS USED IN COLUMN 16

AVERAGE MONTHLY: 61.3   TOTAL FOR MONTH:   2.77    1 = FOG OR MIST
DPTR FM NORMAL:  -1.1   DPTR FM NORMAL:    0.60    2 = FOG REDUCING VISIBILITY
HIGHEST:    91 ON  2    GRTST 24HR  1.19 ON 13-13      TO 1/4 MILE OR LESS
LOWEST:     36 ON  5                               3 = THUNDER
                        SNOW, ICE PELLETS, HAIL    4 = ICE PELLETS
                        TOTAL MONTH:   0.0 INCH    5 = HAIL
                        GRTST 24HR     0.0         6 = FREEZING RAIN OR DRIZZLE
                        GRTST DEPTH:   0           7 = DUSTSTORM OR SANDSTORM:
                                                       VSBY 1/2 MILE OR LESS
                                                   8 = SMOKE OR HAZE
[NO. OF DAYS WITH]      [WEATHER - DAYS WITH]      9 = BLOWING SNOW
                                                   X = TORNADO
MAX 32 OR BELOW:   0    0.01 INCH OR MORE:  11
MAX 90 OR ABOVE:   1    0.10 INCH OR MORE:   6
MIN 32 OR BELOW:   0    0.50 INCH OR MORE:   2
MIN  0 OR BELOW:   0    1.00 INCH OR MORE:   1

[HDD (BASE 65) ]
TOTAL THIS MO.   102    CLEAR  (SCALE 0-3)   6
DPTR FM NORMAL     9    PTCLDY (SCALE 4-7)  10
TOTAL FM JUL 1   130    CLOUDY (SCALE 8-10)  4
DPTR FM NORMAL    10

[CDD (BASE 65) ]
TOTAL THIS MO.    33
DPTR FM NORMAL   -10    [PRESSURE DATA]
TOTAL FM JAN 1  1454    HIGHEST SLP M ON M
DPTR FM NORMAL  -290    LOWEST  SLP M ON M

[REMARKS]
