000
CXUS56 KLKN 181009
CF6P68
PRELIMINARY LOCAL CLIMATOLOGICAL DATA (WS FORM: F-6)

                                          STATION:   EUREKA AIRPORT NV
                                          MONTH:     AUGUST
                                          YEAR:      2017
                                          LATITUDE:   39 30 N
                                          LONGITUDE: 115 58 W

  TEMPERATURE IN F:       :PCPN:    SNOW:  WIND      :SUNSHINE: SKY     :PK WND
================================================================================
1   2   3   4   5  6A  6B    7    8   9   10  11  12  13   14  15   16   17  18
                                     12Z  AVG MX 2MIN
DY MAX MIN AVG DEP HDD CDD  WTR  SNW DPTH SPD SPD DIR MIN PSBL S-S WX    SPD DR
================================================================================

 1  97  52  75   5   0  10 0.00    M    M  6.5 17 350   M    M   M        22 290
 2  99  52  76   6   0  11 0.00    M    M  6.2 18  10   M    M   M        26  10
 3  96  64  80  10   0  15 0.00    M    M  6.9 28 340   M    M   M        34 340
 4  95  58  77   7   0  12 0.00    M    M  6.9 23 270   M    M   M        29 270
 5  92  55  74   4   0   9 0.00    M    M  7.5 24 250   M    M   M        32 250
 6  81  58  70   1   0   5 0.41    M    M  8.2 35 240   M    M   M        43 240
 7  81  52  67  -2   0   2 0.04    M    M  7.6 24 260   M    M   M        37 260
 8  85  52  69   0   0   4 0.00    M    M  3.5 25 200   M    M   M        32 210
 9  87  54  71   2   0   6 0.00    M    M  6.6 24  30   M    M   M        27  30
10  89  48  69   0   0   4 0.00    M    M  4.6 16 260   M    M   M        22 260
11  91  48  70   2   0   5 0.00    M    M  7.3 22 260   M    M   M        31 240
12  92  52  72   4   0   7 0.00    M    M  6.4 18 270   M    M   M        23 260
13  92  51  72   4   0   7 0.00    M    M  8.0 22 240   M    M   M        26 250
14  76  50  63  -5   2   0 0.00    M    M  6.3 24 350   M    M   M        31 360
15  82  43  63  -5   2   0 0.00    M    M  4.0 13  20   M    M   M        18  40
16  83  49  66  -1   0   1 0.00    M    M  5.0 18 230   M    M   M        24 240
17  88  51  70   3   0   5 0.00    M    M  5.9 14  30   M    M   M        19 340
================================================================================
SM 1506  889         4 103  0.45    M    107.4          M        M
================================================================================
AV 88.6 52.3                               6.3 FASTST   M    M   1    MAX(MPH)
                                 MISC ---->  # 35 240               # 43  240
================================================================================
NOTES:
# LAST OF SEVERAL OCCURRENCES

COLUMN 17 PEAK WIND IN M.P.H.

PRELIMINARY LOCAL CLIMATOLOGICAL DATA (WS FORM: F-6) , PAGE 2

                                          STATION:  EUREKA AIRPORT NV
                                          MONTH:    AUGUST
                                          YEAR:     2017
                                          LATITUDE:   39 30 N
                                          LONGITUDE: 115 58 W

[TEMPERATURE DATA]      [PRECIPITATION DATA]       SYMBOLS USED IN COLUMN 16

AVERAGE MONTHLY: 70.4   TOTAL FOR MONTH:   0.45    1 = FOG OR MIST
DPTR FM NORMAL:   1.7   DPTR FM NORMAL:    0.13    2 = FOG REDUCING VISIBILITY
HIGHEST:    99 ON  2    GRTST 24HR  0.41 ON  6- 6      TO 1/4 MILE OR LESS
LOWEST:     43 ON 15                               3 = THUNDER
                        SNOW, ICE PELLETS, HAIL    4 = ICE PELLETS
                        TOTAL MONTH:    M          5 = HAIL
                        GRTST 24HR    M  ON   M    6 = FREEZING RAIN OR DRIZZLE
                        GRTST DEPTH:  M  ON   M    7 = DUSTSTORM OR SANDSTORM:
                                                       VSBY 1/2 MILE OR LESS
                                                   8 = SMOKE OR HAZE
[NO. OF DAYS WITH]      [WEATHER - DAYS WITH]      9 = BLOWING SNOW
                                                   X = TORNADO
MAX 32 OR BELOW:   0    0.01 INCH OR MORE:   2
MAX 90 OR ABOVE:   8    0.10 INCH OR MORE:   1
MIN 32 OR BELOW:   0    0.50 INCH OR MORE:   0
MIN  0 OR BELOW:   0    1.00 INCH OR MORE:   0

[HDD (BASE 65) ]
TOTAL THIS MO.     4    CLEAR  (SCALE 0-3)   0
DPTR FM NORMAL    -6    PTCLDY (SCALE 4-7)   0
TOTAL FM JUL 1     4    CLOUDY (SCALE 8-10)  0
DPTR FM NORMAL   -19

[CDD (BASE 65) ]
TOTAL THIS MO.   103
DPTR FM NORMAL    31    [PRESSURE DATA]
TOTAL FM JAN 1   435    HIGHEST SLP M ON M
DPTR FM NORMAL   188    LOWEST  SLP 29.72 ON 13

[REMARKS]
