000
CXUS52 KMFL 271000
CF6PBI
PRELIMINARY LOCAL CLIMATOLOGICAL DATA (WS FORM: F-6)

                                          STATION:   WEST PALM BEACH
                                          MONTH:     FEBRUARY
                                          YEAR:      2017
                                          LATITUDE:   26 40 N
                                          LONGITUDE:  80  7 W

  TEMPERATURE IN F:       :PCPN:    SNOW:  WIND      :SUNSHINE: SKY     :PK WND
================================================================================
1   2   3   4   5  6A  6B    7    8   9   10  11  12  13   14  15   16   17  18
                                     12Z  AVG MX 2MIN
DY MAX MIN AVG DEP HDD CDD  WTR  SNW DPTH SPD SPD DIR MIN PSBL S-S WX    SPD DR
================================================================================

 1  76  52  64  -2   1   0 0.00  0.0    0  4.5 14 110   M    M   4        18 110
 2  78  55  67   0   0   2 0.00  0.0    0  5.8 14 100   M    M   4        17  80
 3  79  59  69   2   0   4 0.00  0.0    0  4.8 14 100   M    M   3        17  90
 4  79  59  69   2   0   4 0.00  0.0    0  6.2 13  50   M    M   2        16  40
 5  81  60  71   4   0   6 0.00  0.0    0  4.5 13 110   M    M   5        14  90
 6  80  62  71   4   0   6 0.00  0.0    0  8.4 16 100   M    M   5 1      25  80
 7  81  69  75   8   0  10 0.01  0.0    0  9.8 20 140   M    M   5        24 140
 8  87  64  76   9   0  11 0.00  0.0    0  7.5 17 230   M    M   4 1      25 240
 9  85  66  76   9   0  11    T  0.0    0 11.0 23 300   M    M   4 1      28 270
10  75  60  68   1   0   3 0.00  0.0    0 11.5 18  50   M    M   4        26  20
11  78  60  69   1   0   4 0.00  0.0    0  7.5 17 120   M    M   3        21 110
12  79  57  68   0   0   3 0.00  0.0    0  5.4 13 120   M    M   2        16 120
13  80  58  69   1   0   4 0.00  0.0    0  7.0 17 320   M    M   2        22 330
14  84  59  72   4   0   7 0.00  0.0    0  6.9 16 170   M    M   3 12     20 170
15  86  60  73   5   0   8 0.02  0.0    0 13.4 24 250   M    M   3        37 250
16  77  57  67  -1   0   2 0.00  0.0    0 12.0 22 300   M    M   6        33 290
17  77  51  64  -4   1   0 0.00  0.0    0  6.9 15 130   M    M   4        20 110
18  81  58  70   2   0   5 0.00  0.0    0  9.1 20 140   M    M   6        24 130
19  88  65  77   9   0  12 0.00  0.0    0 10.5 21 300   M    M   5 1      24 290
20  81  60  71   3   0   6 0.00  0.0    0  6.5 15  70   M    M   4        20  70
21  79  65  72   4   0   7 0.00  0.0    0 10.5 18 110   M    M   6        23 110
22  77  62  70   2   0   5 1.70  0.0    0 12.7 25 140   M    M   8 13     33 130
23  79  57  68  -1   0   3 0.00  0.0    0  7.7 12 280   M    M   5 1      22 230
24  83  62  73   4   0   8 0.00  0.0    0  7.8 16  20   M    M   4 1      20  10
25  85  60  73   4   0   8 0.00  0.0    0  5.6 13 150   M    M   4 1       M  M
26  81  63  72   3   0   7 0.00  0.0    0 11.6 17  40   M    M   4        24  50
================================================================================
SM 2096 1560         2 146  1.73     0.0 215.1          M      109
================================================================================
AV 80.6 60.0                               8.3 FASTST   M    M   4    MAX(MPH)
                                 MISC ---->  # 25 140               # 37  250
================================================================================
NOTES:
# LAST OF SEVERAL OCCURRENCES

COLUMN 17 PEAK WIND IN M.P.H.

PRELIMINARY LOCAL CLIMATOLOGICAL DATA (WS FORM: F-6) , PAGE 2

                                          STATION:  WEST PALM BEACH
                                          MONTH:    FEBRUARY
                                          YEAR:     2017
                                          LATITUDE:   26 40 N
                                          LONGITUDE:  80  7 W

[TEMPERATURE DATA]      [PRECIPITATION DATA]       SYMBOLS USED IN COLUMN 16

AVERAGE MONTHLY: 70.3   TOTAL FOR MONTH:   1.73    1 = FOG OR MIST
DPTR FM NORMAL:   2.6   DPTR FM NORMAL:   -0.86    2 = FOG REDUCING VISIBILITY
HIGHEST:    88 ON 19    GRTST 24HR  1.70 ON 22-22      TO 1/4 MILE OR LESS
LOWEST:     51 ON 17                               3 = THUNDER
                        SNOW, ICE PELLETS, HAIL    4 = ICE PELLETS
                        TOTAL MONTH:   0.0 INCH    5 = HAIL
                        GRTST 24HR     0.0         6 = FREEZING RAIN OR DRIZZLE
                        GRTST DEPTH:   0           7 = DUSTSTORM OR SANDSTORM:
                                                       VSBY 1/2 MILE OR LESS
                                                   8 = SMOKE OR HAZE
[NO. OF DAYS WITH]      [WEATHER - DAYS WITH]      9 = BLOWING SNOW
                                                   X = TORNADO
MAX 32 OR BELOW:   0    0.01 INCH OR MORE:   3
MAX 90 OR ABOVE:   0    0.10 INCH OR MORE:   1
MIN 32 OR BELOW:   0    0.50 INCH OR MORE:   1
MIN  0 OR BELOW:   0    1.00 INCH OR MORE:   1

[HDD (BASE 65) ]
TOTAL THIS MO.     2    CLEAR  (SCALE 0-3)   6
DPTR FM NORMAL   -44    PTCLDY (SCALE 4-7)  20
TOTAL FM JUL 1    52    CLOUDY (SCALE 8-10)  0
DPTR FM NORMAL  -151

[CDD (BASE 65) ]
TOTAL THIS MO.   146
DPTR FM NORMAL    28    [PRESSURE DATA]
TOTAL FM JAN 1   317    HIGHEST SLP M ON M
DPTR FM NORMAL    91    LOWEST  SLP 29.91 ON 21

[REMARKS]
