000
CXUS52 KMFL 281000
CF6PBI
PRELIMINARY LOCAL CLIMATOLOGICAL DATA (WS FORM: F-6)

                                          STATION:   WEST PALM BEACH
                                          MONTH:     DECEMBER
                                          YEAR:      2014
                                          LATITUDE:   26 40 N
                                          LONGITUDE:  80  7 W

  TEMPERATURE IN F:       :PCPN:    SNOW:  WIND      :SUNSHINE: SKY     :PK WND
================================================================================
1   2   3   4   5  6A  6B    7    8   9   10  11  12  13   14  15   16   17  18
                                     12Z  AVG MX 2MIN
DY MAX MIN AVG DEP HDD CDD  WTR  SNW DPTH SPD SPD DIR MIN PSBL S-S WX    SPD DR
================================================================================

 1  81  73  77   7   0  12    T  0.0    0 16.5 28  70   M    M   6        34  80
 2  81  74  78   8   0  13    T  0.0    0 16.2 24  90   M    M   7        31  90
 3  81  71  76   6   0  11 0.40  0.0    0 12.4 21  50   M    M   6 1      27  60
 4  82  74  78   8   0  13 0.01  0.0    0 13.6 18  70   M    M   6        25  60
 5  82  75  79   9   0  14 0.00  0.0    0 14.0 21  70   M    M   6        27  90
 6  80  67  74   4   0   9 0.00  0.0    0  6.7 15  90   M    M   3        18 100
 7  77  62  70   0   0   5 0.00  0.0    0  8.1 17 340   M    M   4        21 340
 8  76  57  67  -2   0   2 0.00  0.0    0  5.9 12 270   M    M   5 12     15  10
 9  71  54  63  -6   2   0    T  0.0    0 10.8 18 310   M    M   6 1      23 300
10  66  48  57 -12   8   0 0.00  0.0    0  9.0 18 340   M    M   3        25 320
11  68  46  57 -12   8   0 0.00  0.0    0  5.9 21 280   M    M   3        24 290
12  69  49  59 -10   6   0 0.00  0.0    0  7.7 15 330   M    M   7        18 320
13  75  53  64  -4   1   0 0.00  0.0    0  9.5 15  50   M    M   4        19 360
14  76  54  65  -3   0   0 0.00  0.0    0  5.9 12 310   M    M   3        17 280
15  78  51  65  -3   0   0 0.00  0.0    0  3.3 12 290   M    M   3        16 230
16  78  55  67  -1   0   2 0.00  0.0    0  4.0 12 270   M    M   2        15 270
17  79  52  66  -2   0   1 0.00  0.0    0  3.8 12 290   M    M   3        14 240
18  77  56  67  -1   0   2 0.00  0.0    0  5.2 14 290   M    M   4 1      22 280
19  79  54  67  -1   0   2 0.00  0.0    0  4.6 10 110   M    M   5        13 110
20  79  58  69   2   0   4 0.00  0.0    0  4.4 15 140   M    M   5 1      22 120
21  82  61  72   5   0   7 0.00  0.0    0  5.0 17 130   M    M   5 1      21 130
22  84  65  75   8   0  10 0.00  0.0    0  6.9 20 150   M    M   7 1      23 150
23  83  66  75   8   0  10 0.00  0.0    0  9.3 22 150   M    M   5 1      28 150
24  85  76  81  14   0  16 0.03  0.0    0 13.4 21 150   M    M   6        26 150
25  79  66  73   6   0   8 0.75  0.0    0  8.0 25 270   M    M   8 13     32 280
26  76  64  70   3   0   5 0.19  0.0    0  6.7 12 110   M    M   9 1      14  50
27  82  69  76  10   0  11 0.00  0.0    0  4.4 12 140   M    M   8 1      13 120
================================================================================
SM 2106 1650        25 157  1.38     0.0 221.2          M      139
================================================================================
AV 78.0 61.1                               8.2 FASTST   M    M   5    MAX(MPH)
                                 MISC ---->  # 28  70               # 34   80
================================================================================
NOTES:
# LAST OF SEVERAL OCCURRENCES

COLUMN 17 PEAK WIND IN M.P.H.

PRELIMINARY LOCAL CLIMATOLOGICAL DATA (WS FORM: F-6) , PAGE 2

                                          STATION:  WEST PALM BEACH
                                          MONTH:    DECEMBER
                                          YEAR:     2014
                                          LATITUDE:   26 40 N
                                          LONGITUDE:  80  7 W

[TEMPERATURE DATA]      [PRECIPITATION DATA]       SYMBOLS USED IN COLUMN 16

AVERAGE MONTHLY: 69.6   TOTAL FOR MONTH:   1.38    1 = FOG OR MIST
DPTR FM NORMAL:   1.2   DPTR FM NORMAL:   -1.57    2 = FOG REDUCING VISIBILITY
HIGHEST:    85 ON 24    GRTST 24HR  0.78 ON 24-25      TO 1/4 MILE OR LESS
LOWEST:     46 ON 11                               3 = THUNDER
                        SNOW, ICE PELLETS, HAIL    4 = ICE PELLETS
                        TOTAL MONTH:   0.0 INCH    5 = HAIL
                        GRTST 24HR     0.0         6 = FREEZING RAIN OR DRIZZLE
                        GRTST DEPTH:   0           7 = DUSTSTORM OR SANDSTORM:
                                                       VSBY 1/2 MILE OR LESS
                                                   8 = SMOKE OR HAZE
[NO. OF DAYS WITH]      [WEATHER - DAYS WITH]      9 = BLOWING SNOW
                                                   X = TORNADO
MAX 32 OR BELOW:   0    0.01 INCH OR MORE:   5
MAX 90 OR ABOVE:   0    0.10 INCH OR MORE:   3
MIN 32 OR BELOW:   0    0.50 INCH OR MORE:   1
MIN  0 OR BELOW:   0    1.00 INCH OR MORE:   0

[HDD (BASE 65) ]
TOTAL THIS MO.    25    CLEAR  (SCALE 0-3)   6
DPTR FM NORMAL   -21    PTCLDY (SCALE 4-7)  20
TOTAL FM JUL 1    42    CLOUDY (SCALE 8-10)  1
DPTR FM NORMAL   -16

[CDD (BASE 65) ]
TOTAL THIS MO.   157
DPTR FM NORMAL    18    [PRESSURE DATA]
TOTAL FM JAN 1  4297    HIGHEST SLP M ON M
DPTR FM NORMAL   292    LOWEST  SLP 29.91 ON 24

[REMARKS]
