000
CXUS53 KARX 010930
CF6PDC
PRELIMINARY LOCAL CLIMATOLOGICAL DATA (WS FORM: F-6)

                                          STATION:   PRAIRIE_DU_CHIEN_MUN
                                          MONTH:     JANUARY
                                          YEAR:      2015
                                          LATITUDE:   43  1 N
                                          LONGITUDE:  91  7 W

  TEMPERATURE IN F:       :PCPN:    SNOW:  WIND      :SUNSHINE: SKY     :PK WND
================================================================================
1   2   3   4   5  6A  6B    7    8   9   10  11  12  13   14  15   16   17  18
                                     12Z  AVG MX 2MIN
DY MAX MIN AVG DEP HDD CDD  WTR  SNW DPTH SPD SPD DIR MIN PSBL S-S WX    SPD DR
================================================================================

 1  33  13  23   M  42   0 0.00  0.0    0  7.9 14 260   M    M   5        22 260
 2  30  14  22   M  43   0    M    M    0  0.6  6 100   M    M   2         M  M
 3  33  27  30   M  35   0 0.01    M    T  1.9  7 310   M    M  10 18      M  M
 4  31  -3  14   M  51   0    M    M    1 13.9 22 290   M    M   5 8      28 300
 5   4  -8  -2   M  67   0    M    M    1  6.0 14 270   M    M   4        17 280
 6   8 -11  -1   M  66   0    T    T    3  6.3 17 300   M    M   1        23 300
 7   5  -8  -1   M  66   0 0.00  0.0    3 12.3 20 300   M    M   0        27 310
 8  18  -9   5   M  60   0    M    M    3  9.8 23 290   M    M   7 8      33 280
 9   8  -5   2   M  63   0 0.00  0.0    4 14.6 27 290   M    M   2        32 290
10  24 -10   7   M  58   0 0.00  0.0    4  1.9  7 130   M    M   5         M  M
11  25   4  15   M  50   0 0.00  0.0    4  2.3  8 320   M    M   2         M  M
12  19  -5   7   M  58   0 0.00  0.0    3  7.5 16 320   M    M   1        20 320
13  19 -11   4   M  61   0 0.00  0.0    3  1.2  6 100   M    M   0         M  M
14  25   2  14   M  51   0 0.00  0.0    3  1.5  5 240   M    M   9         M  M
15  37  21  29   M  36   0 0.00  0.0    2  4.2 12 290   M    M   4        17 290
16  38  15  27   M  38   0 0.00  0.0    2  5.9 14 110   M    M   0 1      21 110
17  42  28  35   M  30   0 0.00  0.0    2  8.4 17 280   M    M   6        25 270
18  41  25  33   M  32   0 0.00  0.0    T  5.7 13 290   M    M   1         M  M
19  37  20  29   M  36   0    T  0.0    0  2.2  7 110   M    M   5 1       M  M
20  35  28  32   M  33   0    M    M    0  1.9  8  70   M    M  10 18      M  M
21  33  31  32   M  33   0    M    M    1  2.9  8  80   M    M  10 1       M  M
22  32  27  30   M  35   0 0.00  0.0    1  5.3 10 240   M    M  10         M  M
23  36  25  31   M  34   0 0.04  0.0    1  6.6 14 210   M    M   6        18 210
24  46  22  34   M  31   0 0.00  0.0    0  1.5  8 240   M    M   4 1       M  M
25  36  18  27   M  38   0    M    M    1  6.8 14  30   M    M   5        21  50
26  30  16  23   M  42   0    M    M    1  2.3  7 140   M    M  10 1       M  M
27  32  27  30   M  35   0 0.00  0.0    M  4.4 10  30   M    M  10 1       M  M
28  36  26  31   M  34   0 0.00  0.0    M  9.1 16 120   M    M   7 18     22 120
29  36  24  30   M  35   0 0.00  0.0    0 12.4 21 290   M    M   9 1      32 300
30  27  14  21   M  44   0 0.00  0.0    0  2.9  9 340   M    M   1        13 340
31  34  18  26   M  39   0    M    M    M  1.2 10  80   M    M   5         M  M
================================================================================
SM  890  375      1376   0  0.05    T    171.4          M      156
================================================================================
AV 28.7 12.1                               5.5 FASTST   M    M   5    MAX(MPH)
                                 MISC ---->  # 27 290                 33    M
================================================================================
NOTES:
# LAST OF SEVERAL OCCURRENCES

COLUMN 17 PEAK WIND IN M.P.H.

PRELIMINARY LOCAL CLIMATOLOGICAL DATA (WS FORM: F-6) , PAGE 2

                                          STATION:  PRAIRIE_DU_CHIEN_MUN
                                          MONTH:    JANUARY
                                          YEAR:     2015
                                          LATITUDE:   43  1 N
                                          LONGITUDE:  91  7 W

[TEMPERATURE DATA]      [PRECIPITATION DATA]       SYMBOLS USED IN COLUMN 16

AVERAGE MONTHLY: 20.4   TOTAL FOR MONTH:   0.05    1 = FOG OR MIST
DPTR FM NORMAL:     M   DPTR FM NORMAL:       M    2 = FOG REDUCING VISIBILITY
HIGHEST:    46 ON 24    GRTST 24HR  0.04 ON 23-23      TO 1/4 MILE OR LESS
LOWEST:    -11 ON 13, 6                            3 = THUNDER
                        SNOW, ICE PELLETS, HAIL    4 = ICE PELLETS
                        TOTAL MONTH:    T          5 = HAIL
                        GRTST 24HR    T  ON  6- 6  6 = FREEZING RAIN OR DRIZZLE
                        GRTST DEPTH:   4 ON 11,10  7 = DUSTSTORM OR SANDSTORM:
                                                       VSBY 1/2 MILE OR LESS
                                                   8 = SMOKE OR HAZE
[NO. OF DAYS WITH]      [WEATHER - DAYS WITH]      9 = BLOWING SNOW
                                                   X = TORNADO
MAX 32 OR BELOW:  16    0.01 INCH OR MORE:   2
MAX 90 OR ABOVE:   0    0.10 INCH OR MORE:   0
MIN 32 OR BELOW:  31    0.50 INCH OR MORE:   0
MIN  0 OR BELOW:   9    1.00 INCH OR MORE:   0

[HDD (BASE 65) ]
TOTAL THIS MO.  1376    CLEAR  (SCALE 0-3)  10
DPTR FM NORMAL     M    PTCLDY (SCALE 4-7)  13
TOTAL FM JUL 1  4158    CLOUDY (SCALE 8-10)  8
DPTR FM NORMAL     M

[CDD (BASE 65) ]
TOTAL THIS MO.     0
DPTR FM NORMAL     M    [PRESSURE DATA]
TOTAL FM JAN 1     0    HIGHEST SLP M ON M
DPTR FM NORMAL     M    LOWEST  SLP M ON M

[REMARKS]
#FINAL-01-15#
