000
CXUS56 KPDT 271032
CF6PDT
PRELIMINARY LOCAL CLIMATOLOGICAL DATA (WS FORM: F-6)

                                          STATION:   PENDLETON OR
                                          MONTH:     DECEMBER
                                          YEAR:      2014
                                          LATITUDE:   45 40 N
                                          LONGITUDE: 118 51 W

  TEMPERATURE IN F:       :PCPN:    SNOW:  WIND      :SUNSHINE: SKY     :PK WND
================================================================================
1   2   3   4   5  6A  6B    7    8   9   10  11  12  13   14  15   16   17  18
                                     12Z  AVG MX 2MIN
DY MAX MIN AVG DEP HDD CDD  WTR  SNW DPTH SPD SPD DIR MIN PSBL S-S WX    SPD DR
================================================================================

 1  24   7  16 -20  49   0 0.01    T    1  2.2  9 120   M    M   9 8      10 120
 2  24  22  23 -13  42   0 0.00  0.0    0  4.7 14  30   M    M  10 12     15  20
 3  26  22  24 -11  41   0 0.06    M    0  2.5  8 290   M    M  10 168    10 280
 4  31  26  29  -6  36   0 0.26  0.0    T  3.7  7 310   M    M  10 16     11  40
 5  32  29  31  -4  34   0 0.01  0.0    T  2.4  8  50   M    M  10 126     9  50
 6  48  29  39   5  26   0 0.21  0.0    0  6.2 24 280   M    M   5 126    32 280
 7  38  31  35   1  30   0 0.00  0.0    0  5.8 13 340   M    M   5 12     14 330
 8  38  34  36   2  29   0    T  0.0    0  2.4 10 290   M    M  10 12     12 290
 9  59  35  47  13  18   0 0.03    M    0  5.8 18 300   M    M   8 12     22 310
10  63  47  55  21  10   0 0.02  0.0    0 16.0 33 160   M    M   4 1      40 160
11  64  48  56  23   9   0    T    M    0 18.7 47 160   M    M   5        59 150
12  51  40  46  13  19   0 0.66    M    0  7.2 16 250   M    M  10 128    22 310
13  48  33  41   8  24   0 0.00  0.0    0  8.1 18 240   M    M   3        24 240
14  35  28  32  -1  33   0 0.00  0.0    0  5.6 12  40   M    M   6 12     13  30
15  34  28  31  -2  34   0    T    M    0  5.7 15 300   M    M   9 126    16 310
16  38  31  35   2  30   0 0.02    M    0  5.1 13  30   M    M  10 12     13  30
17  37  29  33   1  32   0 0.01    M    0  4.9 10 320   M    M  10 12     12 300
18  47  30  39   7  26   0    T    M    0  3.4 18 300   M    M   7 12     22 300
19  49  35  42  10  23   0 0.21    M    0  5.9 15 300   M    M   6 12     17 300
20  57  36  47  15  18   0 0.39    M    0 10.4 29 230   M    M  10 1      40 230
21  59  47  53  21  12   0    T  0.0    0 23.4 41 250   M    M   6        50 250
22  49  38  44  12  21   0 0.00  0.0    0 11.5 23 270   M    M   4        29 270
23  53  35  44  12  21   0 0.00  0.0    0  8.7 21 210   M    M   9        26 200
24  54  33  44  12  21   0 0.57    T    0 13.9 25 270   M    M   9 1      30 270
25  43  32  38   6  27   0 0.00  0.0    0  8.6 16 250   M    M   5        19 270
26  42  29  36   4  29   0 0.00  0.0    0  6.2 14 170   M    M   2        15 170
================================================================================
SM 1143  834       694   0  2.46    T    199.0          M      192
================================================================================
AV 44.0 32.1                               7.7 FASTST   M    M   7    MAX(MPH)
                                 MISC ---->  # 47 160               # 59  150
================================================================================
NOTES:
# LAST OF SEVERAL OCCURRENCES

COLUMN 17 PEAK WIND IN M.P.H.

PRELIMINARY LOCAL CLIMATOLOGICAL DATA (WS FORM: F-6) , PAGE 2

                                          STATION:  PENDLETON OR
                                          MONTH:    DECEMBER
                                          YEAR:     2014
                                          LATITUDE:   45 40 N
                                          LONGITUDE: 118 51 W

[TEMPERATURE DATA]      [PRECIPITATION DATA]       SYMBOLS USED IN COLUMN 16

AVERAGE MONTHLY: 38.0   TOTAL FOR MONTH:   2.46    1 = FOG OR MIST
DPTR FM NORMAL:   4.8   DPTR FM NORMAL:    1.22    2 = FOG REDUCING VISIBILITY
HIGHEST:    64 ON 11    GRTST 24HR  0.66 ON 12-12      TO 1/4 MILE OR LESS
LOWEST:      7 ON  1                               3 = THUNDER
                        SNOW, ICE PELLETS, HAIL    4 = ICE PELLETS
                        TOTAL MONTH:    T          5 = HAIL
                        GRTST 24HR    T  ON 24-24  6 = FREEZING RAIN OR DRIZZLE
                        GRTST DEPTH:   1 ON  1     7 = DUSTSTORM OR SANDSTORM:
                                                       VSBY 1/2 MILE OR LESS
                                                   8 = SMOKE OR HAZE
[NO. OF DAYS WITH]      [WEATHER - DAYS WITH]      9 = BLOWING SNOW
                                                   X = TORNADO
MAX 32 OR BELOW:   5    0.01 INCH OR MORE:  13
MAX 90 OR ABOVE:   0    0.10 INCH OR MORE:   6
MIN 32 OR BELOW:  14    0.50 INCH OR MORE:   2
MIN  0 OR BELOW:   0    1.00 INCH OR MORE:   0

[HDD (BASE 65) ]
TOTAL THIS MO.   694    CLEAR  (SCALE 0-3)   1
DPTR FM NORMAL  -132    PTCLDY (SCALE 4-7)  12
TOTAL FM JUL 1  1824    CLOUDY (SCALE 8-10) 13
DPTR FM NORMAL  -255

[CDD (BASE 65) ]
TOTAL THIS MO.     0
DPTR FM NORMAL     0    [PRESSURE DATA]
TOTAL FM JAN 1   839    HIGHEST SLP M ON M
DPTR FM NORMAL   203    LOWEST  SLP 29.28 ON 11

[REMARKS]
