000
CXUS55 KTBW 291000
CF6PGD
PRELIMINARY LOCAL CLIMATOLOGICAL DATA (WS FORM: F-6)

                                          STATION:   Punta Gorda
                                          MONTH:     AUGUST
                                          YEAR:      2014
                                          LATITUDE:   26 55 N
                                          LONGITUDE:  82  0 W

  TEMPERATURE IN F:       :PCPN:    SNOW:  WIND      :SUNSHINE: SKY     :PK WND
================================================================================
1   2   3   4   5  6A  6B    7    8   9   10  11  12  13   14  15   16   17  18
                                     12Z  AVG MX 2MIN
DY MAX MIN AVG DEP HDD CDD  WTR  SNW DPTH SPD SPD DIR MIN PSBL S-S WX    SPD DR
================================================================================

 1  93  75  84   1   0  19    T  0.0    0  4.6 15 300   M    M   4 13     20  50
 2  97  75  86   3   0  21 0.00  0.0    0  4.6 16 360   M    M   2 3      20 360
 3  95  76  86   3   0  21 0.36  0.0    0  5.2 23 360   M    M   4 13     32 360
 4  87  74  81  -2   0  16 1.08  0.0    0  5.3 17  30   M    M   4 13     22 350
 5  90  74  82  -1   0  17 1.82  0.0    0  4.7 18 180   M    M   1 138    26 210
 6  92  77  85   2   0  20    T  0.0    0  3.1 15  20   M    M   1 3      20 340
 7  93  78  86   3   0  21 0.00  0.0    0  3.9 17 330   M    M   1 3      20 340
 8  94  76  85   2   0  20    T  0.0    0  4.5 21 120   M    M   1 3      25 140
 9  91  76  84   1   0  19 0.00  0.0    0  5.3 16 190   M    M   1        21 210
10  93  77  85   2   0  20 0.00  0.0    0  6.5 16 250   M    M   1        20 290
11  93  75  84   1   0  19 0.00  0.0    0  6.3 15 250   M    M   0        22 230
12  93  76  85   2   0  20    T  0.0    0  6.7 16 250   M    M   1 1      22 240
13  93  78  86   3   0  21    T  0.0    0  8.0 18 230   M    M   1        30 150
14  93  78  86   3   0  21 0.61  0.0    0  5.0 21 300   M    M   2 38     30 300
15  91  74  83   0   0  18 0.06  0.0    0  5.8 22 320   M    M   2 138    27 320
16  92  75  84   1   0  19 0.36  0.0    0  5.8 16  60   M    M   3 13     21 290
17  95  76  86   3   0  21    T  0.0    0  3.8 15  90   M    M   2 38     19 160
18  94  77  86   3   0  21 1.06  0.0    0  2.9 29 180   M    M   1 3      36 170
19  94  77  86   3   0  21 0.00  0.0    0  4.3 14 270   M    M   0        19 280
20  96  78  87   4   0  22 0.00  0.0    0  4.1 13 180   M    M   1        16 300
21  96  78  87   4   0  22 0.00  0.0    0  4.7 16 190   M    M   2 3      20 190
22  96  75  86   3   0  21 0.16  0.0    0  3.0 26 350   M    M   2 3      33 350
23  97  76  87   4   0  22 0.00  0.0    0  3.2 12  20   M    M   1        16  10
24  98  74  86   3   0  21 1.16  0.0    0  7.3 36  70   M    M   0 13     45  80
25  94  77  86   3   0  21    T  0.0    0 12.3 25  70   M    M   1 1      32  50
26  94  75  85   2   0  20 0.00  0.0    0 11.1 21  50   M    M   1        36 350
27  94  72  83   0   0  18 0.00  0.0    0  5.4 12  50   M    M   1        17  10
28  92  75  84   1   0  19 0.09  0.0    0  6.9 17 150   M    M   5 13     20 150
================================================================================
SM 2620 2124         0 561  6.76     0.0 154.3          M       46
================================================================================
AV 93.6 75.9                               5.5 FASTST   M    M   2    MAX(MPH)
                                 MISC ---->  # 36  70               # 45   80
================================================================================
NOTES:
# LAST OF SEVERAL OCCURRENCES

COLUMN 17 PEAK WIND IN M.P.H.

PRELIMINARY LOCAL CLIMATOLOGICAL DATA (WS FORM: F-6) , PAGE 2

                                          STATION:  Punta Gorda
                                          MONTH:    AUGUST
                                          YEAR:     2014
                                          LATITUDE:   26 55 N
                                          LONGITUDE:  82  0 W

[TEMPERATURE DATA]      [PRECIPITATION DATA]       SYMBOLS USED IN COLUMN 16

AVERAGE MONTHLY: 84.7   TOTAL FOR MONTH:   6.76    1 = FOG OR MIST
DPTR FM NORMAL:   1.7   DPTR FM NORMAL:   -0.92    2 = FOG REDUCING VISIBILITY
HIGHEST:    98 ON 24    GRTST 24HR  2.83 ON  4- 5      TO 1/4 MILE OR LESS
LOWEST:     72 ON 27                               3 = THUNDER
                        SNOW, ICE PELLETS, HAIL    4 = ICE PELLETS
                        TOTAL MONTH:   0.0 INCH    5 = HAIL
                        GRTST 24HR     0.0         6 = FREEZING RAIN OR DRIZZLE
                        GRTST DEPTH:   0           7 = DUSTSTORM OR SANDSTORM:
                                                       VSBY 1/2 MILE OR LESS
                                                   8 = SMOKE OR HAZE
[NO. OF DAYS WITH]      [WEATHER - DAYS WITH]      9 = BLOWING SNOW
                                                   X = TORNADO
MAX 32 OR BELOW:   0    0.01 INCH OR MORE:  10
MAX 90 OR ABOVE:  27    0.10 INCH OR MORE:   8
MIN 32 OR BELOW:   0    0.50 INCH OR MORE:   5
MIN  0 OR BELOW:   0    1.00 INCH OR MORE:   4

[HDD (BASE 65) ]
TOTAL THIS MO.     0    CLEAR  (SCALE 0-3)  24
DPTR FM NORMAL     0    PTCLDY (SCALE 4-7)   4
TOTAL FM JUL 1     0    CLOUDY (SCALE 8-10)  0
DPTR FM NORMAL     0

[CDD (BASE 65) ]
TOTAL THIS MO.   561
DPTR FM NORMAL    57    [PRESSURE DATA]
TOTAL FM JAN 1  2705    HIGHEST SLP M ON M
DPTR FM NORMAL   269    LOWEST  SLP 29.75 ON 24

[REMARKS]
