000
CXUS53 KUNR 260945
CF6PHP
PRELIMINARY LOCAL CLIMATOLOGICAL DATA (WS FORM: F-6)

                                          STATION:   PHILIP SD
                                          MONTH:     SEPTEMBER
                                          YEAR:      2017
                                          LATITUDE:   44  3 N
                                          LONGITUDE: 101 36 W

  TEMPERATURE IN F:       :PCPN:    SNOW:  WIND      :SUNSHINE: SKY     :PK WND
================================================================================
1   2   3   4   5  6A  6B    7    8   9   10  11  12  13   14  15   16   17  18
                                     12Z  AVG MX 2MIN
DY MAX MIN AVG DEP HDD CDD  WTR  SNW DPTH SPD SPD DIR MIN PSBL S-S WX    SPD DR
================================================================================

 1  93  64  79  10   0  14 0.07    M    M  9.2 21 330   M    M   1 3      25 330
 2  93  53  73   5   0   8 0.00    M    M  5.5 13 160   M    M   0 1      20 140
 3 100  53  77   9   0  12 0.00    M    M  8.7 26 320   M    M   3 8      35 320
 4  77  43  60  -8   5   0 0.00    M    M 12.1 29 350   M    M   0        39 350
 5  75  40  58  -9   7   0 0.00    M    M 10.1 24 340   M    M   0        31 320
 6  81  36  59  -8   6   0 0.00    M    M  5.0 13 190   M    M   0        18 190
 7  90  40  65  -1   0   0 0.00    M    M  5.1 14  60   M    M   0 8      17  30
 8  88  42  65  -1   0   0 0.00    M    M 10.5 21  90   M    M   0 3      26 120
 9  91  56  74   9   0   9 0.00    M    M  8.1 17 100   M    M   0        20 100
10  96  50  73   8   0   8 0.00    M    M  5.1 14  20   M    M   0 8      17  20
11  93  67  80  16   0  15 0.00    M    M  9.2 20  60   M    M   0        24  80
12 103  56  80  16   0  15    T    M    M  6.7 29 150   M    M   1 3      38 140
13  96  54  75  11   0  10 0.00    M    M  6.0 15 130   M    M   0        18 160
14  84  58  71   8   0   6 0.00    M    M 11.8 25  30   M    M   2 18     32  30
15  62  49  56  -6   9   0 0.12    M    M 12.2 24  30   M    M  10 13     32  20
16  58  39  49 -13  16   0 0.15    M    M  9.6 21 320   M    M   8        25 320
17  71  34  53  -9  12   0 0.00    M    M  8.4 24 160   M    M   2        34 180
18  82  42  62   1   3   0 0.00    M    M  6.2 14 170   M    M   0        18 170
19  77  46  62   1   3   0 0.02    M    M 10.9 30 310   M    M   2        37 320
20  79  36  58  -2   7   0 0.00    M    M  7.9 26 240   M    M   0        34 240
21  93  54  74  14   0   9 0.00    M    M 13.8 26  20   M    M   0        32  20
22  67  49  58  -1   7   0    T    M    M 15.5 29 330   M    M   7        34 310
23  52  48  50  -9  15   0 0.50    M    M 10.6 21  30   M    M  10 13     26  30
24  55  48  52  -6  13   0 0.16    M    M 11.6 20 350   M    M  10 1      26 340
25  58  41  50  -8  15   0 0.01    M    M  6.5 14 350   M    M   9        16  20
================================================================================
SM 2014 1198       118 106  1.03    M    226.3          M       65
================================================================================
AV 80.6 47.9                               9.1 FASTST   M    M   3    MAX(MPH)
                                 MISC ---->  # 30 310               # 39  350
================================================================================
NOTES:
# LAST OF SEVERAL OCCURRENCES

COLUMN 17 PEAK WIND IN M.P.H.

PRELIMINARY LOCAL CLIMATOLOGICAL DATA (WS FORM: F-6) , PAGE 2

                                          STATION:  PHILIP SD
                                          MONTH:    SEPTEMBER
                                          YEAR:     2017
                                          LATITUDE:   44  3 N
                                          LONGITUDE: 101 36 W

[TEMPERATURE DATA]      [PRECIPITATION DATA]       SYMBOLS USED IN COLUMN 16

AVERAGE MONTHLY: 64.2   TOTAL FOR MONTH:   1.03    1 = FOG OR MIST
DPTR FM NORMAL:   0.8   DPTR FM NORMAL:   -0.22    2 = FOG REDUCING VISIBILITY
HIGHEST:   103 ON 12    GRTST 24HR  0.50 ON 23-23      TO 1/4 MILE OR LESS
LOWEST:     34 ON 17                               3 = THUNDER
                        SNOW, ICE PELLETS, HAIL    4 = ICE PELLETS
                        TOTAL MONTH:    M          5 = HAIL
                        GRTST 24HR    M  ON   M    6 = FREEZING RAIN OR DRIZZLE
                        GRTST DEPTH:  M  ON   M    7 = DUSTSTORM OR SANDSTORM:
                                                       VSBY 1/2 MILE OR LESS
                                                   8 = SMOKE OR HAZE
[NO. OF DAYS WITH]      [WEATHER - DAYS WITH]      9 = BLOWING SNOW
                                                   X = TORNADO
MAX 32 OR BELOW:   0    0.01 INCH OR MORE:   7
MAX 90 OR ABOVE:  10    0.10 INCH OR MORE:   4
MIN 32 OR BELOW:   0    0.50 INCH OR MORE:   1
MIN  0 OR BELOW:   0    1.00 INCH OR MORE:   0

[HDD (BASE 65) ]
TOTAL THIS MO.   118    CLEAR  (SCALE 0-3)  19
DPTR FM NORMAL     3    PTCLDY (SCALE 4-7)   1
TOTAL FM JUL 1   124    CLOUDY (SCALE 8-10)  5
DPTR FM NORMAL   -16

[CDD (BASE 65) ]
TOTAL THIS MO.   106
DPTR FM NORMAL    31    [PRESSURE DATA]
TOTAL FM JAN 1   902    HIGHEST SLP M ON M
DPTR FM NORMAL    92    LOWEST  SLP 29.25 ON 19

[REMARKS]
