000
CXUS55 KPIH 291200
CF6PIH

PRELIMINARY LOCAL CLIMATOLOGICAL DATA (WS FORM: F-6)

                                          STATION:   POCATELLO ID
                                          MONTH:     JUNE
                                          YEAR:      2015
                                          LATITUDE:   42 55 N
                                          LONGITUDE: 112 36 W

  TEMPERATURE IN F:       :PCPN:    SNOW:  WIND      :SUNSHINE: SKY     :PK WND
================================================================================
1   2   3   4   5  6A  6B    7    8   9   10  11  12  13   14  15   16   17  18
                                     12Z  AVG MX 2MIN
DY MAX MIN AVG DEP HDD CDD  WTR  SNW DPTH SPD SPD DIR MIN PSBL S-S WX    SPD DR
================================================================================

 1  80  50  65   7   0   0 0.17  0.0    0 10.7 43 250 560    M   1 135    53 250
 2  73  47  60   2   5   0    T  0.0    0  8.6 18 260 632    M   4        22 260
 3  76  44  60   2   5   0 0.00  0.0    0  8.0 22 280 760    M   2        26 280
 4  76  47  62   3   3   0 0.00  0.0    0  4.7 15 340 787    M   1        18 340
 5  70  51  61   2   4   0    T  0.0    0  9.1 22 220 672    M   3 3      29 210
 6  70  43  57  -2   8   0    T  0.0    0  5.3 23 110 757    M   3        30 120
 7  81  47  64   4   1   0 0.00  0.0    0  4.0 12 150 617    M   2        15 230
 8  86  52  69   9   0   4    T  0.0    0  5.3 14 200 690    M   1 3      19 220
 9  88  53  71  11   0   6    T  0.0    0  5.8 21 350 616    M   1        24 350
10  84  51  68   8   0   3 0.02  0.0    0  6.5 25 350 705    M   4 3      31 350
11  85  50  68   7   0   3 0.00  0.0    0  6.5 15 210 566    M   2        21 220
12  85  58  72  11   0   7 0.00  0.0    0 18.2 29 230 429    M   0        34 230
13  80  53  67   6   0   2 0.00  0.0    0 14.1 22 240 597    M   0        29 230
14  81  45  63   1   2   0 0.00  0.0    0  8.1 16 240 605    M   0        22 260
15  89  48  69   7   0   4 0.01  0.0    0  7.6 23 170 541    M   2 35     29 160
16  86  50  68   6   0   3 0.00  0.0    0  8.9 22 250 475    M   1        26 250
17  91  48  70   8   0   5 0.00  0.0    0  6.9 16 280 432    M   1        22 280
18  92  48  70   7   0   5 0.00  0.0    0  4.9 14 260 403    M   0        17 260
19  85  49  67   4   0   2 0.00  0.0    0 13.8 31 240 508    M   0        35 220
20  85  47  66   2   0   1 0.00  0.0    0  9.1 17 260 816    M   0        21 260
21  89  48  69   5   0   4 0.00  0.0    0  8.3 24 270 781    M   0        29 270
22  84  49  67   3   0   2 0.00  0.0    0  9.5 17 250 769    M   0        23 260
23  89  49  69   5   0   4 0.00  0.0    0  6.4 14 280 786    M   0        18 270
24  91  49  70   5   0   5 0.00  0.0    0  9.3 16 250 811    M   0        20 260
25  91  64  78  13   0  13 0.00  0.0    0 12.9 21 230 781    M   0        25 230
26  95  52  74   9   0   9 0.00  0.0    0  5.5 12 210 776    M   0        14 330
27  98  53  76  10   0  11 0.00  0.0    0  4.8 12 320 857    M   1        13 310
28 101  55  78  12   0  13 0.00  0.0    0  5.2 10  90 731    M   0 8      15  30
================================================================================
SM 2381 1400        28 106  0.20     0.0 228.0        18460     29
================================================================================
AV 85.0 50.0                               8.1 FASTST  659   M   1    MAX(MPH)
                                 MISC ---->  # 43 250               # 53  250
================================================================================
NOTES:
# LAST OF SEVERAL OCCURRENCES

COLUMN 17 PEAK WIND IN M.P.H.

PRELIMINARY LOCAL CLIMATOLOGICAL DATA (WS FORM: F-6) , PAGE 2

                                          STATION:  POCATELLO ID
                                          MONTH:    JUNE
                                          YEAR:     2015
                                          LATITUDE:   42 55 N
                                          LONGITUDE: 112 36 W

[TEMPERATURE DATA]      [PRECIPITATION DATA]       SYMBOLS USED IN COLUMN 16

AVERAGE MONTHLY: 67.5   TOTAL FOR MONTH:   0.20    1 = FOG OR MIST
DPTR FM NORMAL:   5.7   DPTR FM NORMAL:   -0.75    2 = FOG REDUCING VISIBILITY
HIGHEST:   101 ON 28    GRTST 24HR  0.18 ON 31- 1      TO 1/4 MILE OR LESS
LOWEST:     43 ON  6                               3 = THUNDER
                        SNOW, ICE PELLETS, HAIL    4 = ICE PELLETS
                        TOTAL MONTH:   0.0 INCH    5 = HAIL
                        GRTST 24HR     0.0         6 = FREEZING RAIN OR DRIZZLE
                        GRTST DEPTH:   0           7 = DUSTSTORM OR SANDSTORM:
                                                       VSBY 1/2 MILE OR LESS
                                                   8 = SMOKE OR HAZE
[NO. OF DAYS WITH]      [WEATHER - DAYS WITH]      9 = BLOWING SNOW
                                                   X = TORNADO
MAX 32 OR BELOW:   0    0.01 INCH OR MORE:   3
MAX 90 OR ABOVE:   7    0.10 INCH OR MORE:   1
MIN 32 OR BELOW:   0    0.50 INCH OR MORE:   0
MIN  0 OR BELOW:   0    1.00 INCH OR MORE:   0

[HDD (BASE 65) ]
TOTAL THIS MO.    28    CLEAR  (SCALE 0-3)  26
DPTR FM NORMAL   -99    PTCLDY (SCALE 4-7)   2
TOTAL FM JUL 1  5842    CLOUDY (SCALE 8-10)  0
DPTR FM NORMAL -1332

[CDD (BASE 65) ]
TOTAL THIS MO.   106
DPTR FM NORMAL    65    [PRESSURE DATA]
TOTAL FM JAN 1   110    HIGHEST SLP M ON M
DPTR FM NORMAL    64    LOWEST  SLP 29.65 ON 10

[REMARKS]
