000
CXUS55 KPIH 301200
CF6PIH

PRELIMINARY LOCAL CLIMATOLOGICAL DATA (WS FORM: F-6)

                                          STATION:   POCATELLO ID
                                          MONTH:     AUGUST
                                          YEAR:      2015
                                          LATITUDE:   42 55 N
                                          LONGITUDE: 112 36 W

  TEMPERATURE IN F:       :PCPN:    SNOW:  WIND      :SUNSHINE: SKY     :PK WND
================================================================================
1   2   3   4   5  6A  6B    7    8   9   10  11  12  13   14  15   16   17  18
                                     12Z  AVG MX 2MIN
DY MAX MIN AVG DEP HDD CDD  WTR  SNW DPTH SPD SPD DIR MIN PSBL S-S WX    SPD DR
================================================================================

 1  97  48  73   2   0   8 0.00  0.0    0  3.5 10 280 731    M   0        14 340
 2  98  50  74   3   0   9 0.00  0.0    0  5.7 13 320 792    M   1        17 330
 3  79  63  71   0   0   6 0.01  0.0    0 10.7 23 200 661    M   4        30 190
 4  92  51  72   1   0   7    T  0.0    0  8.1 44 230 749    M   3        54 220
 5  83  51  67  -4   0   2 0.04  0.0    0  8.5 35 300 691    M   3 3      41 300
 6  87  44  66  -5   0   1 0.00  0.0    0  7.4 24 270 788    M   1        29 260
 7  81  55  68  -3   0   3 0.29  0.0    0  5.6 23 230 542    M   4 3      29 220
 8  71  54  63  -8   2   0 0.11  0.0    0  7.0 21 180 734    M   6 3      25 180
 9  85  46  66  -4   0   1 0.00  0.0    0  4.1 10  30 743    M   1        18  60
10  91  48  70   0   0   5    T  0.0    0  6.5 26 230 748    M   1 3      31 210
11  96  59  78   8   0  13    T  0.0    0  6.7 37 190 713    M   1        46 190
12  92  66  79   9   0  14 0.00  0.0    0  6.7 18 170 767    M   2        23 170
13  93  57  75   5   0  10 0.00  0.0    0  4.0 14 190 742    M   1 3      15 190
14  96  63  80  10   0  15 0.03  0.0    0  7.8 36 200 654    M   4 3      56 210
15  84  58  71   1   0   6 0.00  0.0    0 14.2 25 220 764    M   0 8      33 230
16  86  51  69   0   0   4 0.00  0.0    0  9.2 21 250 781    M   0        25 260
17  84  48  66  -3   0   1 0.00  0.0    0 12.8 24 260 773    M   0        29 250
18  81  42  62  -7   3   0 0.00  0.0    0  4.5 14  10 763    M   0 8      16  20
19  82  42  62  -7   3   0 0.00  0.0    0  7.6 17 270 757    M   0 8      27 270
20  87  47  67  -1   0   2 0.00  0.0    0  8.0 21 240 751    M   4 8      26 230
21  88  46  67  -1   0   2 0.00  0.0    0 12.7 28 250 765    M   0 8      36 230
22  77  45  61  -7   4   0 0.00  0.0    0  7.0 16 220 456    M   4 8      20 220
23  88  36  62  -6   3   0 0.00  0.0    0  4.4 10 290 746    M   1 8      14 340
24  95  46  71   4   0   6 0.00  0.0    0  5.0 15 250 610    M   0 8      19 260
25  97  48  73   6   0   8 0.00  0.0    0  5.5 14 290 599    M   1        20 280
26  82  58  70   3   0   5    T  0.0    0  9.3 32 180 617    M   3 8      43 170
27  91  51  71   5   0   6 0.00  0.0    0  8.4 23 250 629    M   1        27 260
28  93  52  73   7   0   8 0.00  0.0    0  7.1 32 230 648    M   1        38 210
29  97  62  80  14   0  15 0.15  0.0    0 12.4 32 230 399    M   4 3      42 220
================================================================================
SM 2553 1487        15 157  0.63     0.0 220.4        20113     51
================================================================================
AV 88.0 51.3                               7.6 FASTST  694   M   2    MAX(MPH)
                                 MISC ---->  # 44 230               # 56  210
================================================================================
NOTES:
# LAST OF SEVERAL OCCURRENCES

COLUMN 17 PEAK WIND IN M.P.H.

PRELIMINARY LOCAL CLIMATOLOGICAL DATA (WS FORM: F-6) , PAGE 2

                                          STATION:  POCATELLO ID
                                          MONTH:    AUGUST
                                          YEAR:     2015
                                          LATITUDE:   42 55 N
                                          LONGITUDE: 112 36 W

[TEMPERATURE DATA]      [PRECIPITATION DATA]       SYMBOLS USED IN COLUMN 16

AVERAGE MONTHLY: 69.7   TOTAL FOR MONTH:   0.63    1 = FOG OR MIST
DPTR FM NORMAL:   0.5   DPTR FM NORMAL:    0.07    2 = FOG REDUCING VISIBILITY
HIGHEST:    98 ON  2    GRTST 24HR  0.37 ON  7- 8      TO 1/4 MILE OR LESS
LOWEST:     36 ON 23                               3 = THUNDER
                        SNOW, ICE PELLETS, HAIL    4 = ICE PELLETS
                        TOTAL MONTH:   0.0 INCH    5 = HAIL
                        GRTST 24HR     0.0         6 = FREEZING RAIN OR DRIZZLE
                        GRTST DEPTH:   0           7 = DUSTSTORM OR SANDSTORM:
                                                       VSBY 1/2 MILE OR LESS
                                                   8 = SMOKE OR HAZE
[NO. OF DAYS WITH]      [WEATHER - DAYS WITH]      9 = BLOWING SNOW
                                                   X = TORNADO
MAX 32 OR BELOW:   0    0.01 INCH OR MORE:   6
MAX 90 OR ABOVE:  13    0.10 INCH OR MORE:   3
MIN 32 OR BELOW:   0    0.50 INCH OR MORE:   0
MIN  0 OR BELOW:   0    1.00 INCH OR MORE:   0

[HDD (BASE 65) ]
TOTAL THIS MO.    15    CLEAR  (SCALE 0-3)  21
DPTR FM NORMAL    -4    PTCLDY (SCALE 4-7)   8
TOTAL FM JUL 1    38    CLOUDY (SCALE 8-10)  0
DPTR FM NORMAL    -1

[CDD (BASE 65) ]
TOTAL THIS MO.   157
DPTR FM NORMAL    17    [PRESSURE DATA]
TOTAL FM JAN 1   457    HIGHEST SLP M ON M
DPTR FM NORMAL    94    LOWEST  SLP 29.67 ON 21

[REMARKS]
