000
CXUS51 KPBZ 260804
CF6PIT
PRELIMINARY LOCAL CLIMATOLOGICAL DATA (WS FORM: F-6)

                                          STATION:   PITTSBURGH PA
                                          MONTH:     MARCH
                                          YEAR:      2015
                                          LATITUDE:   40 30 N
                                          LONGITUDE:  80 13 W

  TEMPERATURE IN F:       :PCPN:    SNOW:  WIND      :SUNSHINE: SKY     :PK WND
================================================================================
1   2   3   4   5  6A  6B    7    8   9   10  11  12  13   14  15   16   17  18
                                     12Z  AVG MX 2MIN
DY MAX MIN AVG DEP HDD CDD  WTR  SNW DPTH SPD SPD DIR MIN PSBL S-S WX    SPD DR
================================================================================

 1  34  20  27  -7  38   0 0.55  3.7    6  6.2 13 200   M    M  10 1      18 200
 2  33  17  25 -10  40   0    T    T    7 11.2 23 310   M    M   7 18     28 320
 3  49  14  32  -3  33   0 0.72    T    6  7.5 17 280   M    M  10 158    24 260
 4  44  28  36   1  29   0 0.71  2.9    4  6.4 16 300   M    M  10 1      22 320
 5  28   4  16 -20  49   0 0.11  1.6    7 10.6 22 320   M    M   8 8      29 310
 6  23  -5   9 -27  56   0 0.00  0.0    6  5.0 13 190   M    M   3 18     16 220
 7  41  13  27  -9  38   0    T    T    6  9.3 21 230   M    M   5        27 250
 8  45  33  39   2  26   0    T  0.0    5  9.2 17 280   M    M   7 8      22 290
 9  52  35  44   7  21   0 0.01  0.0    2  4.9 16 300   M    M   5        21 250
10  45  32  39   2  26   0 0.51  0.0    1  1.7  7 130   M    M   9 128    10 140
11  43  30  37  -1  28   0    T  0.0    T  6.1 12 310   M    M   7 12     15 330
12  50  26  38   0  27   0 0.00  0.0    T  4.0 10  30   M    M   3 1      19  50
13  59  35  47   9  18   0 0.20  0.0    0  5.7 17 210   M    M   9 1      21 220
14  55  40  48   9  17   0 0.57  0.0    0  8.6 24 320   M    M   9 18     30 320
15  47  32  40   1  25   0 0.00  0.0    0 13.2 26 310   M    M   9 8      32 310
16  67  32  50  10  15   0    T  0.0    0  7.9 22 280   M    M  10 18     27 290
17  58  26  42   2  23   0    T    T    0 15.8 29 330   M    M   6 58     35 320
18  44  23  34  -6  31   0 0.00  0.0    0  9.5 23 290   M    M   5        29 290
19  47  29  38  -3  27   0 0.00  0.0    0  4.5 12 100   M    M  10        17  60
20  42  33  38  -3  27   0 0.18  0.4    0  5.2 10 170   M    M  10 1      13 160
21  55  35  45   4  20   0 0.00  0.0    0 10.8 25 290   M    M   8 18     34 270
22  40  24  32 -10  33   0 0.00  0.0    0 10.4 20  10   M    M   6        25  10
23  40  20  30 -12  35   0 0.01  0.2    0  5.3 15  40   M    M   7 18     19  10
24  48  29  39  -3  26   0 0.00  0.0    0  5.9 10  90   M    M   6        14  50
25  69  33  51   8  14   0 0.21    M    0  7.6 20 250   M    M   9 18     30 250
================================================================================
SM 1158  638       722   0  3.78     8.8 192.5          M      188
================================================================================
AV 46.3 25.5                               7.7 FASTST   M    M   8    MAX(MPH)
                                 MISC ---->  # 29 330               # 35  320
================================================================================
NOTES:
# LAST OF SEVERAL OCCURRENCES

COLUMN 17 PEAK WIND IN M.P.H.

PRELIMINARY LOCAL CLIMATOLOGICAL DATA (WS FORM: F-6) , PAGE 2

                                          STATION:  PITTSBURGH PA
                                          MONTH:    MARCH
                                          YEAR:     2015
                                          LATITUDE:   40 30 N
                                          LONGITUDE:  80 13 W

[TEMPERATURE DATA]      [PRECIPITATION DATA]       SYMBOLS USED IN COLUMN 16

AVERAGE MONTHLY: 35.9   TOTAL FOR MONTH:   3.78    1 = FOG OR MIST
DPTR FM NORMAL:  -2.6   DPTR FM NORMAL:    1.45    2 = FOG REDUCING VISIBILITY
HIGHEST:    69 ON 25    GRTST 24HR  0.72 ON  3- 3      TO 1/4 MILE OR LESS
LOWEST:     -5 ON  6                               3 = THUNDER
                        SNOW, ICE PELLETS, HAIL    4 = ICE PELLETS
                        TOTAL MONTH:   8.8 INCHES  5 = HAIL
                        GRTST 24HR   3.7 ON   M    6 = FREEZING RAIN OR DRIZZLE
                        GRTST DEPTH:   7 ON  5, 2  7 = DUSTSTORM OR SANDSTORM:
                                                       VSBY 1/2 MILE OR LESS
                                                   8 = SMOKE OR HAZE
[NO. OF DAYS WITH]      [WEATHER - DAYS WITH]      9 = BLOWING SNOW
                                                   X = TORNADO
MAX 32 OR BELOW:   2    0.01 INCH OR MORE:  11
MAX 90 OR ABOVE:   0    0.10 INCH OR MORE:   9
MIN 32 OR BELOW:  18    0.50 INCH OR MORE:   5
MIN  0 OR BELOW:   1    1.00 INCH OR MORE:   0

[HDD (BASE 65) ]
TOTAL THIS MO.   722    CLEAR  (SCALE 0-3)   1
DPTR FM NORMAL    59    PTCLDY (SCALE 4-7)  11
TOTAL FM JUL 1  5390    CLOUDY (SCALE 8-10) 13
DPTR FM NORMAL   470

[CDD (BASE 65) ]
TOTAL THIS MO.     0
DPTR FM NORMAL     0    [PRESSURE DATA]
TOTAL FM JAN 1     0    HIGHEST SLP M ON M
DPTR FM NORMAL     0    LOWEST  SLP 29.71 ON 17

[REMARKS]
