000
CXUS51 KRLX 231140
CF6PKB
PRELIMINARY LOCAL CLIMATOLOGICAL DATA (WS FORM: F-6)

                                          STATION:   PARKERSBURG WV
                                          MONTH:     APRIL
                                          YEAR:      2017
                                          LATITUDE:   39 20 N
                                          LONGITUDE:  81 26 W

  TEMPERATURE IN F:       :PCPN:    SNOW:  WIND      :SUNSHINE: SKY     :PK WND
================================================================================
1   2   3   4   5  6A  6B    7    8   9   10  11  12  13   14  15   16   17  18
                                     12Z  AVG MX 2MIN
DY MAX MIN AVG DEP HDD CDD  WTR  SNW DPTH SPD SPD DIR MIN PSBL S-S WX    SPD DR
================================================================================

 1  48  42  45  -4  20   0 0.01    M    M  7.6 16 280   M    M  10 18     23 320
 2  66  31  49  -1  16   0 0.00    M    M  4.2 13  60   M    M   1 12     15  80
 3  70  44  57   7   8   0 0.04    M    M  6.3 20 150   M    M   5        30 200
 4  69  53  61  11   4   0 0.10    M    M 10.9 25 270   M    M   7 1      37 260
 5  79  41  60   9   5   0 0.44    M    M  8.4 36 270   M    M   1 13     46 290
 6  57  37  47  -4  18   0 0.50    M    M 13.8 35 280   M    M   9 18     46 290
 7  50  32  41 -10  24   0 0.05    M    M 11.7 24 280   M    M   8 1      34 270
 8  63  29  46  -6  19   0 0.00    M    M  3.1 14 280   M    M   0 8      17 290
 9  76  32  54   2  11   0 0.00    M    M  5.5 15 160   M    M   0 8      21 210
10  81  57  69  17   0   4 0.00    M    M  8.9 21 200   M    M   0 8      29 200
11  74  50  62   9   3   0 0.41    M    M  5.7 32 290   M    M   5 138    46 290
12  70  48  59   6   6   0 0.00    M    M  4.5 13 320   M    M   2 18     18 290
13  71  42  57   3   8   0 0.00    M    M  5.9 14  40   M    M   1        16 110
14  76  47  62   8   3   0    T    M    M  1.8  8  40   M    M   4 8      10  60
15  81  48  65  11   0   0    T    M    M  5.0 15 190   M    M   2        20 210
16  75  61  68  14   0   3 0.84    M    M  9.9 25 260   M    M   7 13     42 270
17  74  53  64   9   1   0 0.29    M    M  5.4 15 360   M    M   4 1      22  10
18  79  45  62   7   3   0 0.00    M    M  5.4 15  80   M    M   1 8      19 110
19  74  62  68  13   0   3    T    M    M  8.2 16 190   M    M   6        20 180
20  82  61  72  16   0   7 0.07    M    M  7.9 21 310   M    M   3 13     29 340
21  74  57  66  10   0   1 0.68    M    M  8.0 17 310   M    M   5 13     23 310
22  57  46  52  -4  13   0 0.03    M    M  7.9 15  40   M    M   8 1      22  30
================================================================================
SM 1546 1018       162  18  3.46    M    156.0          M       89
================================================================================
AV 70.3 46.3                               7.1 FASTST   M    M   4    MAX(MPH)
                                 MISC ---->  # 36 270               # 46  290
================================================================================
NOTES:
# LAST OF SEVERAL OCCURRENCES

COLUMN 17 PEAK WIND IN M.P.H.

PRELIMINARY LOCAL CLIMATOLOGICAL DATA (WS FORM: F-6) , PAGE 2

                                          STATION:  PARKERSBURG WV
                                          MONTH:    APRIL
                                          YEAR:     2017
                                          LATITUDE:   39 20 N
                                          LONGITUDE:  81 26 W

[TEMPERATURE DATA]      [PRECIPITATION DATA]       SYMBOLS USED IN COLUMN 16

AVERAGE MONTHLY: 58.3   TOTAL FOR MONTH:   3.46    1 = FOG OR MIST
DPTR FM NORMAL:   5.4   DPTR FM NORMAL:    1.08    2 = FOG REDUCING VISIBILITY
HIGHEST:    82 ON 20    GRTST 24HR  1.13 ON 16-17      TO 1/4 MILE OR LESS
LOWEST:     29 ON  8                               3 = THUNDER
                        SNOW, ICE PELLETS, HAIL    4 = ICE PELLETS
                        TOTAL MONTH:    M          5 = HAIL
                        GRTST 24HR    M  ON   M    6 = FREEZING RAIN OR DRIZZLE
                        GRTST DEPTH:  M  ON   M    7 = DUSTSTORM OR SANDSTORM:
                                                       VSBY 1/2 MILE OR LESS
                                                   8 = SMOKE OR HAZE
[NO. OF DAYS WITH]      [WEATHER - DAYS WITH]      9 = BLOWING SNOW
                                                   X = TORNADO
MAX 32 OR BELOW:   0    0.01 INCH OR MORE:  12
MAX 90 OR ABOVE:   0    0.10 INCH OR MORE:   7
MIN 32 OR BELOW:   4    0.50 INCH OR MORE:   3
MIN  0 OR BELOW:   0    1.00 INCH OR MORE:   0

[HDD (BASE 65) ]
TOTAL THIS MO.   162    CLEAR  (SCALE 0-3)   9
DPTR FM NORMAL  -116    PTCLDY (SCALE 4-7)  11
TOTAL FM JUL 1  3829    CLOUDY (SCALE 8-10)  2
DPTR FM NORMAL  -910

[CDD (BASE 65) ]
TOTAL THIS MO.    18
DPTR FM NORMAL     6    [PRESSURE DATA]
TOTAL FM JAN 1    24    HIGHEST SLP M ON M
DPTR FM NORMAL     9    LOWEST  SLP 29.40 ON  6

[REMARKS]
