000
CXUS51 KRLX 271123
CF6PKB
PRELIMINARY LOCAL CLIMATOLOGICAL DATA (WS FORM: F-6)

                                          STATION:   PARKERSBURG WV
                                          MONTH:     AUGUST
                                          YEAR:      2015
                                          LATITUDE:   39 20 N
                                          LONGITUDE:  81 26 W

  TEMPERATURE IN F:       :PCPN:    SNOW:  WIND      :SUNSHINE: SKY     :PK WND
================================================================================
1   2   3   4   5  6A  6B    7    8   9   10  11  12  13   14  15   16   17  18
                                     12Z  AVG MX 2MIN
DY MAX MIN AVG DEP HDD CDD  WTR  SNW DPTH SPD SPD DIR MIN PSBL S-S WX    SPD DR
================================================================================

 1  85  62  74   0   0   9 0.00    M    M  4.4 15 280   M    M   2        21 280
 2  88  57  73  -1   0   8 0.00    M    M  4.6 14 210   M    M   1        19 190
 3  89  61  75   1   0  10 0.00    M    M  7.3 17 210   M    M   2        24 230
 4  88  65  77   3   0  12 0.00    M    M  3.0 14 300   M    M   2 1      19 320
 5  86  61  74   0   0   9 0.00    M    M  2.8 13 270   M    M   0 1      19 120
 6  68  62  65  -9   0   0 0.33    M    M  5.1 12 100   M    M   9 1      16  90
 7  85  61  73  -1   0   8 0.00    M    M  2.3 13 310   M    M   7        16 290
 8  88  65  77   3   0  12    T    M    M  2.4 12 320   M    M   6 12     16 280
 9  88  63  76   2   0  11 0.00    M    M  1.4 12 290   M    M   2 1      19 230
10  87  68  78   4   0  13 1.30    M    M  4.5 21 260   M    M   6 13     28 260
11  84  63  74   0   0   9    T    M    M  4.7 16 310   M    M   6 1      22 290
12  82  58  70  -4   0   5 0.00    M    M  2.9 14 270   M    M   2 12     19 300
13  81  54  68  -6   0   3 0.00    M    M  1.4  9  70   M    M   0 12     23 150
14  86  54  70  -4   0   5 0.00    M    M  1.2  7  70   M    M   1 12     21 220
15  87  57  72  -2   0   7 0.00    M    M  2.3  9 300   M    M   0 1      12 310
16  88  60  74   0   0   9 0.00    M    M  2.2  8 230   M    M   1 12     11 270
17  91  63  77   3   0  12 0.12    M    M  2.3 10 190   M    M   2 1238   12 220
18  80  68  74   0   0   9 0.61    M    M  2.0 15 200   M    M   6 123    20 230
19  88  66  77   4   0  12 0.29    M    M  5.2 26 170   M    M   5 123    34 170
20  80  60  70  -3   0   5 0.09    M    M  6.4 18 290   M    M   5 1      26 270
21  80  53  67  -6   0   2 0.00    M    M  1.8  9 270   M    M   1 12     14 270
22  82  52  67  -6   0   2 0.00    M    M  2.6 10  40   M    M   1 12     13  30
23  85  56  71  -2   0   6    T    M    M  2.0  9 300   M    M   3 12     14 240
24  80  58  69  -4   0   4 0.00    M    M  5.9 15 280   M    M   3        19 270
25  74  53  64  -9   1   0 0.00    M    M  4.2 16 290   M    M   5        22 240
26  72  55  64  -8   1   0 0.00    M    M  2.8 10 290   M    M   9        13 310
================================================================================
SM 2172 1555         2 182  2.74    M     87.7          M       87
================================================================================
AV 83.5 59.8                               3.4 FASTST   M    M   3    MAX(MPH)
                                 MISC ---->  # 26 170               # 34  170
================================================================================
NOTES:
# LAST OF SEVERAL OCCURRENCES

COLUMN 17 PEAK WIND IN M.P.H.

PRELIMINARY LOCAL CLIMATOLOGICAL DATA (WS FORM: F-6) , PAGE 2

                                          STATION:  PARKERSBURG WV
                                          MONTH:    AUGUST
                                          YEAR:     2015
                                          LATITUDE:   39 20 N
                                          LONGITUDE:  81 26 W

[TEMPERATURE DATA]      [PRECIPITATION DATA]       SYMBOLS USED IN COLUMN 16

AVERAGE MONTHLY: 71.7   TOTAL FOR MONTH:   2.74    1 = FOG OR MIST
DPTR FM NORMAL:  -2.0   DPTR FM NORMAL:   -0.31    2 = FOG REDUCING VISIBILITY
HIGHEST:    91 ON 17    GRTST 24HR  1.30 ON 10-10      TO 1/4 MILE OR LESS
LOWEST:     52 ON 22                               3 = THUNDER
                        SNOW, ICE PELLETS, HAIL    4 = ICE PELLETS
                        TOTAL MONTH:    M          5 = HAIL
                        GRTST 24HR    M  ON   M    6 = FREEZING RAIN OR DRIZZLE
                        GRTST DEPTH:  M  ON   M    7 = DUSTSTORM OR SANDSTORM:
                                                       VSBY 1/2 MILE OR LESS
                                                   8 = SMOKE OR HAZE
[NO. OF DAYS WITH]      [WEATHER - DAYS WITH]      9 = BLOWING SNOW
                                                   X = TORNADO
MAX 32 OR BELOW:   0    0.01 INCH OR MORE:   6
MAX 90 OR ABOVE:   1    0.10 INCH OR MORE:   5
MIN 32 OR BELOW:   0    0.50 INCH OR MORE:   2
MIN  0 OR BELOW:   0    1.00 INCH OR MORE:   1

[HDD (BASE 65) ]
TOTAL THIS MO.     2    CLEAR  (SCALE 0-3)  16
DPTR FM NORMAL     2    PTCLDY (SCALE 4-7)   8
TOTAL FM JUL 1     2    CLOUDY (SCALE 8-10)  2
DPTR FM NORMAL     1

[CDD (BASE 65) ]
TOTAL THIS MO.   182
DPTR FM NORMAL   -44    [PRESSURE DATA]
TOTAL FM JAN 1   845    HIGHEST SLP M ON M
DPTR FM NORMAL    52    LOWEST  SLP 29.78 ON  7

[REMARKS]
