000
CXUS53 KAPX 250631
CF6PLN
PRELIMINARY LOCAL CLIMATOLOGICAL DATA (WS FORM: F-6)

                                          STATION:   PELLSTON
                                          MONTH:     APRIL
                                          YEAR:      2017
                                          LATITUDE:   45 34 N
                                          LONGITUDE:  84 48 W

  TEMPERATURE IN F:       :PCPN:    SNOW:  WIND      :SUNSHINE: SKY     :PK WND
================================================================================
1   2   3   4   5  6A  6B    7    8   9   10  11  12  13   14  15   16   17  18
                                     12Z  AVG MX 2MIN
DY MAX MIN AVG DEP HDD CDD  WTR  SNW DPTH SPD SPD DIR MIN PSBL S-S WX    SPD DR
================================================================================

 1  55  23  39   6  26   0    T    M    M  4.4 16 280   M    M   3        20 280
 2  62  29  46  12  19   0 0.00    M    M  2.9 13 280   M    M   6        18 200
 3  51  40  46  12  19   0 0.06    M    M  7.4 20 100   M    M  10        24 100
 4  51  35  43   8  22   0 0.39    M    M 12.3 23 330   M    M   8 1      29 330
 5  52  26  39   4  26   0 0.00    M    M  4.1 14  50   M    M   3        17  50
 6  45  33  39   3  26   0 0.00    M    M 16.6 30 360   M    M   5        36 360
 7  51  25  38   2  27   0 0.00    M    M 13.5 25 340   M    M   0        33 330
 8  63  19  41   4  24   0 0.00    M    M  4.6 16 280   M    M   0        23 180
 9  73  50  62  25   3   0 0.01    M    M  9.0 20 220   M    M   7 3      28 210
10  60  36  48  10  17   0 0.36    M    M  9.1 21  80   M    M   8 13     29 270
11  40  32  36  -2  29   0 0.19    M    M  9.8 21  90   M    M  10 16     28  90
12  50  26  38  -1  27   0 0.01    M    M  6.1 16 280   M    M   5 1      22 270
13  60  23  42   3  23   0 0.00    M    M  3.6 16  30   M    M   0        21 360
14  65  23  44   4  21   0 0.00    M    M  6.9 18 100   M    M   1        26 150
15  69  44  57  17   8   0 1.24    M    M  5.3 18 240   M    M   9 13     28 240
16  55  37  46   6  19   0 0.26    M    M  8.4 26 310   M    M   8 1      34 310
17  45  26  36  -5  29   0    T    M    M  6.7 17 320   M    M   5 18     20 290
18  61  24  43   2  22   0    T    M    M 10.3 18 150   M    M   2        26 150
19  62  37  50   8  15   0 0.00    M    M 10.6 18 290   M    M   8        24  80
20  42  37  40  -2  25   0 0.46    M    M 12.5 26  90   M    M   9 1      34 110
21  52  31  42   0  23   0 0.01    M    M 12.4 22 330   M    M   7 1      28 350
22  61  26  44   1  21   0 0.00    M    M  4.6 15 270   M    M   0        19 280
23  51  34  43   0  22   0 0.00    M    M  9.1 18 320   M    M   6        22 320
24  55  28  42  -2  23   0 0.00    M    M  9.4 18  70   M    M   2        23  80
================================================================================
SM 1331  744       516   0  2.99    M    199.6          M      122
================================================================================
AV 55.5 31.0                               8.3 FASTST   M    M   5    MAX(MPH)
                                 MISC ---->  # 30 360               # 36  360
================================================================================
NOTES:
# LAST OF SEVERAL OCCURRENCES

COLUMN 17 PEAK WIND IN M.P.H.

PRELIMINARY LOCAL CLIMATOLOGICAL DATA (WS FORM: F-6) , PAGE 2

                                          STATION:  PELLSTON
                                          MONTH:    APRIL
                                          YEAR:     2017
                                          LATITUDE:   45 34 N
                                          LONGITUDE:  84 48 W

[TEMPERATURE DATA]      [PRECIPITATION DATA]       SYMBOLS USED IN COLUMN 16

AVERAGE MONTHLY: 43.2   TOTAL FOR MONTH:   2.99    1 = FOG OR MIST
DPTR FM NORMAL:   4.5   DPTR FM NORMAL:    1.11    2 = FOG REDUCING VISIBILITY
HIGHEST:    73 ON  9    GRTST 24HR  1.24 ON 15-15      TO 1/4 MILE OR LESS
LOWEST:     19 ON  8                               3 = THUNDER
                        SNOW, ICE PELLETS, HAIL    4 = ICE PELLETS
                        TOTAL MONTH:    M          5 = HAIL
                        GRTST 24HR    M  ON   M    6 = FREEZING RAIN OR DRIZZLE
                        GRTST DEPTH:  M  ON   M    7 = DUSTSTORM OR SANDSTORM:
                                                       VSBY 1/2 MILE OR LESS
                                                   8 = SMOKE OR HAZE
[NO. OF DAYS WITH]      [WEATHER - DAYS WITH]      9 = BLOWING SNOW
                                                   X = TORNADO
MAX 32 OR BELOW:   0    0.01 INCH OR MORE:  10
MAX 90 OR ABOVE:   0    0.10 INCH OR MORE:   6
MIN 32 OR BELOW:  14    0.50 INCH OR MORE:   1
MIN  0 OR BELOW:   0    1.00 INCH OR MORE:   1

[HDD (BASE 65) ]
TOTAL THIS MO.   516    CLEAR  (SCALE 0-3)   9
DPTR FM NORMAL  -116    PTCLDY (SCALE 4-7)  10
TOTAL FM JUL 1  6528    CLOUDY (SCALE 8-10)  5
DPTR FM NORMAL -1411

[CDD (BASE 65) ]
TOTAL THIS MO.     0
DPTR FM NORMAL     0    [PRESSURE DATA]
TOTAL FM JAN 1     0    HIGHEST SLP M ON M
DPTR FM NORMAL     0    LOWEST  SLP 29.38 ON  4

[REMARKS]
