000
CXUS55 KLOX 011155
CF6PMD
PRELIMINARY LOCAL CLIMATOLOGICAL DATA (WS FORM: F-6)

                                          STATION:   PALMDALE AIRPORT CA
                                          MONTH:     AUGUST
                                          YEAR:      2015
                                          LATITUDE:   34 37 N
                                          LONGITUDE: 118  5 W

  TEMPERATURE IN F:       :PCPN:    SNOW:  WIND      :SUNSHINE: SKY     :PK WND
================================================================================
1   2   3   4   5  6A  6B    7    8   9   10  11  12  13   14  15   16   17  18
                                     12Z  AVG MX 2MIN
DY MAX MIN AVG DEP HDD CDD  WTR  SNW DPTH SPD SPD DIR MIN PSBL S-S WX    SPD DR
================================================================================

 1  99  68  84   1   0  19 0.00  0.0    0  8.9 24 250   M    M   0        29 240
 2  98  68  83   0   0  18 0.00  0.0    0  8.9 24 230   M    M   0        31 260
 3  97  67  82  -1   0  17 0.00  0.0    0 12.5 28 240   M    M   0 8      32 240
 4  96  68  82  -1   0  17 0.00  0.0    0 12.9 29 230   M    M   0 8      35 230
 5  98  66  82  -1   0  17 0.00  0.0    0  9.4 23 230   M    M   0        26 220
 6  94  70  82   0   0  17    T  0.0    0  9.5 22 230   M    M   2        26 250
 7  89  63  76  -6   0  11 0.00  0.0    0 13.5 29 230   M    M   0 8      34 230
 8  92  61  77  -5   0  12 0.00  0.0    0  9.2 22 230   M    M   0        25 250
 9  95  63  79  -3   0  14 0.00  0.0    0  8.8 28 210   M    M   0        31 220
10  94  61  78  -4   0  13 0.00  0.0    0  7.6 18 240   M    M   0        24 250
11  93  59  76  -6   0  11 0.00  0.0    0  8.4 26 240   M    M   0        32 230
12  98  58  78  -4   0  13 0.00  0.0    0  7.3 24 280   M    M   0        28 270
13 102  68  85   3   0  20 0.00  0.0    0  7.8 24 230   M    M   0        30 260
14 102  70  86   4   0  21 0.00  0.0    0 10.2 26 250   M    M   0        32 260
15 105  66  86   4   0  21 0.00  0.0    0  8.4 29 260   M    M   0        33 250
16 106  72  89   7   0  24 0.00  0.0    0  9.7 28 230   M    M   0        32 220
17 101  79  90   9   0  25 0.00  0.0    0 18.9 33 220   M    M   0 8      38 230
18  99  73  86   5   0  21 0.00  0.0    0 16.4 28 230   M    M   0 8      33 230
19 100  70  85   4   0  20 0.00  0.0    0 14.4 25 270   M    M   0 8      35 270
20 100  71  86   5   0  21 0.00  0.0    0 13.5 22 230   M    M   0 8      31 230
21  96  67  82   1   0  17 0.00  0.0    0 14.1 24 210   M    M   0        29 230
22  98  66  82   1   0  17 0.00  0.0    0 10.4 23 230   M    M   0        27 220
23  99  67  83   3   0  18 0.00  0.0    0 10.2 24 270   M    M   0        31 250
24 102  68  85   5   0  20 0.00  0.0    0  8.1 24 260   M    M   0 8      30 260
25  96  69  83   3   0  18 0.00  0.0    0  9.8 24 220   M    M   0 8      28 210
26 100  76  88   8   0  23 0.00  0.0    0 11.0 24 240   M    M   0 8      29 230
27 103  69  86   6   0  21 0.00  0.0    0  8.9 23 250   M    M   0        30 240
28 102  70  86   7   0  21 0.00  0.0    0  9.2 24 250   M    M   0        29 250
29  99  72  86   7   0  21 0.00  0.0    0 11.0 24 240   M    M   0        32 250
30  93  67  80   1   0  15 0.00  0.0    0 12.3 23 240   M    M   0        30 260
31  93  61  77  -2   0  12 0.00  0.0    0  7.4 22 250   M    M   0        26 240
================================================================================
SM 3039 2093         0 555    T      0.0 328.6          M        2
================================================================================
AV 98.0 67.5                              10.6 FASTST   M    M   0    MAX(MPH)
                                 MISC ---->  # 33 220               # 38  230
================================================================================
NOTES:
# LAST OF SEVERAL OCCURRENCES

COLUMN 17 PEAK WIND IN M.P.H.

PRELIMINARY LOCAL CLIMATOLOGICAL DATA (WS FORM: F-6) , PAGE 2

                                          STATION:  PALMDALE AIRPORT CA
                                          MONTH:    AUGUST
                                          YEAR:     2015
                                          LATITUDE:   34 37 N
                                          LONGITUDE: 118  5 W

[TEMPERATURE DATA]      [PRECIPITATION DATA]       SYMBOLS USED IN COLUMN 16

AVERAGE MONTHLY: 82.8   TOTAL FOR MONTH:      T    1 = FOG OR MIST
DPTR FM NORMAL:   1.6   DPTR FM NORMAL:   -0.14    2 = FOG REDUCING VISIBILITY
HIGHEST:   106 ON 16    GRTST 24HR    T  ON  6- 6      TO 1/4 MILE OR LESS
LOWEST:     58 ON 12                               3 = THUNDER
                        SNOW, ICE PELLETS, HAIL    4 = ICE PELLETS
                        TOTAL MONTH:   0.0 INCH    5 = HAIL
                        GRTST 24HR     0.0         6 = FREEZING RAIN OR DRIZZLE
                        GRTST DEPTH:   0           7 = DUSTSTORM OR SANDSTORM:
                                                       VSBY 1/2 MILE OR LESS
                                                   8 = SMOKE OR HAZE
[NO. OF DAYS WITH]      [WEATHER - DAYS WITH]      9 = BLOWING SNOW
                                                   X = TORNADO
MAX 32 OR BELOW:   0    0.01 INCH OR MORE:   0
MAX 90 OR ABOVE:  30    0.10 INCH OR MORE:   0
MIN 32 OR BELOW:   0    0.50 INCH OR MORE:   0
MIN  0 OR BELOW:   0    1.00 INCH OR MORE:   0

[HDD (BASE 65) ]
TOTAL THIS MO.     0    CLEAR  (SCALE 0-3)  31
DPTR FM NORMAL     0    PTCLDY (SCALE 4-7)   0
TOTAL FM JUL 1     0    CLOUDY (SCALE 8-10)  0
DPTR FM NORMAL     0

[CDD (BASE 65) ]
TOTAL THIS MO.   555
DPTR FM NORMAL    51    [PRESSURE DATA]
TOTAL FM JAN 1  1552    HIGHEST SLP M ON M
DPTR FM NORMAL    70    LOWEST  SLP 29.75 ON 16

[REMARKS]
#FINAL-08-15#
