000
CXUS52 KMFL 011000
CF6PMP
PRELIMINARY LOCAL CLIMATOLOGICAL DATA (WS FORM: F-6)

                                          STATION:   POMPANO BEACH ARPK
                                          MONTH:     SEPTEMBER
                                          YEAR:      2014
                                          LATITUDE:   26 14 N
                                          LONGITUDE:  80  7 W

  TEMPERATURE IN F:       :PCPN:    SNOW:  WIND      :SUNSHINE: SKY     :PK WND
================================================================================
1   2   3   4   5  6A  6B    7    8   9   10  11  12  13   14  15   16   17  18
                                     12Z  AVG MX 2MIN
DY MAX MIN AVG DEP HDD CDD  WTR  SNW DPTH SPD SPD DIR MIN PSBL S-S WX    SPD DR
================================================================================

 1  91  85  88   6   0  23 0.00  0.0    0 10.5 17 110   M    M   2         M  M
 2  90  80  85   3   0  20    T  0.0    0  8.9 18 150   M    M   2        23 130
 3  88  78  83   1   0  18 0.11  0.0    0  7.9 26  50   M    M   4        32  40
 4  91  77  84   2   0  19 0.03  0.0    0  7.1 16 140   M    M   3 13     21 180
 5  92  82  87   5   0  22 0.16  0.0    0  7.9 16 140   M    M   2 3      21 110
 6  88  82  85   3   0  20 0.05  0.0    0  9.7 20 120   M    M   4 3      24 120
 7  91  78  85   3   0  20 0.22  0.0    0  9.2 17 140   M    M   2 3      22 130
 8  90  76  83   1   0  18 0.25  0.0    0  9.2 18  90   M    M   3 13     23 150
 9  90  79  85   3   0  20 0.08  0.0    0 10.7 21 130   M    M   2 3      25 140
10  89  81  85   3   0  20    T  0.0    0  9.7 16 140   M    M   2        23 130
11  86  74  80  -2   0  15 0.67  0.0    0  4.4 12 350   M    M   4 1      14 350
12  88  73  81  -1   0  16 0.19  0.0    0 11.8 24 160   M    M   4 13     33 140
13  88  76  82   0   0  17 0.88  0.0    0  8.3 30 150   M    M   5 138    38 150
14  89  75  82   0   0  17 0.02  0.0    0  6.8 15 130   M    M   1 3      20 130
15  90  81  86   4   0  21 0.00  0.0    0  6.8 13  60   M    M   1        16  60
16  90  78  84   2   0  19 0.00  0.0    0  3.6 13 300   M    M   1 3      17 100
17  93  76  85   3   0  20    T  0.0    0  3.8 30 300   M    M   3 3      36 290
18  89  77  83   1   0  18 0.32  0.0    0  5.0 16 140   M    M   2 3      19 180
19  88  77  83   1   0  18 0.24  0.0    0  2.9 17 190   M    M   4 13     22 190
20  91  76  84   2   0  19 0.44  0.0    0  4.1 18 270   M    M   2 138    24 280
21  87  73  80  -1   0  15 0.87  0.0    0  5.2 26 360   M    M   2 138    35 360
22  88  75  82   1   0  17 0.23  0.0    0  4.3 18 130   M    M   3 13     23 140
23  84  75  80  -1   0  15 0.24  0.0    0  5.6 23 170   M    M   4 13     32 180
24  88  75  82   1   0  17 0.04  0.0    0  8.2 21 100   M    M   4 1      25 100
25  88  78  83   2   0  18 0.24  0.0    0  7.6 21  70   M    M   6 138    29  80
26  89  78  84   3   0  19 0.13  0.0    0  7.9 21 120   M    M   4 1      25 120
27  90  77  84   3   0  19 0.39  0.0    0  9.5 29 100   M    M   3 1      36 100
28  90  80  85   4   0  20 0.01  0.0    0  8.6 15 110   M    M   2 1      19 100
29  89  77  83   2   0  18 0.61  0.0    0  5.7 16 230   M    M   4 13     20 230
30  91  77  84   3   0  19 0.07  0.0    0  5.7 30 300   M    M   2 13     36 290
================================================================================
SM 2676 2326         0 557  6.49     0.0 216.6          M       87
================================================================================
AV 89.2 77.5                               7.2 FASTST   M    M   3    MAX(MPH)
                                 MISC ---->  # 30 150               # 38  150
================================================================================
NOTES:
# LAST OF SEVERAL OCCURRENCES

COLUMN 17 PEAK WIND IN M.P.H.

PRELIMINARY LOCAL CLIMATOLOGICAL DATA (WS FORM: F-6) , PAGE 2

                                          STATION:  POMPANO BEACH ARPK
                                          MONTH:    SEPTEMBER
                                          YEAR:     2014
                                          LATITUDE:   26 14 N
                                          LONGITUDE:  80  7 W

[TEMPERATURE DATA]      [PRECIPITATION DATA]       SYMBOLS USED IN COLUMN 16

AVERAGE MONTHLY: 83.4   TOTAL FOR MONTH:   6.49    1 = FOG OR MIST
DPTR FM NORMAL:   1.8   DPTR FM NORMAL:   -2.51    2 = FOG REDUCING VISIBILITY
HIGHEST:    93 ON 17    GRTST 24HR  0.89 ON 21-22      TO 1/4 MILE OR LESS
LOWEST:     73 ON 21,12                            3 = THUNDER
                        SNOW, ICE PELLETS, HAIL    4 = ICE PELLETS
                        TOTAL MONTH:   0.0 INCH    5 = HAIL
                        GRTST 24HR     0.0         6 = FREEZING RAIN OR DRIZZLE
                        GRTST DEPTH:   0           7 = DUSTSTORM OR SANDSTORM:
                                                       VSBY 1/2 MILE OR LESS
                                                   8 = SMOKE OR HAZE
[NO. OF DAYS WITH]      [WEATHER - DAYS WITH]      9 = BLOWING SNOW
                                                   X = TORNADO
MAX 32 OR BELOW:   0    0.01 INCH OR MORE:  24
MAX 90 OR ABOVE:  14    0.10 INCH OR MORE:  17
MIN 32 OR BELOW:   0    0.50 INCH OR MORE:   4
MIN  0 OR BELOW:   0    1.00 INCH OR MORE:   0

[HDD (BASE 65) ]
TOTAL THIS MO.     0    CLEAR  (SCALE 0-3)  17
DPTR FM NORMAL     0    PTCLDY (SCALE 4-7)  13
TOTAL FM JUL 1     0    CLOUDY (SCALE 8-10)  0
DPTR FM NORMAL     0

[CDD (BASE 65) ]
TOTAL THIS MO.   557
DPTR FM NORMAL    58    [PRESSURE DATA]
TOTAL FM JAN 1  3794    HIGHEST SLP 30.16 ON 15
DPTR FM NORMAL   495    LOWEST  SLP 29.81 ON 30

[REMARKS]
#FINAL-09-14#
