000
CXUS54 KOUN 250700
CF6PNC
PRELIMINARY LOCAL CLIMATOLOGICAL DATA (WS FORM: F-6)

                                          STATION:   PONCA CITY
                                          MONTH:     MARCH
                                          YEAR:      2017
                                          LATITUDE:   36 44 N
                                          LONGITUDE:  97  6 W

  TEMPERATURE IN F:       :PCPN:    SNOW:  WIND      :SUNSHINE: SKY     :PK WND
================================================================================
1   2   3   4   5  6A  6B    7    8   9   10  11  12  13   14  15   16   17  18
                                     12Z  AVG MX 2MIN
DY MAX MIN AVG DEP HDD CDD  WTR  SNW DPTH SPD SPD DIR MIN PSBL S-S WX    SPD DR
================================================================================

 1  59  29  44   0  21   0 0.00  0.0    0  9.6 29 350   M    M   0        36 350
 2  63  24  44   0  21   0 0.00  0.0    0  3.6 15 290   M    M   1        21 260
 3  69  31  50   5  15   0 0.00  0.0    0 11.3 28 220   M    M   0        35 210
 4  71  46  59  14   6   0 0.00  0.0    0 11.9 23 170   M    M   4        33 160
 5  63  53  58  13   7   0 0.00  0.0    0 14.6 28 160   M    M  10 1      35 160
 6  79  53  66  20   0   1    T  0.0    0 18.6 33 320   M    M   7 3      48 330
 7  65  35  50   4  15   0 0.00  0.0    0  7.4 20 270   M    M   1 8      28 250
 8  74  28  51   5  14   0 0.00  0.0    0  8.6 28 220   M    M   0        37 210
 9  83  50  67  20   0   2 0.00  0.0    0 10.9 29  40   M    M   0        36  30
10  56  36  46  -1  19   0 0.00  0.0    0 15.7 25  50   M    M   3        30  50
11  44  30  37 -10  28   0 0.18  0.0    0 11.6 20  30   M    M   8        24  30
12  44  25  35 -13  30   0    T    M    0  6.0 21 150   M    M   7 1      26 150
13  45  29  37 -11  28   0    T  0.0    0 12.7 35 350   M    M   0 1      41 350
14  44  28  36 -12  29   0 0.00  0.0    0  8.0 14  50   M    M   4        19  50
15  54  29  42  -7  23   0 0.00  0.0    0  9.5 15 140   M    M   1        20 130
16  75  41  58   9   7   0 0.00  0.0    0 15.9 25 160   M    M   0        34 160
17  79  48  64  15   1   0 0.00  0.0    0  8.6 18 160   M    M   2 12     23 160
18  77  39  58   8   7   0 0.00  0.0    0 10.2 20  80   M    M   1        25  90
19  90  59  75  25   0  10 0.00  0.0    0 13.1 23 160   M    M   0        33 210
20  89  62  76  26   0  11 0.00  0.0    0  7.0 16  90   M    M   0 8      24 160
21  75  56  66  16   0   1 0.00  0.0    0 15.5 26  60   M    M   1        34  60
22  66  50  58   7   7   0 0.00  0.0    0 14.8 24  70   M    M   9        34  80
23  85  54  70  19   0   5 0.00  0.0    0 20.0 33 160   M    M   3        46 160
24  78  56  67  16   0   2 0.03  0.0    0 13.4 26 150   M    M   5 3      35 190
================================================================================
SM 1627  991       278  32  0.21     0.0 278.5          M       67
================================================================================
AV 67.8 41.3                              11.6 FASTST   M    M   3    MAX(MPH)
                                 MISC ---->  # 35 350               # 48  330
================================================================================
NOTES:
# LAST OF SEVERAL OCCURRENCES

COLUMN 17 PEAK WIND IN M.P.H.

PRELIMINARY LOCAL CLIMATOLOGICAL DATA (WS FORM: F-6) , PAGE 2

                                          STATION:  PONCA CITY
                                          MONTH:    MARCH
                                          YEAR:     2017
                                          LATITUDE:   36 44 N
                                          LONGITUDE:  97  6 W

[TEMPERATURE DATA]      [PRECIPITATION DATA]       SYMBOLS USED IN COLUMN 16

AVERAGE MONTHLY: 54.5   TOTAL FOR MONTH:   0.21    1 = FOG OR MIST
DPTR FM NORMAL:   6.8   DPTR FM NORMAL:   -1.82    2 = FOG REDUCING VISIBILITY
HIGHEST:    90 ON 19    GRTST 24HR  0.18 ON 11-11      TO 1/4 MILE OR LESS
LOWEST:     24 ON  2                               3 = THUNDER
                        SNOW, ICE PELLETS, HAIL    4 = ICE PELLETS
                        TOTAL MONTH:   0.0 INCH    5 = HAIL
                        GRTST 24HR     0.0         6 = FREEZING RAIN OR DRIZZLE
                        GRTST DEPTH:   0           7 = DUSTSTORM OR SANDSTORM:
                                                       VSBY 1/2 MILE OR LESS
                                                   8 = SMOKE OR HAZE
[NO. OF DAYS WITH]      [WEATHER - DAYS WITH]      9 = BLOWING SNOW
                                                   X = TORNADO
MAX 32 OR BELOW:   0    0.01 INCH OR MORE:   2
MAX 90 OR ABOVE:   1    0.10 INCH OR MORE:   1
MIN 32 OR BELOW:   9    0.50 INCH OR MORE:   0
MIN  0 OR BELOW:   0    1.00 INCH OR MORE:   0

[HDD (BASE 65) ]
TOTAL THIS MO.   278    CLEAR  (SCALE 0-3)  16
DPTR FM NORMAL  -139    PTCLDY (SCALE 4-7)   6
TOTAL FM JUL 1  2822    CLOUDY (SCALE 8-10)  2
DPTR FM NORMAL  -882

[CDD (BASE 65) ]
TOTAL THIS MO.    32
DPTR FM NORMAL    32    [PRESSURE DATA]
TOTAL FM JAN 1    36    HIGHEST SLP M ON M
DPTR FM NORMAL    36    LOWEST  SLP 29.56 ON  6

[REMARKS]
