000
CXUS54 KOUN 290700
CF6PNC
PRELIMINARY LOCAL CLIMATOLOGICAL DATA (WS FORM: F-6)

                                          STATION:   PONCA CITY
                                          MONTH:     APRIL
                                          YEAR:      2016
                                          LATITUDE:   36 44 N
                                          LONGITUDE:  97  6 W

  TEMPERATURE IN F:       :PCPN:    SNOW:  WIND      :SUNSHINE: SKY     :PK WND
================================================================================
1   2   3   4   5  6A  6B    7    8   9   10  11  12  13   14  15   16   17  18
                                     12Z  AVG MX 2MIN
DY MAX MIN AVG DEP HDD CDD  WTR  SNW DPTH SPD SPD DIR MIN PSBL S-S WX    SPD DR
================================================================================

 1  61  33  47  -7  18   0 0.00  0.0    0  7.3 22 340   M    M   1        29 340
 2  72  28  50  -4  15   0 0.00  0.0    0  4.6 15 350   M    M   0        25 270
 3  80  39  60   6   5   0 0.00  0.0    0  9.5 24 210   M    M   0        34 210
 4  81  39  60   5   5   0 0.00  0.0    0  9.5 23  60   M    M   1        30  50
 5  88  50  69  14   0   4 0.00  0.0    0 16.1 30 210   M    M   0 8      44 200
 6  72  51  62   7   3   0    T  0.0    0 13.8 35 330   M    M   2        48 350
 7  75  39  57   1   8   0 0.00  0.0    0 10.4 28 350   M    M   0        38 350
 8  71  35  53  -3  12   0 0.00  0.0    0  4.1 14 290   M    M   0        18 280
 9  76  40  58   2   7   0 0.00  0.0    0 14.3 29 210   M    M   2 8      41 210
10  89  59  74  17   0   9 0.34  0.0    0 15.3 33 260   M    M   5 1      51 260
11  64  44  54  -3  11   0 0.43  0.0    0 13.8 32  30   M    M   6 1      38  20
12  68  44  56  -1   9   0 0.00  0.0    0  6.9 14  80   M    M   5        18  70
13  65  50  58   0   7   0 0.00  0.0    0  8.1 17 130   M    M   6 18     21 160
14  72  41  57  -1   8   0 0.00  0.0    0  6.4 15 140   M    M   2 1      23 120
15  77  50  64   6   1   0 0.00  0.0    0 13.1 26 120   M    M   0        31 120
16  73  61  67   9   0   2 0.00  0.0    0 18.6 30 130   M    M   9        42 130
17  66  60  63   4   2   0 1.43  0.0    0 11.2 25 140   M    M   9 13     33 140
18  64  52  58  -1   7   0 0.37  0.0    0  5.9 15 320   M    M   7 1      19 310
19  69  49  59  -1   6   0 0.39    M    M  7.7 18 100   M    M   8 1      22 100
20  70  54  62   2   3   0 0.01  0.0    0  5.0 16 260   M    M   6        23 250
21  74  51  63   3   2   0 0.01  0.0    0  5.5 16 350   M    M   1        23 320
22  77  46  62   2   3   0 0.00  0.0    0  4.6 15 360   M    M   0        20 360
23  83  49  66   5   0   1 0.00  0.0    0  8.4 20 170   M    M   0        26 160
24  81  62  72  11   0   7 0.00  0.0    0 14.0 35 150   M    M   1        42 160
25  82  64  73  12   0   8 0.00  0.0    0 11.5 20 150   M    M   5        26 160
26  83  59  71   9   0   6 0.49  0.0    0 13.9 25  60   M    M   6 1      36 260
27  70  47  59  -3   6   0 0.00  0.0    0  8.4 17 280   M    M   3        26 300
28  71  43  57  -5   8   0 0.00  0.0    0  7.2 20 360   M    M   0        22 360
================================================================================
SM 2074 1339       146  37  3.47     0.0 275.1          M       85
================================================================================
AV 74.1 47.8                               9.8 FASTST   M    M   3    MAX(MPH)
                                 MISC ---->  # 35 330               # 51  260
================================================================================
NOTES:
# LAST OF SEVERAL OCCURRENCES

COLUMN 17 PEAK WIND IN M.P.H.

PRELIMINARY LOCAL CLIMATOLOGICAL DATA (WS FORM: F-6) , PAGE 2

                                          STATION:  PONCA CITY
                                          MONTH:    APRIL
                                          YEAR:     2016
                                          LATITUDE:   36 44 N
                                          LONGITUDE:  97  6 W

[TEMPERATURE DATA]      [PRECIPITATION DATA]       SYMBOLS USED IN COLUMN 16

AVERAGE MONTHLY: 60.9   TOTAL FOR MONTH:   3.47    1 = FOG OR MIST
DPTR FM NORMAL:   2.9   DPTR FM NORMAL:    0.31    2 = FOG REDUCING VISIBILITY
HIGHEST:    89 ON 10    GRTST 24HR  1.78 ON 17-18      TO 1/4 MILE OR LESS
LOWEST:     28 ON  2                               3 = THUNDER
                        SNOW, ICE PELLETS, HAIL    4 = ICE PELLETS
                        TOTAL MONTH:   0.0 INCH    5 = HAIL
                        GRTST 24HR     0.0         6 = FREEZING RAIN OR DRIZZLE
                        GRTST DEPTH:   0           7 = DUSTSTORM OR SANDSTORM:
                                                       VSBY 1/2 MILE OR LESS
                                                   8 = SMOKE OR HAZE
[NO. OF DAYS WITH]      [WEATHER - DAYS WITH]      9 = BLOWING SNOW
                                                   X = TORNADO
MAX 32 OR BELOW:   0    0.01 INCH OR MORE:   8
MAX 90 OR ABOVE:   0    0.10 INCH OR MORE:   6
MIN 32 OR BELOW:   1    0.50 INCH OR MORE:   1
MIN  0 OR BELOW:   0    1.00 INCH OR MORE:   1

[HDD (BASE 65) ]
TOTAL THIS MO.   146    CLEAR  (SCALE 0-3)  17
DPTR FM NORMAL   -85    PTCLDY (SCALE 4-7)   9
TOTAL FM JUL 1  2858    CLOUDY (SCALE 8-10)  2
DPTR FM NORMAL -1167

[CDD (BASE 65) ]
TOTAL THIS MO.    37
DPTR FM NORMAL    -2    [PRESSURE DATA]
TOTAL FM JAN 1    43    HIGHEST SLP M ON M
DPTR FM NORMAL    -3    LOWEST  SLP 29.43 ON 26

[REMARKS]
