000
CXUS54 KMOB 261521
CF6PNS
PRELIMINARY LOCAL CLIMATOLOGICAL DATA (WS FORM: F-6)

                                          STATION:   PENSACOLA
                                          MONTH:     DECEMBER
                                          YEAR:      2014
                                          LATITUDE:   30 28 N
                                          LONGITUDE:  87 12 W

  TEMPERATURE IN F:       :PCPN:    SNOW:  WIND      :SUNSHINE: SKY     :PK WND
================================================================================
1   2   3   4   5  6A  6B    7    8   9   10  11  12  13   14  15   16   17  18
                                     12Z  AVG MX 2MIN
DY MAX MIN AVG DEP HDD CDD  WTR  SNW DPTH SPD SPD DIR MIN PSBL S-S WX    SPD DR
================================================================================

 1  73  52  63   7   2   0 0.00  0.0    0  3.9 12 140   M    M   0 1      15 140
 2  74  51  63   7   2   0 0.00  0.0    0  4.6 10 150   M    M   0        13 150
 3  73  57  65   9   0   0 0.00  0.0    0  4.3  9 150   M    M   1 1      13 160
 4  73  57  65   9   0   0 0.00  0.0    0  5.9 12 130   M    M   0 1      14 130
 5  74  58  66  10   0   1 0.00  0.0    0  7.4 14 130   M    M   4 1      18 130
 6  81  58  70  15   0   5 0.21  0.0    0  7.5 22 330   M    M   5 1      25 310
 7  65  50  58   3   7   0    T  0.0    0  9.0 18 360   M    M   2        24 360
 8  64  46  55   0  10   0 0.00  0.0    0  6.2 13 350   M    M   4        16 360
 9  65  37  51  -4  14   0 0.00  0.0    0  8.2 21 330   M    M   0        26 310
10  58  37  48  -6  17   0 0.00  0.0    0  8.0 16  10   M    M   0        20 360
11  60  37  49  -5  16   0 0.00  0.0    0  6.5 13 340   M    M   0        16 350
12  65  41  53  -1  12   0 0.00  0.0    0  6.7 13 320   M    M   1 8      16 360
13  67  41  54   0  11   0 0.00  0.0    0  7.4 14 330   M    M   0        19  20
14  66  42  54   0  11   0 0.00  0.0    0  5.0 14 340   M    M   0        17 330
15  70  41  56   3   9   0 0.00  0.0    0  5.8 16 210   M    M   3 1      19 170
16  71  49  60   7   5   0 0.04    M    0 10.5 18 270   M    M   2 8      24 250
17  62  39  51  -2  14   0 0.00  0.0    0  4.5  9 320   M    M   0        13 320
18  61  41  51  -2  14   0 0.00  0.0    0  3.9 12 360   M    M   2        16 360
19  56  47  52  -1  13   0 0.55  0.0    0  6.5 15 310   M    M   9 1      18 310
20  52  45  49  -4  16   0 0.59  0.0    0  8.0 15  10   M    M   7 1      22  40
21  55  49  52   0  13   0 0.00  0.0    0  5.8 10  10   M    M  10 1      14  10
22  66  52  59   7   6   0 0.12  0.0    0  6.8 16 130   M    M   8 123    20 130
23  73  61  67  15   0   2 1.21  0.0    0 10.9 26 180   M    M  10 123    34 180
24  72  46  59   7   6   0 0.18    M    0  9.6 22 230   M    M   4 13     35 230
25  58  38  48  -4  17   0 0.00  0.0    0  4.4 12 320   M    M   0        16 320
================================================================================
SM 1654 1172       215   8  2.90     0.0 167.3          M       72
================================================================================
AV 66.2 46.9                               6.7 FASTST   M    M   3    MAX(MPH)
                                 MISC ---->  # 26 180               # 35  230
================================================================================
NOTES:
# LAST OF SEVERAL OCCURRENCES

COLUMN 17 PEAK WIND IN M.P.H.

PRELIMINARY LOCAL CLIMATOLOGICAL DATA (WS FORM: F-6) , PAGE 2

                                          STATION:  PENSACOLA
                                          MONTH:    DECEMBER
                                          YEAR:     2014
                                          LATITUDE:   30 28 N
                                          LONGITUDE:  87 12 W

[TEMPERATURE DATA]      [PRECIPITATION DATA]       SYMBOLS USED IN COLUMN 16

AVERAGE MONTHLY: 56.5   TOTAL FOR MONTH:   2.90    1 = FOG OR MIST
DPTR FM NORMAL:   2.6   DPTR FM NORMAL:   -0.83    2 = FOG REDUCING VISIBILITY
HIGHEST:    81 ON  6    GRTST 24HR  1.38 ON 23-24      TO 1/4 MILE OR LESS
LOWEST:     37 ON 11,10                            3 = THUNDER
                        SNOW, ICE PELLETS, HAIL    4 = ICE PELLETS
                        TOTAL MONTH:   0.0 INCH    5 = HAIL
                        GRTST 24HR     0.0         6 = FREEZING RAIN OR DRIZZLE
                        GRTST DEPTH:   0           7 = DUSTSTORM OR SANDSTORM:
                                                       VSBY 1/2 MILE OR LESS
                                                   8 = SMOKE OR HAZE
[NO. OF DAYS WITH]      [WEATHER - DAYS WITH]      9 = BLOWING SNOW
                                                   X = TORNADO
MAX 32 OR BELOW:   0    0.01 INCH OR MORE:   7
MAX 90 OR ABOVE:   0    0.10 INCH OR MORE:   6
MIN 32 OR BELOW:   0    0.50 INCH OR MORE:   3
MIN  0 OR BELOW:   0    1.00 INCH OR MORE:   1

[HDD (BASE 65) ]
TOTAL THIS MO.   215    CLEAR  (SCALE 0-3)  16
DPTR FM NORMAL   -71    PTCLDY (SCALE 4-7)   5
TOTAL FM JUL 1   542    CLOUDY (SCALE 8-10)  4
DPTR FM NORMAL    44

[CDD (BASE 65) ]
TOTAL THIS MO.     8
DPTR FM NORMAL     1    [PRESSURE DATA]
TOTAL FM JAN 1  2552    HIGHEST SLP M ON M
DPTR FM NORMAL   -51    LOWEST  SLP 29.57 ON 24

[REMARKS]
