000
CXUS55 KPAH 280643
CF6POF
PRELIMINARY LOCAL CLIMATOLOGICAL DATA (WS FORM: F-6)

                                          STATION:   POPLAR BLUFF MO
                                          MONTH:     JUNE
                                          YEAR:      2017
                                          LATITUDE:   36 46 N
                                          LONGITUDE:  90 19 W

  TEMPERATURE IN F:       :PCPN:    SNOW:  WIND      :SUNSHINE: SKY     :PK WND
================================================================================
1   2   3   4   5  6A  6B    7    8   9   10  11  12  13   14  15   16   17  18
                                     12Z  AVG MX 2MIN
DY MAX MIN AVG DEP HDD CDD  WTR  SNW DPTH SPD SPD DIR MIN PSBL S-S WX    SPD DR
================================================================================

 1  86  63  75   3   0  10 0.00  0.0    0  2.8 13 240   M    M   0        17 240
 2  89  63  76   3   0  11 0.00  0.0    0  2.0  9 190   M    M   1 8      11 200
 3  87  67  77   4   0  12 0.25  0.0    0  4.4 18 150   M    M   5 13     23 150
 4  84  70  77   4   0  12 0.21  0.0    0  3.1 20 130   M    M   5 13     25 130
 5  83  67  75   1   0  10 0.91  0.0    0  2.1 12  10   M    M   4 13     14  60
 6  83  64  74   0   0   9 0.00  0.0    0  8.1 20  20   M    M   1 1      24  20
 7  81  59  70  -4   0   5 0.00  0.0    0  7.4 16  20   M    M   1        22  20
 8  80  57  69  -5   0   4 0.00  0.0    0  4.2 12  10   M    M   0        17  20
 9  82  57  70  -5   0   5 0.00  0.0    0  3.5 14 200   M    M   0 8      19 210
10  84  58  71  -4   0   6 0.00  0.0    0  6.7 16 200   M    M   0 1      22 210
11  88  63  76   1   0  11 0.00  0.0    0  6.5 17 190   M    M   0 1      22 210
12  89  70  80   4   0  15 0.00  0.0    0  7.7 15 210   M    M   4        19 210
13  89  71  80   4   0  15 0.00  0.0    0  7.5 18 210   M    M   1        24 200
14  90  73  82   6   0  17 0.01  0.0    0  8.5 20 200   M    M   1        26 190
15  90  69  80   4   0  15 0.10  0.0    0  5.8 23 350   M    M   1 138    30 340
16  86  69  78   2   0  13    T  0.0    0  4.7 20 160   M    M   1 1      27 160
17  88  67  78   1   0  13 0.01  0.0    0  7.8 15 170   M    M   2 13     19 190
18  85  70  78   1   0  13 0.54  0.0    0  4.0 17 330   M    M   4 13     22 350
19  88  64  76  -1   0  11 0.00  0.0    0  3.5 10 320   M    M   0        14 350
20  90  66  78   1   0  13 0.00  0.0    0  2.8  9 320   M    M   0        20 110
21  89  66  78   0   0  13 0.00  0.0    0  4.1 12 140   M    M   0 8      23 120
22  87  73  80   2   0  15 1.41  0.0    0  6.0 18 170   M    M   9 138    27 170
23  90  68  79   1   0  14 0.62  0.0    0  5.9 20 310   M    M   5 13     26 320
24  81  63  72  -6   0   7 0.00  0.0    0  6.3 15 330   M    M   0        22 320
25  86  58  72  -6   0   7 0.00  0.0    0  2.7 13 330   M    M   0        18 250
26  79  63  71  -7   0   6 0.13  0.0    0  2.6 13 360   M    M   6 1      24  90
27  81  63  72  -7   0   7 0.08  0.0    0  2.8  9  10   M    M   3 1      13 280
================================================================================
SM 2315 1761         0 289  4.27     0.0 133.5          M       54
================================================================================
AV 85.7 65.2                               4.9 FASTST   M    M   2    MAX(MPH)
                                 MISC ---->  # 23 350               # 30  340
================================================================================
NOTES:
# LAST OF SEVERAL OCCURRENCES

COLUMN 17 PEAK WIND IN M.P.H.

PRELIMINARY LOCAL CLIMATOLOGICAL DATA (WS FORM: F-6) , PAGE 2

                                          STATION:  POPLAR BLUFF MO
                                          MONTH:    JUNE
                                          YEAR:     2017
                                          LATITUDE:   36 46 N
                                          LONGITUDE:  90 19 W

[TEMPERATURE DATA]      [PRECIPITATION DATA]       SYMBOLS USED IN COLUMN 16

AVERAGE MONTHLY: 75.5   TOTAL FOR MONTH:   4.27    1 = FOG OR MIST
DPTR FM NORMAL:  -0.3   DPTR FM NORMAL:    1.00    2 = FOG REDUCING VISIBILITY
HIGHEST:    90 ON 23,20 GRTST 24HR  1.41 ON 22-22      TO 1/4 MILE OR LESS
LOWEST:     57 ON  9, 8                            3 = THUNDER
                        SNOW, ICE PELLETS, HAIL    4 = ICE PELLETS
                        TOTAL MONTH:   0.0 INCH    5 = HAIL
                        GRTST 24HR     0.0         6 = FREEZING RAIN OR DRIZZLE
                        GRTST DEPTH:   0           7 = DUSTSTORM OR SANDSTORM:
                                                       VSBY 1/2 MILE OR LESS
                                                   8 = SMOKE OR HAZE
[NO. OF DAYS WITH]      [WEATHER - DAYS WITH]      9 = BLOWING SNOW
                                                   X = TORNADO
MAX 32 OR BELOW:   0    0.01 INCH OR MORE:  11
MAX 90 OR ABOVE:   4    0.10 INCH OR MORE:   8
MIN 32 OR BELOW:   0    0.50 INCH OR MORE:   4
MIN  0 OR BELOW:   0    1.00 INCH OR MORE:   1

[HDD (BASE 65) ]
TOTAL THIS MO.     0    CLEAR  (SCALE 0-3)  19
DPTR FM NORMAL     0    PTCLDY (SCALE 4-7)   7
TOTAL FM JUL 1  2986    CLOUDY (SCALE 8-10)  1
DPTR FM NORMAL -1088

[CDD (BASE 65) ]
TOTAL THIS MO.   289
DPTR FM NORMAL    -6    [PRESSURE DATA]
TOTAL FM JAN 1   478    HIGHEST SLP M ON M
DPTR FM NORMAL    19    LOWEST  SLP 29.66 ON 23

[REMARKS]
