000
CXUS56 KSGX 241545
CF6PSP
PRELIMINARY LOCAL CLIMATOLOGICAL DATA (WS FORM: F-6)

                                          STATION:   PALM SPRINGS INTL AIRPORT CA
                                          MONTH:     MAY
                                          YEAR:      2016
                                          LATITUDE:   33 49 N
                                          LONGITUDE: 116 30 W

  TEMPERATURE IN F:       :PCPN:    SNOW:  WIND      :SUNSHINE: SKY     :PK WND
================================================================================
1   2   3   4   5  6A  6B    7    8   9   10  11  12  13   14  15   16   17  18
                                     12Z  AVG MX 2MIN
DY MAX MIN AVG DEP HDD CDD  WTR  SNW DPTH SPD SPD DIR MIN PSBL S-S WX    SPD DR
================================================================================

 1  87  59  73  -2   0   8 0.00  0.0    0  5.6 22 330   M    M   1        28 340
 2  92  63  78   3   0  13 0.00  0.0    0  5.8 14  30   M    M   1        17  10
 3  95  68  82   6   0  17 0.00  0.0    0  5.7 17 320   M    M   0        26 330
 4  98  67  83   7   0  18 0.00  0.0    0 10.9 29 320   M    M   1        37 320
 5  81  63  72  -4   0   7 0.00  0.0    0 14.4 31 330   M    M   1        39 280
 6  75  59  67  -9   0   2    T  0.0    0  5.6 23 330   M    M   3        27 340
 7  80  56  68  -9   0   3 0.00  0.0    0  7.7 23 330   M    M   1        28 330
 8  83  59  71  -6   0   6 0.00  0.0    0 10.9 25 320   M    M   1        32 330
 9  88  62  75  -2   0  10 0.00  0.0    0  8.6 22 320   M    M   0        27 320
10  92  63  78   0   0  13 0.00  0.0    0  6.0 22 330   M    M   0        26 320
11  97  65  81   3   0  16 0.00  0.0    0  5.9 16 120   M    M   1        21  90
12 101  72  87   9   0  22 0.00  0.0    0  7.8 18 110   M    M   0        24 130
13  99  69  84   6   0  19 0.00  0.0    0  5.8 22 330   M    M   0        29 310
14  98  69  84   5   0  19 0.00  0.0    0 10.1 31 320   M    M   0        42 310
15  85  64  75  -4   0  10 0.00  0.0    0 15.2 31 320   M    M   1        40 330
16  92  67  80   1   0  15 0.00  0.0    0 12.4 26 320   M    M   0        34 330
17  92  68  80   0   0  15 0.02  0.0    0  8.6 26 320   M    M   3        33 330
18  98  62  80   0   0  15 0.00  0.0    0  7.8 23 320   M    M   3        29 320
19  99  71  85   5   0  20 0.00  0.0    0  8.7 25 330   M    M   0        30 330
20  88  64  76  -4   0  11 0.00  0.0    0 15.4 32 340   M    M   1        40 310
21  83  59  71  -9   0   6 0.00  0.0    0 11.0 25 340   M    M   0        32 320
22  87  57  72  -9   0   7 0.00  0.0    0 11.3 25 320   M    M   0        33 310
23  86  61  74  -7   0   9 0.00  0.0    0 13.5 26 320   M    M   0        32 310
================================================================================
SM 2076 1467         0 281  0.02     0.0 214.7          M       18
================================================================================
AV 90.3 63.8                               9.3 FASTST   M    M   1    MAX(MPH)
                                 MISC ---->  # 32 340               # 42  310
================================================================================
NOTES:
# LAST OF SEVERAL OCCURRENCES

COLUMN 17 PEAK WIND IN M.P.H.

PRELIMINARY LOCAL CLIMATOLOGICAL DATA (WS FORM: F-6) , PAGE 2

                                          STATION:  PALM SPRINGS INTL AIRPORT CA
                                          MONTH:    MAY
                                          YEAR:     2016
                                          LATITUDE:   33 49 N
                                          LONGITUDE: 116 30 W

[TEMPERATURE DATA]      [PRECIPITATION DATA]       SYMBOLS USED IN COLUMN 16

AVERAGE MONTHLY: 77.0   TOTAL FOR MONTH:   0.02    1 = FOG OR MIST
DPTR FM NORMAL:  -1.1   DPTR FM NORMAL:   -0.10    2 = FOG REDUCING VISIBILITY
HIGHEST:   101 ON 12    GRTST 24HR  0.02 ON 17-17      TO 1/4 MILE OR LESS
LOWEST:     56 ON  7                               3 = THUNDER
                        SNOW, ICE PELLETS, HAIL    4 = ICE PELLETS
                        TOTAL MONTH:   0.0 INCH    5 = HAIL
                        GRTST 24HR     0.0         6 = FREEZING RAIN OR DRIZZLE
                        GRTST DEPTH:   0           7 = DUSTSTORM OR SANDSTORM:
                                                       VSBY 1/2 MILE OR LESS
                                                   8 = SMOKE OR HAZE
[NO. OF DAYS WITH]      [WEATHER - DAYS WITH]      9 = BLOWING SNOW
                                                   X = TORNADO
MAX 32 OR BELOW:   0    0.01 INCH OR MORE:   1
MAX 90 OR ABOVE:  12    0.10 INCH OR MORE:   0
MIN 32 OR BELOW:   0    0.50 INCH OR MORE:   0
MIN  0 OR BELOW:   0    1.00 INCH OR MORE:   0

[HDD (BASE 65) ]
TOTAL THIS MO.     0    CLEAR  (SCALE 0-3)  22
DPTR FM NORMAL     0    PTCLDY (SCALE 4-7)   1
TOTAL FM JUL 1   738    CLOUDY (SCALE 8-10)  0
DPTR FM NORMAL  -134

[CDD (BASE 65) ]
TOTAL THIS MO.   281
DPTR FM NORMAL   -22    [PRESSURE DATA]
TOTAL FM JAN 1   898    HIGHEST SLP M ON M
DPTR FM NORMAL   275    LOWEST  SLP 29.81 ON 20

[REMARKS]
