000
CXUS54 KHGX 271415
CF6PSX
PRELIMINARY LOCAL CLIMATOLOGICAL DATA (WS FORM: F-6)

                                          STATION:   PALACIOS
                                          MONTH:     MARCH
                                          YEAR:      2015
                                          LATITUDE:   28 43 N
                                          LONGITUDE:  96 15 W

  TEMPERATURE IN F:       :PCPN:    SNOW:  WIND      :SUNSHINE: SKY     :PK WND
================================================================================
1   2   3   4   5  6A  6B    7    8   9   10  11  12  13   14  15   16   17  18
                                     12Z  AVG MX 2MIN
DY MAX MIN AVG DEP HDD CDD  WTR  SNW DPTH SPD SPD DIR MIN PSBL S-S WX    SPD DR
================================================================================

 1  61  48  55  -5  10   0 0.08    M    M 11.9 17 360   M    M  10 1      21 360
 2  59  47  53  -7  12   0    T    M    0 11.3 20 360   M    M  10 18     22 350
 3  75  55  65   5   0   0 0.00  0.0    0 11.4 22 170   M    M   8 12     27 170
 4  77  42  60   0   5   0    T  0.0    0 13.1 33 350   M    M   9 1      43 350
 5  48  38  43 -17  22   0 0.05  0.0    0 23.9 39 360   M    M   7 1      48 350
 6  56  33  45 -16  20   0 0.00  0.0    0  7.7 17  50   M    M   3        21  40
 7  61  46  54  -7  11   0    T    M    0  7.2 14 140   M    M   9        21  50
 8  59  53  56  -5   9   0 0.52  0.0    M  8.2 17  60   M    M  10 1      22  70
 9  66  56  61   0   4   0 0.99  0.0    0  9.8 18 150   M    M  10 1       M  M
10  60  54  57  -5   8   0 0.00  0.0    0 11.5 18  20   M    M  10        21  20
11  58  54  56  -6   9   0    T  0.0    0 13.0 20  10   M    M  10 1      24  20
12  67  55  61  -1   4   0 0.06  0.0    M 11.5 18 350   M    M   8 1      23 350
13  77  55  66   4   0   1    T  0.0    0  6.9 15 290   M    M   5 12     19 290
14  76  57  67   5   0   2 0.00  0.0    0  5.2 12 200   M    M   1        15 200
15  70  55  63   0   2   0 0.00  0.0    0  8.8 17  20   M    M   2        21 360
16  72  59  66   3   0   1 0.03  0.0    0  8.0 12  90   M    M   9 1       M  M
17  77  64  71   8   0   6 0.00  0.0    0  4.8 12 140   M    M   5 12     16 130
18  76  63  70   7   0   5 0.49  0.0    0  7.9 21 310   M    M   8 12     28 260
19  77  68  73   9   0   8 0.00  0.0    0  8.2 16 170   M    M   9 1      20 180
20  80  68  74  10   0   9    T  0.0    0  8.7 15 150   M    M   8 12     20 110
21  70  62  66   2   0   1 1.14  0.0    0  9.1 21 350   M    M   9 1      28 290
22  75  62  69   5   0   4 0.00  0.0    0  7.1 16 340   M    M   8 1      18 340
23  78  57  68   4   0   3 0.00  0.0    0  6.8 13  40   M    M   0 1      16 190
24  74  62  68   3   0   3 0.00  0.0    0  9.4 14 160   M    M   0        19 150
25  77  67  72   7   0   7 0.00  0.0    0 10.1 21 150   M    M   4        25 160
26  73  56  65   0   0   0 0.14  0.0    0 14.7 31 340   M    M   6 13     40 350
================================================================================
SM 1799 1436       116  50  3.50     0.0 256.2          M      178
================================================================================
AV 69.2 55.2                               9.9 FASTST   M    M   7    MAX(MPH)
                                 MISC ---->  # 39 360               # 48  350
================================================================================
NOTES:
# LAST OF SEVERAL OCCURRENCES

COLUMN 17 PEAK WIND IN M.P.H.

PRELIMINARY LOCAL CLIMATOLOGICAL DATA (WS FORM: F-6) , PAGE 2

                                          STATION:  PALACIOS
                                          MONTH:    MARCH
                                          YEAR:     2015
                                          LATITUDE:   28 43 N
                                          LONGITUDE:  96 15 W

[TEMPERATURE DATA]      [PRECIPITATION DATA]       SYMBOLS USED IN COLUMN 16

AVERAGE MONTHLY: 62.2   TOTAL FOR MONTH:   3.50    1 = FOG OR MIST
DPTR FM NORMAL:  -0.1   DPTR FM NORMAL:    1.00    2 = FOG REDUCING VISIBILITY
HIGHEST:    80 ON 20    GRTST 24HR  1.14 ON 21-21      TO 1/4 MILE OR LESS
LOWEST:     33 ON  6                               3 = THUNDER
                        SNOW, ICE PELLETS, HAIL    4 = ICE PELLETS
                        TOTAL MONTH:   0.0 INCH    5 = HAIL
                        GRTST 24HR     0.0         6 = FREEZING RAIN OR DRIZZLE
                        GRTST DEPTH:   0           7 = DUSTSTORM OR SANDSTORM:
                                                       VSBY 1/2 MILE OR LESS
                                                   8 = SMOKE OR HAZE
[NO. OF DAYS WITH]      [WEATHER - DAYS WITH]      9 = BLOWING SNOW
                                                   X = TORNADO
MAX 32 OR BELOW:   0    0.01 INCH OR MORE:   9
MAX 90 OR ABOVE:   0    0.10 INCH OR MORE:   5
MIN 32 OR BELOW:   0    0.50 INCH OR MORE:   3
MIN  0 OR BELOW:   0    1.00 INCH OR MORE:   1

[HDD (BASE 65) ]
TOTAL THIS MO.   116    CLEAR  (SCALE 0-3)   4
DPTR FM NORMAL     0    PTCLDY (SCALE 4-7)   8
TOTAL FM JUL 1  1246    CLOUDY (SCALE 8-10) 14
DPTR FM NORMAL    94

[CDD (BASE 65) ]
TOTAL THIS MO.    50
DPTR FM NORMAL     5    [PRESSURE DATA]
TOTAL FM JAN 1    61    HIGHEST SLP M ON M
DPTR FM NORMAL   -13    LOWEST  SLP 29.77 ON  4

[REMARKS]
