000
CXUS56 KOTX 261500
CF6PUW
PRELIMINARY LOCAL CLIMATOLOGICAL DATA (WS FORM: F-6)

                                          STATION:   PULLMAN-MOSCOW  AIRPORT
                                          MONTH:     MAY
                                          YEAR:      2016
                                          LATITUDE:   46 44 N
                                          LONGITUDE: 117  7 W

  TEMPERATURE IN F:       :PCPN:    SNOW:  WIND      :SUNSHINE: SKY     :PK WND
================================================================================
1   2   3   4   5  6A  6B    7    8   9   10  11  12  13   14  15   16   17  18
                                     12Z  AVG MX 2MIN
DY MAX MIN AVG DEP HDD CDD  WTR  SNW DPTH SPD SPD DIR MIN PSBL S-S WX    SPD DR
================================================================================

 1  70  36  53   3  12   0 0.00    M    M  4.6 15 100   M    M   0        20 110
 2  77  43  60  10   5   0 0.00    M    M  3.4 14  90   M    M   0 8      16 100
 3  80  47  64  14   1   0 0.00    M    M  6.2 16 160   M    M   0        21 160
 4  76  50  63  13   2   0    T    M    M  7.2 36 250   M    M   1        46 250
 5  72  48  60   9   5   0 0.07    M    M  6.8 16  40   M    M   3 1      19 330
 6  78  53  66  15   0   1 0.00    M    M  7.2 16  30   M    M   3        21  30
 7  77  48  63  12   2   0 0.00    M    M  5.7 14 250   M    M   0        20 100
 8  68  47  58   6   7   0 0.00    M    M 14.9 28 240   M    M   0        34 240
 9  58  37  48  -4  17   0    T    M    M 12.6 30 250   M    M   5        40 260
10  63  36  50  -2  15   0 0.01    M    M  4.4 18 260   M    M   5        34 260
11  70  44  57   5   8   0 0.00    M    M  8.8 18 140   M    M   0        25 150
12  76  46  61   9   4   0 0.00    M    M  8.0 21 280   M    M   0 8      27 260
13  79  41  60   7   5   0    T    M    M  7.4 20 100   M    M   0        24 100
14  65  48  57   4   8   0 0.03    M    M  7.8 22 270   M    M   5        29 270
15  50  44  47  -6  18   0 0.49    M    M  7.4 16 260   M    M   9 1      20 260
16  62  45  54   1  11   0    T    M    M  3.1 12 310   M    M   7        15 340
17  71  41  56   2   9   0 0.00    M    M  1.8  9 340   M    M   0        13 330
18  74  49  62   8   3   0 0.01    M    M  6.0 28 280   M    M   2        35 270
19  57  39  48  -6  17   0 0.00    M    M 11.4 25 240   M    M   6        33 240
20  63  38  51  -3  14   0 0.05    M    M  5.3 15 360   M    M   7        20 340
21  55  43  49  -5  16   0 0.03    M    M  5.8 20 230   M    M   7 12     26 190
22  60  45  53  -1  12   0 0.03    M    M 16.6 30 230   M    M   8        39 220
23  57  47  52  -3  13   0    T    M    M 11.6 22 250   M    M   8        28 250
24  62  45  54  -1  11   0    T    M    M  4.5 10  80   M    M   8        14  80
25  69  46  58   3   7   0 0.00    M    M  5.3 15 280   M    M   5        22 300
================================================================================
SM 1689 1106       222   1  0.72    M    183.8          M       89
================================================================================
AV 67.6 44.2                               7.4 FASTST   M    M   4    MAX(MPH)
                                 MISC ---->  # 36 250               # 46  250
================================================================================
NOTES:
# LAST OF SEVERAL OCCURRENCES

COLUMN 17 PEAK WIND IN M.P.H.

PRELIMINARY LOCAL CLIMATOLOGICAL DATA (WS FORM: F-6) , PAGE 2

                                          STATION:  PULLMAN-MOSCOW  AIRPORT
                                          MONTH:    MAY
                                          YEAR:     2016
                                          LATITUDE:   46 44 N
                                          LONGITUDE: 117  7 W

[TEMPERATURE DATA]      [PRECIPITATION DATA]       SYMBOLS USED IN COLUMN 16

AVERAGE MONTHLY: 55.9   TOTAL FOR MONTH:   0.72    1 = FOG OR MIST
DPTR FM NORMAL:   3.3   DPTR FM NORMAL:   -0.59    2 = FOG REDUCING VISIBILITY
HIGHEST:    80 ON  3    GRTST 24HR  0.50 ON 14-15      TO 1/4 MILE OR LESS
LOWEST:     36 ON 10, 1                            3 = THUNDER
                        SNOW, ICE PELLETS, HAIL    4 = ICE PELLETS
                        TOTAL MONTH:    M          5 = HAIL
                        GRTST 24HR    M  ON   M    6 = FREEZING RAIN OR DRIZZLE
                        GRTST DEPTH:  M  ON   M    7 = DUSTSTORM OR SANDSTORM:
                                                       VSBY 1/2 MILE OR LESS
                                                   8 = SMOKE OR HAZE
[NO. OF DAYS WITH]      [WEATHER - DAYS WITH]      9 = BLOWING SNOW
                                                   X = TORNADO
MAX 32 OR BELOW:   0    0.01 INCH OR MORE:   8
MAX 90 OR ABOVE:   0    0.10 INCH OR MORE:   1
MIN 32 OR BELOW:   0    0.50 INCH OR MORE:   0
MIN  0 OR BELOW:   0    1.00 INCH OR MORE:   0

[HDD (BASE 65) ]
TOTAL THIS MO.   222    CLEAR  (SCALE 0-3)  12
DPTR FM NORMAL   -92    PTCLDY (SCALE 4-7)  10
TOTAL FM JUL 1  5384    CLOUDY (SCALE 8-10)  3
DPTR FM NORMAL  -957

[CDD (BASE 65) ]
TOTAL THIS MO.     1
DPTR FM NORMAL     1    [PRESSURE DATA]
TOTAL FM JAN 1     1    HIGHEST SLP M ON M
DPTR FM NORMAL     1    LOWEST  SLP  0.00 ON M

[REMARKS]
