000
CXUS56 KOTX 291500
CF6PUW
PRELIMINARY LOCAL CLIMATOLOGICAL DATA (WS FORM: F-6)

                                          STATION:   PULLMAN-MOSCOW  AIRPORT
                                          MONTH:     SEPTEMBER
                                          YEAR:      2016
                                          LATITUDE:   46 44 N
                                          LONGITUDE: 117  7 W

  TEMPERATURE IN F:       :PCPN:    SNOW:  WIND      :SUNSHINE: SKY     :PK WND
================================================================================
1   2   3   4   5  6A  6B    7    8   9   10  11  12  13   14  15   16   17  18
                                     12Z  AVG MX 2MIN
DY MAX MIN AVG DEP HDD CDD  WTR  SNW DPTH SPD SPD DIR MIN PSBL S-S WX    SPD DR
================================================================================

 1  73  51  62   0   3   0 0.01    M    M  8.3 17 250   M    M   3 8      23 260
 2  68  50  59  -3   6   0 0.05    M    M  7.8 20 240   M    M   6 1      24 240
 3  68  41  55  -7  10   0 0.00    M    M  4.7 14 230   M    M   4 8      19 230
 4  72  35  54  -8  11   0 0.00    M    M  6.0 15 330   M    M   1 8      21 270
 5  69  48  59  -3   6   0 0.00    M    M  6.7 16 240   M    M   1        23 250
 6  55  48  52  -9  13   0 0.15    M    M  2.1  8 220   M    M   9 18      9  90
 7  69  51  60  -1   5   0 0.00    M    M  7.8 20 230   M    M   8 18     24 220
 8  71  43  57  -4   8   0 0.00    M    M 10.0 23 240   M    M   3        27 230
 9  71  35  53  -7  12   0 0.00    M    M  1.6  9 240   M    M   0 8      14 270
10  82  48  65   5   0   0 0.00    M    M  8.1 20 250   M    M   0 8      27 250
11  72  43  58  -2   7   0 0.00    M    M 11.0 23 240   M    M   2        31 240
12  67  36  52  -7  13   0 0.00    M    M  9.6 22  40   M    M   0 8      27  40
13  70  32  51  -8  14   0 0.00    M    M  3.1 14  90   M    M   0 8      17  90
14  73  33  53  -6  12   0 0.00    M    M  3.1 15 280   M    M   0 8      21 290
15  78  38  58   0   7   0 0.00    M    M  3.2 10 170   M    M   0 8      14 170
16  81  45  63   5   2   0 0.00    M    M  3.9 15 100   M    M   0 8      17  90
17  67  52  60   2   5   0 0.10    M    M 11.0 26 230   M    M   8 1      35 240
18  69  52  61   3   4   0 0.00    M    M 10.0 22 240   M    M   5        27 240
19  63  51  57   0   8   0 0.00    M    M  8.0 20 240   M    M   3        25 280
20  65  39  52  -5  13   0 0.00    M    M  2.1  8 180   M    M   1 8      12  40
21  65  36  51  -5  14   0 0.00    M    M  2.6 12 290   M    M   3 8      15 310
22  60  49  55  -1  10   0 0.00    M    M  6.9 17 280   M    M   9        21 260
23  65  47  56   0   9   0 0.02    M    M  8.5 22 260   M    M   9        28 280
24  64  40  52  -3  13   0 0.00    M    M  6.4 16 240   M    M   2        20 230
25  74  43  59   4   6   0 0.00    M    M  4.7 13  90   M    M   3 8      16 210
26  86  56  71  16   0   6 0.00    M    M  8.4 24 100   M    M   1 8      28 100
27  79  49  64  10   1   0 0.00    M    M  4.4 21 250   M    M   0        26 240
28  81  48  65  11   0   0 0.00    M    M  4.0 14 280   M    M   0 8      21 290
================================================================================
SM 1977 1239       212   6  0.33    M    174.0          M       81
================================================================================
AV 70.6 44.3                               6.2 FASTST   M    M   3    MAX(MPH)
                                 MISC ---->  # 26 230               # 35  240
================================================================================
NOTES:
# LAST OF SEVERAL OCCURRENCES

COLUMN 17 PEAK WIND IN M.P.H.

PRELIMINARY LOCAL CLIMATOLOGICAL DATA (WS FORM: F-6) , PAGE 2

                                          STATION:  PULLMAN-MOSCOW  AIRPORT
                                          MONTH:    SEPTEMBER
                                          YEAR:     2016
                                          LATITUDE:   46 44 N
                                          LONGITUDE: 117  7 W

[TEMPERATURE DATA]      [PRECIPITATION DATA]       SYMBOLS USED IN COLUMN 16

AVERAGE MONTHLY: 57.4   TOTAL FOR MONTH:   0.33    1 = FOG OR MIST
DPTR FM NORMAL:  -1.0   DPTR FM NORMAL:   -0.38    2 = FOG REDUCING VISIBILITY
HIGHEST:    86 ON 26    GRTST 24HR  0.15 ON  6- 6      TO 1/4 MILE OR LESS
LOWEST:     32 ON 13                               3 = THUNDER
                        SNOW, ICE PELLETS, HAIL    4 = ICE PELLETS
                        TOTAL MONTH:    M          5 = HAIL
                        GRTST 24HR    M  ON   M    6 = FREEZING RAIN OR DRIZZLE
                        GRTST DEPTH:  M  ON   M    7 = DUSTSTORM OR SANDSTORM:
                                                       VSBY 1/2 MILE OR LESS
                                                   8 = SMOKE OR HAZE
[NO. OF DAYS WITH]      [WEATHER - DAYS WITH]      9 = BLOWING SNOW
                                                   X = TORNADO
MAX 32 OR BELOW:   0    0.01 INCH OR MORE:   5
MAX 90 OR ABOVE:   0    0.10 INCH OR MORE:   2
MIN 32 OR BELOW:   1    0.50 INCH OR MORE:   0
MIN  0 OR BELOW:   0    1.00 INCH OR MORE:   0

[HDD (BASE 65) ]
TOTAL THIS MO.   212    CLEAR  (SCALE 0-3)  20
DPTR FM NORMAL     8    PTCLDY (SCALE 4-7)   5
TOTAL FM JUL 1   314    CLOUDY (SCALE 8-10)  3
DPTR FM NORMAL   -23

[CDD (BASE 65) ]
TOTAL THIS MO.     6
DPTR FM NORMAL   -15    [PRESSURE DATA]
TOTAL FM JAN 1   203    HIGHEST SLP M ON M
DPTR FM NORMAL    -8    LOWEST  SLP  0.00 ON M

[REMARKS]
