151
CXUS56 KSGX 271445
CF6RAL
PRELIMINARY LOCAL CLIMATOLOGICAL DATA (WS FORM: F-6)

                                          STATION:   RIVERSIDE MUNI AIRPORT CA
                                          MONTH:     APRIL
                                          YEAR:      2017
                                          LATITUDE:   33 57 N
                                          LONGITUDE: 117 27 W

  TEMPERATURE IN F:       :PCPN:    SNOW:  WIND      :SUNSHINE: SKY     :PK WND
================================================================================
1   2   3   4   5  6A  6B    7    8   9   10  11  12  13   14  15   16   17  18
                                     12Z  AVG MX 2MIN
DY MAX MIN AVG DEP HDD CDD  WTR  SNW DPTH SPD SPD DIR MIN PSBL S-S WX    SPD DR
================================================================================

 1  79  43  61   1   4   0 0.00  0.0    0  5.5 18 260   M    M   0 8      25 270
 2  82  49  66   5   0   1 0.00  0.0    0  4.7 21 270   M    M   0        26 270
 3  71  50  61   0   4   0 0.00  0.0    0  5.3 17 270   M    M   3 1      23 270
 4  83  54  69   8   0   4 0.00  0.0    0  3.8 18 260   M    M   4        24 270
 5  89  52  71  10   0   6 0.00  0.0    0  5.6 18 270   M    M   3        24 260
 6  84  54  69   8   0   4 0.00  0.0    0  5.1 17 270   M    M   3        21 270
 7  78  52  65   4   0   0 0.00  0.0    0  5.4 22 270   M    M   6 18     27 270
 8  70  49  60  -2   5   0 0.10    M    0  5.6 21 270   M    M   6 1      26 270
 9  75  45  60  -2   5   0 0.00  0.0    0  4.6 15 270   M    M   3        19 270
10  81  45  63   1   2   0 0.00  0.0    0  4.8 16 280   M    M   0        21 280
11  80  49  65   3   0   0 0.00  0.0    0  5.0 20 270   M    M   3        24 250
12  79  47  63   1   2   0 0.00  0.0    0  5.4 20 270   M    M   0        26 280
13  73  53  63   1   2   0 0.00  0.0    0  9.1 22 250   M    M   4        27 270
14  72  46  59  -3   6   0 0.00  0.0    0  4.9 16 270   M    M   1        22 280
15  81  49  65   2   0   0 0.00  0.0    0  4.9 20 270   M    M   0        24 270
16  82  51  67   4   0   2 0.00  0.0    0  5.6 18 270   M    M   2        25 280
17  80  51  66   3   0   1 0.00  0.0    0  5.8 20 250   M    M   3        24 270
18  79  61  70   7   0   5 0.00  0.0    0  5.5 22 270   M    M   6        26 270
19  79  58  69   6   0   4 0.00  0.0    0  5.8 18 270   M    M   4        24 270
20  82  51  67   3   0   2 0.00  0.0    0  4.8 20 280   M    M   0 8      27 280
21  95  55  75  11   0  10 0.00  0.0    0  5.5 16  40   M    M   0        24  30
22  95  59  77  13   0  12 0.00  0.0    0  5.4 22 270   M    M   1        26 270
23  84  57  71   7   0   6 0.00  0.0    0  6.3 21 280   M    M   0        26 270
24  74  56  65   1   0   0 0.00  0.0    0  5.3 17 270   M    M   6        24 270
25  75  53  64  -1   1   0 0.00  0.0    0  3.8 15 270   M    M   4        19 270
26  81  53  67   2   0   2 0.00  0.0    0  4.8 17 270   M    M   4        21 270
================================================================================
SM 2083 1342        31  59  0.10     0.0 138.3          M       66
================================================================================
AV 80.1 51.6                               5.3 FASTST   M    M   3    MAX(MPH)
                                 MISC ---->  # 22 270               # 27  270
================================================================================
NOTES:
# LAST OF SEVERAL OCCURRENCES

COLUMN 17 PEAK WIND IN M.P.H.

PRELIMINARY LOCAL CLIMATOLOGICAL DATA (WS FORM: F-6) , PAGE 2

                                          STATION:  RIVERSIDE MUNI AIRPORT CA
                                          MONTH:    APRIL
                                          YEAR:     2017
                                          LATITUDE:   33 57 N
                                          LONGITUDE: 117 27 W

[TEMPERATURE DATA]      [PRECIPITATION DATA]       SYMBOLS USED IN COLUMN 16

AVERAGE MONTHLY: 65.9   TOTAL FOR MONTH:   0.10    1 = FOG OR MIST
DPTR FM NORMAL:   3.4   DPTR FM NORMAL:   -0.60    2 = FOG REDUCING VISIBILITY
HIGHEST:    95 ON 22,21 GRTST 24HR  0.10 ON  8- 8      TO 1/4 MILE OR LESS
LOWEST:     43 ON  1                               3 = THUNDER
                        SNOW, ICE PELLETS, HAIL    4 = ICE PELLETS
                        TOTAL MONTH:   0.0 INCH    5 = HAIL
                        GRTST 24HR     0.0         6 = FREEZING RAIN OR DRIZZLE
                        GRTST DEPTH:   0           7 = DUSTSTORM OR SANDSTORM:
                                                       VSBY 1/2 MILE OR LESS
                                                   8 = SMOKE OR HAZE
[NO. OF DAYS WITH]      [WEATHER - DAYS WITH]      9 = BLOWING SNOW
                                                   X = TORNADO
MAX 32 OR BELOW:   0    0.01 INCH OR MORE:   1
MAX 90 OR ABOVE:   2    0.10 INCH OR MORE:   1
MIN 32 OR BELOW:   0    0.50 INCH OR MORE:   0
MIN  0 OR BELOW:   0    1.00 INCH OR MORE:   0

[HDD (BASE 65) ]
TOTAL THIS MO.    31    CLEAR  (SCALE 0-3)  16
DPTR FM NORMAL   -68    PTCLDY (SCALE 4-7)  10
TOTAL FM JUL 1  1093    CLOUDY (SCALE 8-10)  0
DPTR FM NORMAL  -319

[CDD (BASE 65) ]
TOTAL THIS MO.    59
DPTR FM NORMAL    25    [PRESSURE DATA]
TOTAL FM JAN 1   118    HIGHEST SLP M ON M
DPTR FM NORMAL    63    LOWEST  SLP 29.80 ON 25

[REMARKS]
