000
CXUS56 KSTO 231425
CF6RDD
PRELIMINARY LOCAL CLIMATOLOGICAL DATA (WS FORM: F-6)

                                          STATION:   REDDING AIRPORT CA
                                          MONTH:     FEBRUARY
                                          YEAR:      2018
                                          LATITUDE:   40 30 N
                                          LONGITUDE: 122 18 W

  TEMPERATURE IN F:       :PCPN:    SNOW:  WIND      :SUNSHINE: SKY     :PK WND
================================================================================
1   2   3   4   5  6A  6B    7    8   9   10  11  12  13   14  15   16   17  18
                                     12Z  AVG MX 2MIN
DY MAX MIN AVG DEP HDD CDD  WTR  SNW DPTH SPD SPD DIR MIN PSBL S-S WX    SPD DR
================================================================================

 1  78  47  63  16   2   0 0.00  0.0    0  4.5  9  30   M    M   0        20  70
 2  78  49  64  16   1   0 0.00  0.0    0  8.6 18 350   M    M   0        25 340
 3  79  59  69  21   0   4 0.00  0.0    0 10.6 23  10   M    M   0        27  20
 4  81  52  67  19   0   2 0.00  0.0    0  8.1 21 340   M    M   0        34 340
 5  78  50  64  16   1   0 0.00  0.0    0  7.5 15  20   M    M   0        21  30
 6  74  49  62  14   3   0 0.00  0.0    M 12.6 26  10   M    M   0        35 360
 7  80  45  63  15   2   0 0.00  0.0    0  4.3 16 350   M    M   0        23 350
 8  76  40  58  10   7   0 0.00  0.0    0  1.2  6  30   M    M   0         7 140
 9  70  42  56   7   9   0 0.00  0.0    0  3.0  8  10   M    M   0        13 340
10  64  39  52   3  13   0 0.00  0.0    0 12.9 33  30   M    M   0        41  30
11  60  35  48  -1  17   0 0.00  0.0    0  5.2 23 170   M    M   1        29 170
12  58  37  48  -1  17   0 0.00  0.0    0 13.9 30  40   M    M   2        37  40
13  66  35  51   2  14   0 0.00  0.0    0  6.3 18 360   M    M   0        23  10
14  60  31  46  -3  19   0 0.00  0.0    0  4.5 15 350   M    M   2        20 290
15  63  43  53   3  12   0 0.00  0.0    0  9.8 25  10   M    M   0        32  10
16  70  35  53   3  12   0 0.00  0.0    0  3.7 10 360   M    M   0        14  30
17  68  39  54   4  11   0 0.00  0.0    0  5.0 14 170   M    M   1        17 190
18  58  34  46  -4  19   0 0.00  0.0    0  9.8 25 240   M    M   1        33 250
19  53  25  39 -11  26   0 0.00  0.0    0  4.5 16  10   M    M   1        21  10
20  50  28  39 -11  26   0 0.00  0.0    0  4.6 12 330   M    M   1        15 340
21  55  27  41 -10  24   0 0.00  0.0    0  2.5  8 160   M    M   2        10  10
22  52  26  39 -12  26   0    T  0.0    0  5.4 24  10   M    M   2        29  10
================================================================================
SM 1471  867       261   6    T      0.0 148.5          M       13
================================================================================
AV 66.9 39.4                               6.8 FASTST   M    M   1    MAX(MPH)
                                 MISC ---->  # 33  30               # 41   30
================================================================================
NOTES:
# LAST OF SEVERAL OCCURRENCES

COLUMN 17 PEAK WIND IN M.P.H.

PRELIMINARY LOCAL CLIMATOLOGICAL DATA (WS FORM: F-6) , PAGE 2

                                          STATION:  REDDING AIRPORT CA
                                          MONTH:    FEBRUARY
                                          YEAR:     2018
                                          LATITUDE:   40 30 N
                                          LONGITUDE: 122 18 W

[TEMPERATURE DATA]      [PRECIPITATION DATA]       SYMBOLS USED IN COLUMN 16

AVERAGE MONTHLY: 53.1   TOTAL FOR MONTH:      T    1 = FOG OR MIST
DPTR FM NORMAL:   4.1   DPTR FM NORMAL:   -4.37    2 = FOG REDUCING VISIBILITY
HIGHEST:    81 ON  4    GRTST 24HR    T  ON 22-22      TO 1/4 MILE OR LESS
LOWEST:     25 ON 19                               3 = THUNDER
                        SNOW, ICE PELLETS, HAIL    4 = ICE PELLETS
                        TOTAL MONTH:   0.0 INCH    5 = HAIL
                        GRTST 24HR     0.0         6 = FREEZING RAIN OR DRIZZLE
                        GRTST DEPTH:   0           7 = DUSTSTORM OR SANDSTORM:
                                                       VSBY 1/2 MILE OR LESS
                                                   8 = SMOKE OR HAZE
[NO. OF DAYS WITH]      [WEATHER - DAYS WITH]      9 = BLOWING SNOW
                                                   X = TORNADO
MAX 32 OR BELOW:   0    0.01 INCH OR MORE:   0
MAX 90 OR ABOVE:   0    0.10 INCH OR MORE:   0
MIN 32 OR BELOW:   5    0.50 INCH OR MORE:   0
MIN  0 OR BELOW:   0    1.00 INCH OR MORE:   0

[HDD (BASE 65) ]
TOTAL THIS MO.   261    CLEAR  (SCALE 0-3)  22
DPTR FM NORMAL   -90    PTCLDY (SCALE 4-7)   0
TOTAL FM JUL 1  1621    CLOUDY (SCALE 8-10)  0
DPTR FM NORMAL  -457

[CDD (BASE 65) ]
TOTAL THIS MO.     6
DPTR FM NORMAL     6    [PRESSURE DATA]
TOTAL FM JAN 1     6    HIGHEST SLP M ON M
DPTR FM NORMAL     6    LOWEST  SLP 29.73 ON 11

[REMARKS]
