000
CXUS52 KRAH 311345
CF6RDU
PRELIMINARY LOCAL CLIMATOLOGICAL DATA (WS FORM: F-6)

                                          STATION:   RALEIGH-DURHAM INTL AIRPORT NC
                                          MONTH:     MAY
                                          YEAR:      2016
                                          LATITUDE:   35 52 N
                                          LONGITUDE:  78 47 W

  TEMPERATURE IN F:       :PCPN:    SNOW:  WIND      :SUNSHINE: SKY     :PK WND
================================================================================
1   2   3   4   5  6A  6B    7    8   9   10  11  12  13   14  15   16   17  18
                                     12Z  AVG MX 2MIN
DY MAX MIN AVG DEP HDD CDD  WTR  SNW DPTH SPD SPD DIR MIN PSBL S-S WX    SPD DR
================================================================================

 1  77  59  68   4   0   3 0.18  0.0    0  7.9 15 190   M    M  10 1      22 210
 2  87  66  77  13   0  12 0.09  0.0    0  8.8 28 210   M    M   8 13     35 220
 3  79  63  71   6   0   6 0.44    T    0  4.5 15 210   M    M   9 135    20 210
 4  74  55  65   0   0   0 0.00  0.0    0  2.3 14 270   M    M   6 1      17 230
 5  61  49  55 -10  10   0 0.68  0.0    0  4.6 12 340   M    M   8 123    22 340
 6  67  50  59  -6   6   0 0.68  0.0    0  3.7 15 360   M    M   9 13     24  20
 7  75  50  63  -3   2   0 0.00  0.0    0  6.2 16 250   M    M   6        22 240
 8  82  60  71   5   0   6 0.00  0.0    0  6.6 17 290   M    M   7 3      28 290
 9  81  58  70   4   0   5 0.12  0.0    0  1.4  7 240   M    M   8 13     10 240
10  84  65  75   9   0  10    T  0.0    0  5.3 14 190   M    M   7 1      18 120
11  83  63  73   6   0   8 0.00  0.0    0  5.4 15 230   M    M   6 18     18 220
12  81  64  73   6   0   8 0.56  0.0    0  3.6 16 270   M    M   8 1238   24 300
13  78  59  69   2   0   4    T  0.0    0  4.4 12 260   M    M   7 1      16 290
14  82  52  67   0   0   2 0.00  0.0    0  5.2 22 240   M    M   3 1      28 230
15  67  48  58 -10   7   0 0.00  0.0    0  5.2 17 250   M    M   3        24 240
16  73  42  58 -10   7   0 0.00  0.0    0  2.5 13 230   M    M   4        20 270
17  69  57  63  -5   2   0 0.27  0.0    0  4.6 13 220   M    M  10 1      20 310
18  64  57  61  -7   4   0 0.10  0.0    0  5.8 13  40   M    M   9 1      17  30
19  62  57  60  -9   5   0 0.07  0.0    0  4.5 12  40   M    M  10 1      15  40
20  71  56  64  -5   1   0    T  0.0    0  6.3 15 110   M    M   9        21 110
21  77  62  70   1   0   5 0.30  0.0    0  3.7 13 120   M    M   9 1      18 310
22  70  53  62  -8   3   0 0.22  0.0    0  4.1 14 340   M    M   9 13     21 330
23  68  51  60 -10   5   0 0.02  0.0    0  2.6 14  50   M    M   7 1      21  40
24  83  50  67  -3   0   2 0.00  0.0    0  4.5 14 230   M    M   2        21 230
25  87  59  73   3   0   8 0.00  0.0    0  3.9 16 220   M    M   5        21 220
26  89  64  77   6   0  12 0.00  0.0    0  6.6 15 230   M    M   4        20 230
27  88  68  78   7   0  13 0.00  0.0    0  7.4 13 240   M    M   4        18 210
28  87  59  73   2   0   8 0.00  0.0    0  2.8 12  90   M    M   5        16  90
29  76  65  71  -1   0   6 1.95  0.0    0  5.5 15 210   M    M   9 13     22 200
30  84  66  75   3   0  10 0.50  0.0    0  4.9 16 100   M    M   9 123    20 100
================================================================================
SM 2306 1727        52 128  6.18    T    144.8          M      210
================================================================================
AV 76.9 57.6                               4.8 FASTST   M    M   7    MAX(MPH)
                                 MISC ---->  # 28 210               # 35  220
================================================================================
NOTES:
# LAST OF SEVERAL OCCURRENCES

COLUMN 17 PEAK WIND IN M.P.H.

PRELIMINARY LOCAL CLIMATOLOGICAL DATA (WS FORM: F-6) , PAGE 2

                                          STATION:  RALEIGH-DURHAM INTL AIRPORT NC
                                          MONTH:    MAY
                                          YEAR:     2016
                                          LATITUDE:   35 52 N
                                          LONGITUDE:  78 47 W

[TEMPERATURE DATA]      [PRECIPITATION DATA]       SYMBOLS USED IN COLUMN 16

AVERAGE MONTHLY: 67.2   TOTAL FOR MONTH:   6.18    1 = FOG OR MIST
DPTR FM NORMAL:  -0.7   DPTR FM NORMAL:    3.03    2 = FOG REDUCING VISIBILITY
HIGHEST:    89 ON 26    GRTST 24HR  1.95 ON 29-29      TO 1/4 MILE OR LESS
LOWEST:     42 ON 16                               3 = THUNDER
                        SNOW, ICE PELLETS, HAIL    4 = ICE PELLETS
                        TOTAL MONTH:    T          5 = HAIL
                        GRTST 24HR    T  ON  3- 3  6 = FREEZING RAIN OR DRIZZLE
                        GRTST DEPTH:   0           7 = DUSTSTORM OR SANDSTORM:
                                                       VSBY 1/2 MILE OR LESS
                                                   8 = SMOKE OR HAZE
[NO. OF DAYS WITH]      [WEATHER - DAYS WITH]      9 = BLOWING SNOW
                                                   X = TORNADO
MAX 32 OR BELOW:   0    0.01 INCH OR MORE:  15
MAX 90 OR ABOVE:   0    0.10 INCH OR MORE:  12
MIN 32 OR BELOW:   0    0.50 INCH OR MORE:   5
MIN  0 OR BELOW:   0    1.00 INCH OR MORE:   1

[HDD (BASE 65) ]
TOTAL THIS MO.    52    CLEAR  (SCALE 0-3)   2
DPTR FM NORMAL    -2    PTCLDY (SCALE 4-7)  14
TOTAL FM JUL 1  2609    CLOUDY (SCALE 8-10) 14
DPTR FM NORMAL  -634

[CDD (BASE 65) ]
TOTAL THIS MO.   128
DPTR FM NORMAL   -13    [PRESSURE DATA]
TOTAL FM JAN 1   223    HIGHEST SLP M ON M
DPTR FM NORMAL    21    LOWEST  SLP 29.59 ON  4

[REMARKS]
