000
CXUS52 KRAH 291345
CF6RDU
PRELIMINARY LOCAL CLIMATOLOGICAL DATA (WS FORM: F-6)

                                          STATION:   RALEIGH-DURHAM INTL AIRPORT NC
                                          MONTH:     AUGUST
                                          YEAR:      2016
                                          LATITUDE:   35 52 N
                                          LONGITUDE:  78 47 W

  TEMPERATURE IN F:       :PCPN:    SNOW:  WIND      :SUNSHINE: SKY     :PK WND
================================================================================
1   2   3   4   5  6A  6B    7    8   9   10  11  12  13   14  15   16   17  18
                                     12Z  AVG MX 2MIN
DY MAX MIN AVG DEP HDD CDD  WTR  SNW DPTH SPD SPD DIR MIN PSBL S-S WX    SPD DR
================================================================================

 1  91  73  82   2   0  17 0.04  0.0    0  5.7 13 220   M    M   8        17 210
 2  91  73  82   2   0  17 0.28  0.0    0  4.1 14 130   M    M   9 13     19  90
 3  88  73  81   1   0  16    T  0.0    0  8.8 15  90   M    M   8 1      20  80
 4  87  69  78  -2   0  13 1.02  0.0    0  6.6 12 210   M    M   7 13     16  70
 5  88  73  81   1   0  16 0.18  0.0    0  3.7 12 230   M    M   7 13     15 230
 6  93  74  84   4   0  19 0.00  0.0    0  7.3 13 230   M    M   7 1      17 250
 7  86  74  80   1   0  15 0.39  0.0    0  4.9 14  40   M    M   9 13     19  40
 8  89  73  81   2   0  16 0.54  0.0    0  6.6 15 270   M    M   8 13     21 290
 9  91  75  83   4   0  18 0.00  0.0    0  5.6 20 150   M    M   7 18     26 150
10  92  73  83   4   0  18 0.00  0.0    0  5.3 13 180   M    M   5        19 150
11  92  74  83   4   0  18 0.00  0.0    0  4.1 12 150   0    0   0        15 160
12  94  76  85   6   0  20 0.00  0.0    0  6.0 14 220   M    M   3        17 220
13  94  77  86   7   0  21 0.00  0.0    0  9.9 18 230   M    M   3        24 230
14  96  77  87   8   0  22 0.00  0.0    0  6.3 15 240   M    M   4 3      20 230
15  96  75  86   7   0  21 0.00  0.0    0  6.0 14 170   0    0   0        18 190
16  95  75  85   6   0  20 0.00  0.0    0  7.5 14 240   M    M   5        17 170
17  97  75  86   7   0  21 0.00  0.0    0  7.7 28 230   M    M   4        33 220
18  93  74  84   6   0  19 0.00  0.0    0  4.2 13 290   M    M   6        21 280
19  91  75  83   5   0  18 0.38  0.0    0  2.6 13  40   M    M   8 138    15  40
20  91  74  83   5   0  18    T  0.0    0  2.3 20 220   M    M   8 13     23 230
21  94  74  84   6   0  19    T  0.0    0  6.3 17 330   M    M   7 13     27 310
22  87  67  77  -1   0  12 0.00  0.0    0  2.9 12  40   M    M   3        21  50
23  89  65  77  -1   0  12 0.00  0.0    0  4.5 13  80   M    M   5        17  80
24  87  64  76  -2   0  11 0.00  0.0    0  3.2  9 120   M    M   6        13 130
25  92  65  79   1   0  14 0.00  0.0    0  3.5 12 220   M    M   5        15 230
26  99  72  86   9   0  21 0.00  0.0    0  3.8 12  40   M    M   3        16  10
27  98  75  87  10   0  22 0.18  0.0    0  5.0 20 120   M    M   5 13     26 120
28  90  71  81   4   0  16 0.00  0.0    0  7.6 15  40   M    M   7 1      21  50
================================================================================
SM 2571 2035         0 490  3.01     0.0 152.0            0    157
================================================================================
AV 91.8 72.7                               5.4 FASTST    0   0   6    MAX(MPH)
                                 MISC ---->  # 28 230               # 33  220
================================================================================
NOTES:
# LAST OF SEVERAL OCCURRENCES

COLUMN 17 PEAK WIND IN M.P.H.

PRELIMINARY LOCAL CLIMATOLOGICAL DATA (WS FORM: F-6) , PAGE 2

                                          STATION:  RALEIGH-DURHAM INTL AIRPORT NC
                                          MONTH:    AUGUST
                                          YEAR:     2016
                                          LATITUDE:   35 52 N
                                          LONGITUDE:  78 47 W

[TEMPERATURE DATA]      [PRECIPITATION DATA]       SYMBOLS USED IN COLUMN 16

AVERAGE MONTHLY: 82.2   TOTAL FOR MONTH:   3.01    1 = FOG OR MIST
DPTR FM NORMAL:   3.5   DPTR FM NORMAL:   -0.83    2 = FOG REDUCING VISIBILITY
HIGHEST:    99 ON 26    GRTST 24HR  1.20 ON  4- 5      TO 1/4 MILE OR LESS
LOWEST:     64 ON 24                               3 = THUNDER
                        SNOW, ICE PELLETS, HAIL    4 = ICE PELLETS
                        TOTAL MONTH:   0.0 INCH    5 = HAIL
                        GRTST 24HR     0.0         6 = FREEZING RAIN OR DRIZZLE
                        GRTST DEPTH:   0           7 = DUSTSTORM OR SANDSTORM:
                                                       VSBY 1/2 MILE OR LESS
                                                   8 = SMOKE OR HAZE
[NO. OF DAYS WITH]      [WEATHER - DAYS WITH]      9 = BLOWING SNOW
                                                   X = TORNADO
MAX 32 OR BELOW:   0    0.01 INCH OR MORE:   8
MAX 90 OR ABOVE:  20    0.10 INCH OR MORE:   7
MIN 32 OR BELOW:   0    0.50 INCH OR MORE:   2
MIN  0 OR BELOW:   0    1.00 INCH OR MORE:   1

[HDD (BASE 65) ]
TOTAL THIS MO.     0    CLEAR  (SCALE 0-3)   4
DPTR FM NORMAL     0    PTCLDY (SCALE 4-7)  22
TOTAL FM JUL 1     0    CLOUDY (SCALE 8-10)  2
DPTR FM NORMAL     0

[CDD (BASE 65) ]
TOTAL THIS MO.   490
DPTR FM NORMAL   106    [PRESSURE DATA]
TOTAL FM JAN 1  1620    HIGHEST SLP  0.00 ON 15
DPTR FM NORMAL   214    LOWEST  SLP 29.80 ON M

[REMARKS]
