000
CXUS52 KRAH 261345
CF6RDU
PRELIMINARY LOCAL CLIMATOLOGICAL DATA (WS FORM: F-6)

                                          STATION:   RALEIGH-DURHAM INTL AIRPORT NC
                                          MONTH:     FEBRUARY
                                          YEAR:      2015
                                          LATITUDE:   35 52 N
                                          LONGITUDE:  78 47 W

  TEMPERATURE IN F:       :PCPN:    SNOW:  WIND      :SUNSHINE: SKY     :PK WND
================================================================================
1   2   3   4   5  6A  6B    7    8   9   10  11  12  13   14  15   16   17  18
                                     12Z  AVG MX 2MIN
DY MAX MIN AVG DEP HDD CDD  WTR  SNW DPTH SPD SPD DIR MIN PSBL S-S WX    SPD DR
================================================================================

 1  57  32  45   3  20   0 0.00  0.0    0  6.7 20 220   M    M   9        25 190
 2  62  29  46   4  19   0 0.39  0.0    0 13.3 26 230   M    M   6 1      39 300
 3  45  22  34  -8  31   0 0.00  0.0    0  3.4 10 240   0    0   0        15  20
 4  54  25  40  -3  25   0 0.00  0.0    0  6.0 16 220   M    M   8        20 220
 5  50  27  39  -4  26   0    T  0.0    0  6.3 16 320   M    M   6        26 330
 6  42  17  30 -13  35   0 0.00  0.0    0  4.3 13 230   M    M   4        16 240
 7  60  26  43   0  22   0 0.00  0.0    0  8.3 23 240   M    M   5        29 240
 8  72  39  56  13   9   0 0.00  0.0    0 14.0 28 230   M    M   2        38 230
 9  62  45  54  11  11   0 0.40  0.0    0  6.1 17  50   M    M   9 13     22  50
10  45  36  41  -3  24   0 0.17  0.0    0 11.0 16  30   M    M   9 1      25  10
11  51  30  41  -3  24   0 0.00  0.0    0  4.8 18  30   M    M   1        26  40
12  54  29  42  -2  23   0 0.00  0.0    0  5.6 21 310   M    M   3        35 300
13  35  23  29 -15  36   0 0.00  0.0    0  4.8 14  30   M    M   5        20  10
14  53  22  38  -6  27   0    T    T    0 11.2 35 270   M    M   5 1      48 290
15  29  15  22 -22  43   0 0.00  0.0    0  9.4 23 310   M    M   0        38 310
16  27  19  23 -22  42   0 0.22  0.3    0  6.3 13 100   M    M   9 146    16  50
17  35  19  27 -18  38   0 0.39  0.7    1  4.6 13  40   M    M   8 146    18  20
18  40  19  30 -15  35   0 0.06  0.4    0  6.0 24 230   M    M   6 128    28 230
19  23  12  18 -27  47   0 0.00  0.0    0  8.4 18 270   M    M   1        26 270
20  26   7  17 -28  48   0 0.00  0.0    0  5.6 13 300   M    M   1        20 330
21  40  18  29 -17  36   0 0.00  0.0    0  3.4  9 160   M    M   8 1      14 150
22  57  34  46   0  19   0 0.08  0.0    0  2.4 12 290   M    M  10 12     16 250
23  47  30  39  -7  26   0 0.03    M    0  7.4 15  70   M    M  10 1      20  50
24  30  19  25 -21  40   0 0.09  1.4    T  4.4 16  90   M    M   9 1      22  90
25  46  18  32 -14  33   0 0.36  1.9    1  4.2 12 170   M    M   7 148    16 160
================================================================================
SM 1142  612       739   0  2.19     4.7 167.9            0    141
================================================================================
AV 45.7 24.5                               6.7 FASTST    0   0   6    MAX(MPH)
                                 MISC ---->  # 35 270               # 48  290
================================================================================
NOTES:
# LAST OF SEVERAL OCCURRENCES

COLUMN 17 PEAK WIND IN M.P.H.

PRELIMINARY LOCAL CLIMATOLOGICAL DATA (WS FORM: F-6) , PAGE 2

                                          STATION:  RALEIGH-DURHAM INTL AIRPORT NC
                                          MONTH:    FEBRUARY
                                          YEAR:     2015
                                          LATITUDE:   35 52 N
                                          LONGITUDE:  78 47 W

[TEMPERATURE DATA]      [PRECIPITATION DATA]       SYMBOLS USED IN COLUMN 16

AVERAGE MONTHLY: 35.1   TOTAL FOR MONTH:   2.19    1 = FOG OR MIST
DPTR FM NORMAL:  -9.0   DPTR FM NORMAL:   -0.68    2 = FOG REDUCING VISIBILITY
HIGHEST:    72 ON  8    GRTST 24HR  0.61 ON 16-17      TO 1/4 MILE OR LESS
LOWEST:      7 ON 20                               3 = THUNDER
                        SNOW, ICE PELLETS, HAIL    4 = ICE PELLETS
                        TOTAL MONTH:   4.7 INCHES  5 = HAIL
                        GRTST 24HR   1.9 ON   M    6 = FREEZING RAIN OR DRIZZLE
                        GRTST DEPTH:   1 ON 25,17  7 = DUSTSTORM OR SANDSTORM:
                                                       VSBY 1/2 MILE OR LESS
                                                   8 = SMOKE OR HAZE
[NO. OF DAYS WITH]      [WEATHER - DAYS WITH]      9 = BLOWING SNOW
                                                   X = TORNADO
MAX 32 OR BELOW:   5    0.01 INCH OR MORE:  10
MAX 90 OR ABOVE:   0    0.10 INCH OR MORE:   6
MIN 32 OR BELOW:  21    0.50 INCH OR MORE:   0
MIN  0 OR BELOW:   0    1.00 INCH OR MORE:   0

[HDD (BASE 65) ]
TOTAL THIS MO.   739    CLEAR  (SCALE 0-3)   7
DPTR FM NORMAL   217    PTCLDY (SCALE 4-7)   9
TOTAL FM JUL 1  2800    CLOUDY (SCALE 8-10)  9
DPTR FM NORMAL   281

[CDD (BASE 65) ]
TOTAL THIS MO.     0
DPTR FM NORMAL     0    [PRESSURE DATA]
TOTAL FM JAN 1     0    HIGHEST SLP  0.00 ON  3
DPTR FM NORMAL     0    LOWEST  SLP 29.47 ON  2

[REMARKS]
