000
CXUS56 KBOI 221002
CF6REO
PRELIMINARY LOCAL CLIMATOLOGICAL DATA (WS FORM: F-6)

                                          STATION:   ROME OR
                                          MONTH:     JULY
                                          YEAR:      2017
                                          LATITUDE:   42 35 N
                                          LONGITUDE: 117 52 W

  TEMPERATURE IN F:       :PCPN:    SNOW:  WIND      :SUNSHINE: SKY     :PK WND
================================================================================
1   2   3   4   5  6A  6B    7    8   9   10  11  12  13   14  15   16   17  18
                                     12Z  AVG MX 2MIN
DY MAX MIN AVG DEP HDD CDD  WTR  SNW DPTH SPD SPD DIR MIN PSBL S-S WX    SPD DR
================================================================================

 1  98  56  77   8   0  12 0.00    M    M  5.8 23 350   M    M   0        33  30
 2  98  56  77   8   0  12 0.00    M    M  6.6 16 340   M    M   0        19 320
 3  99  58  79  10   0  14 0.00    M    M  6.3 23 240   M    M   0        31 230
 4 103  55  79   9   0  14 0.00    M    M  7.6 22 190   M    M   0        29 210
 5 100  55  78   8   0  13 0.00    M    M  7.4 20 220   M    M   0        26 270
 6  97  59  78   8   0  13 0.00    M    M  5.8 24 260   M    M   0        34 270
 7 103  60  82  12   0  17 0.00    M    M  5.8 15 250   M    M   0        23 230
 8 106  60  83  12   0  18 0.00    M    M  7.1 36 230   M    M   0        46 220
 9 103  64  84  13   0  19 0.00    M    M  8.5 22 250   M    M   0        30 240
10  98  63  81  10   0  16 0.00    M    M  8.7 26 250   M    M   0        38 260
11  94  58  76   5   0  11 0.00    M    M  8.0 24 260   M    M   0        30 260
12  99  54  77   5   0  12 0.00    M    M  4.6 17 230   M    M   0        23 230
13 102  62  82  10   0  17 0.00    M    M  8.0 25 240   M    M   0        33 230
14 101  62  82  10   0  17 0.00    M    M  5.2 14  60   M    M   0        21 170
15 101  63  82  10   0  17 0.00    M    M  9.1 25  20   M    M   0        36  20
16  96  63  80   8   0  15 0.00    M    M  7.5 22 350   M    M   0        27 310
17  96  51  74   2   0   9 0.00    M    M  6.1 23 250   M    M   0        30 260
18  97  53  75   3   0  10 0.00    M    M  8.0 29 200   M    M   0        36 190
19  97  55  76   4   0  11 0.00    M    M  8.1 20 240   M    M   0        25 240
20  94  55  75   3   0  10 0.00    M    M  6.4 21 250   M    M   0        30 250
21  96  49  73   1   0   8 0.00    M    M  6.6 20 350   M    M   0        24 340
================================================================================
SM 2078 1211         0 285  0.00    M    147.2          M        0
================================================================================
AV 99.0 57.7                               7.0 FASTST   M    M   0    MAX(MPH)
                                 MISC ---->  # 36 230               # 46  220
================================================================================
NOTES:
# LAST OF SEVERAL OCCURRENCES

COLUMN 17 PEAK WIND IN M.P.H.

PRELIMINARY LOCAL CLIMATOLOGICAL DATA (WS FORM: F-6) , PAGE 2

                                          STATION:  ROME OR
                                          MONTH:    JULY
                                          YEAR:     2017
                                          LATITUDE:   42 35 N
                                          LONGITUDE: 117 52 W

[TEMPERATURE DATA]      [PRECIPITATION DATA]       SYMBOLS USED IN COLUMN 16

AVERAGE MONTHLY: 78.3   TOTAL FOR MONTH:   0.00    1 = FOG OR MIST
DPTR FM NORMAL:   7.3   DPTR FM NORMAL:   -0.24    2 = FOG REDUCING VISIBILITY
HIGHEST:   106 ON  8    GRTST 24HR  0.00 ON 21-21      TO 1/4 MILE OR LESS
LOWEST:     49 ON 21                               3 = THUNDER
                        SNOW, ICE PELLETS, HAIL    4 = ICE PELLETS
                        TOTAL MONTH:    M          5 = HAIL
                        GRTST 24HR    M  ON   M    6 = FREEZING RAIN OR DRIZZLE
                        GRTST DEPTH:  M  ON   M    7 = DUSTSTORM OR SANDSTORM:
                                                       VSBY 1/2 MILE OR LESS
                                                   8 = SMOKE OR HAZE
[NO. OF DAYS WITH]      [WEATHER - DAYS WITH]      9 = BLOWING SNOW
                                                   X = TORNADO
MAX 32 OR BELOW:   0    0.01 INCH OR MORE:   0
MAX 90 OR ABOVE:  21    0.10 INCH OR MORE:   0
MIN 32 OR BELOW:   0    0.50 INCH OR MORE:   0
MIN  0 OR BELOW:   0    1.00 INCH OR MORE:   0

[HDD (BASE 65) ]
TOTAL THIS MO.     0    CLEAR  (SCALE 0-3)  21
DPTR FM NORMAL   -11    PTCLDY (SCALE 4-7)   0
TOTAL FM JUL 1     0    CLOUDY (SCALE 8-10)  0
DPTR FM NORMAL   -11

[CDD (BASE 65) ]
TOTAL THIS MO.   285
DPTR FM NORMAL   146    [PRESSURE DATA]
TOTAL FM JAN 1   436    HIGHEST SLP M ON M
DPTR FM NORMAL   225    LOWEST  SLP 29.69 ON 10

[REMARKS]
