000
CXUS55 KLOT 280700
CF6RFD
PRELIMINARY LOCAL CLIMATOLOGICAL DATA (WS FORM: F-6)

                                          STATION:   ROCKFORD IL
                                          MONTH:     NOVEMBER
                                          YEAR:      2014
                                          LATITUDE:   42 12 N
                                          LONGITUDE:  89  6 W

  TEMPERATURE IN F:       :PCPN:    SNOW:  WIND      :SUNSHINE: SKY     :PK WND
================================================================================
1   2   3   4   5  6A  6B    7    8   9   10  11  12  13   14  15   16   17  18
                                     12Z  AVG MX 2MIN
DY MAX MIN AVG DEP HDD CDD  WTR  SNW DPTH SPD SPD DIR MIN PSBL S-S WX    SPD DR
================================================================================

 1  46  27  37  -9  28   0 0.00  0.0    0  5.5 15  10   M    M   5 8      22 360
 2  52  27  40  -6  25   0 0.00  0.0    0 12.7 23 180   M    M   6        29 180
 3  65  38  52   7  13   0 0.03  0.0    0 12.1 24 210   M    M   8        36 200
 4  59  42  51   6  14   0 0.24  0.0    0 14.0 26 290   M    M   7 1      32 290
 5  58  32  45   1  20   0    T  0.0    0  8.7 25 180   M    M   8        36 200
 6  51  37  44   0  21   0    T  0.0    0 15.8 32 350   M    M  10        39 350
 7  43  27  35  -8  30   0 0.00  0.0    0  7.9 16 170   M    M   8        20 150
 8  49  37  43   0  22   0 0.01  0.0    0 12.5 26 320   M    M   9        34 320
 9  52  35  44   2  21   0    T  0.0    0  8.3 25 220   M    M  10        32 210
10  63  42  53  11  12   0 0.00  0.0    0 13.2 29 160   M    M   9 1      34 180
11  52  29  41  -1  24   0 0.27    T    0 13.9 22 320   M    M  10 148    29 320
12  30  24  27 -14  38   0    T    T    0 12.7 21 320   M    M  10        26 310
13  30  22  26 -14  39   0    T  0.3    0 10.5 20 300   M    M  10        25 310
14  31  17  24 -16  41   0    T    T    0  5.9 14 300   M    M   7        17 300
15  29  14  22 -17  43   0 0.01  0.4    0  3.8 10 220   M    M   7 18     16 230
16  30  13  22 -17  43   0    T  0.8    0  8.2 17 260   M    M   9 18     23 280
17  16   9  13 -25  52   0    T  0.2    0 14.8 29 290   M    M   5 9      37 280
18  19   8  14 -24  51   0    T    T    0 13.3 23 270   M    M   6        29 260
19  29  15  22 -15  43   0    T    T    0 15.3 28 290   M    M   8        35 310
20  26  11  19 -18  46   0 0.00  0.0    0 13.3 26 280   M    M   1        33 280
21  34   5  20 -16  45   0    T  0.0    0  9.2 21 180   M    M   3 6      24 180
22  50  32  41   5  24   0 0.22  0.0    0  9.4 17 200   M    M  10 16     22 200
23  50  46  48  13  17   0 0.57  0.0    0  9.2 17 180   M    M  10 1      22 170
24  47  22  35   1  30   0 0.28  1.5    0 15.6 29 260   M    M  10 12489  36 260
25  23  10  17 -17  48   0    T  0.3    0  7.5 16 280   M    M   4 1      25 290
26  27  10  19 -14  46   0    T    T    2  5.8 13 340   M    M   7 18     17 350
27  25  11  18 -15  47   0    T    T    2  7.7 16 330   M    M   9 18     19 310
================================================================================
SM 1086  642       883   0  1.63     3.5 286.8          M      206
================================================================================
AV 40.2 23.8                              10.6 FASTST   M    M   8    MAX(MPH)
                                 MISC ---->  # 32 350               # 39  350
================================================================================
NOTES:
# LAST OF SEVERAL OCCURRENCES

COLUMN 17 PEAK WIND IN M.P.H.

PRELIMINARY LOCAL CLIMATOLOGICAL DATA (WS FORM: F-6) , PAGE 2

                                          STATION:  ROCKFORD IL
                                          MONTH:    NOVEMBER
                                          YEAR:     2014
                                          LATITUDE:   42 12 N
                                          LONGITUDE:  89  6 W

[TEMPERATURE DATA]      [PRECIPITATION DATA]       SYMBOLS USED IN COLUMN 16

AVERAGE MONTHLY: 32.0   TOTAL FOR MONTH:   1.63    1 = FOG OR MIST
DPTR FM NORMAL:  -7.7   DPTR FM NORMAL:   -0.70    2 = FOG REDUCING VISIBILITY
HIGHEST:    65 ON  3    GRTST 24HR  0.62 ON 23-24      TO 1/4 MILE OR LESS
LOWEST:      5 ON 21                               3 = THUNDER
                        SNOW, ICE PELLETS, HAIL    4 = ICE PELLETS
                        TOTAL MONTH:   3.5 INCHES  5 = HAIL
                        GRTST 24HR   1.5 ON 24-24  6 = FREEZING RAIN OR DRIZZLE
                        GRTST DEPTH:   2 ON 26,27  7 = DUSTSTORM OR SANDSTORM:
                                                       VSBY 1/2 MILE OR LESS
                                                   8 = SMOKE OR HAZE
[NO. OF DAYS WITH]      [WEATHER - DAYS WITH]      9 = BLOWING SNOW
                                                   X = TORNADO
MAX 32 OR BELOW:  12    0.01 INCH OR MORE:   8
MAX 90 OR ABOVE:   0    0.10 INCH OR MORE:   5
MIN 32 OR BELOW:  20    0.50 INCH OR MORE:   1
MIN  0 OR BELOW:   0    1.00 INCH OR MORE:   0

[HDD (BASE 65) ]
TOTAL THIS MO.   883    CLEAR  (SCALE 0-3)   2
DPTR FM NORMAL   200    PTCLDY (SCALE 4-7)  12
TOTAL FM JUL 1  1445    CLOUDY (SCALE 8-10) 13
DPTR FM NORMAL   209

[CDD (BASE 65) ]
TOTAL THIS MO.     0
DPTR FM NORMAL     0    [PRESSURE DATA]
TOTAL FM JAN 1   729    HIGHEST SLP M ON M
DPTR FM NORMAL   -91    LOWEST  SLP 29.10 ON 24

[REMARKS]
