000
CXUS55 KLOT 011252
CF6RFD
PRELIMINARY LOCAL CLIMATOLOGICAL DATA (WS FORM: F-6)

                                          STATION:   ROCKFORD IL
                                          MONTH:     APRIL
                                          YEAR:      2016
                                          LATITUDE:   42 12 N
                                          LONGITUDE:  89  6 W

  TEMPERATURE IN F:       :PCPN:    SNOW:  WIND      :SUNSHINE: SKY     :PK WND
================================================================================
1   2   3   4   5  6A  6B    7    8   9   10  11  12  13   14  15   16   17  18
                                     12Z  AVG MX 2MIN
DY MAX MIN AVG DEP HDD CDD  WTR  SNW DPTH SPD SPD DIR MIN PSBL S-S WX    SPD DR
================================================================================

 1  50  33  42  -2  23   0 0.02  0.0    0 10.5 26 300   M    M   7        34 300
 2  41  29  35  -9  30   0    T    T    0 16.1 40 320   M    M   6 18     54 290
 3  75  27  51   7  14   0 0.00  0.0    0 15.6 30 220   M    M   6        40 240
 4  42  28  35 -10  30   0    T    T    0 11.5 22  10   M    M   9        26  40
 5  44  24  34 -11  31   0 0.34  0.0    0 11.3 23 170   M    M   6 13     29 150
 6  50  39  45  -1  20   0 1.08  0.0    0 10.7 22 320   M    M   9 13     27 320
 7  45  35  40  -6  25   0    T    T    0 12.3 22 340   M    M  10        28 330
 8  42  27  35 -11  30   0 0.06  0.4    0 15.0 32 340   M    M  10 14     40 340
 9  40  21  31 -16  34   0    T    T    0  9.7 20 150   M    M   3 4      24 140
10  50  34  42  -5  23   0 0.17    T    0 12.9 29 160   M    M  10 135    36 160
11  51  34  43  -5  22   0 0.00  0.0    0 13.3 26 290   M    M   4 1      38 290
12  51  27  39  -9  26   0 0.00  0.0    0  4.0 17 130   M    M   1        21 140
13  60  34  47  -1  18   0 0.00  0.0    0 10.0 18 150   M    M   5        24 130
14  67  38  53   4  12   0 0.00  0.0    0  9.3 17 130   M    M   4        22 140
15  74  43  59  10   6   0 0.00  0.0    0 10.4 16 100   M    M   1        21 100
16  80  48  64  14   1   0 0.00  0.0    0  8.7 17 140   M    M   3        22 190
17  82  49  66  16   0   1 0.00  0.0    0  4.4 15 110   M    M   3        19 110
18  83  48  66  16   0   1 0.00  0.0    0  3.9 13 190   M    M   8        23 150
19  64  49  57   6   8   0 0.08  0.0    0 10.4 18  20   M    M  10        22  70
20  72  49  61  10   4   0 0.02  0.0    0 10.6 21 180   M    M   9 1      26 180
21  71  49  60   8   5   0    T  0.0    0  4.8 24 260   M    M   7 18     29 270
22  64  43  54   2  11   0 0.00  0.0    0  9.4 20  40   M    M   6 1      24  50
23  68  37  53   1  12   0 0.00  0.0    0  7.0 13 170   M    M   3         M  M
24  79  43  61   8   4   0 0.00  0.0    0 10.1 17 170   M    M   6        22 170
25  83  57  70  17   0   5    T  0.0    0 13.0 25 240   M    M   6        36 240
26  64  45  55   2  10   0 0.00  0.0    0 12.5 22  60   M    M   9 1      27  70
27  53  42  48  -6  17   0 0.40  0.0    0 12.8 28  70   M    M  10 1      36  70
28  52  42  47  -7  18   0 0.12  0.0    0 10.7 26  80   M    M   8 13     34  80
29  50  42  46  -8  19   0 0.01  0.0    0  7.0 17  40   M    M   9 18     20  40
30  50  44  47  -8  18   0 0.60  0.0    0 14.6 30  60   M    M  10 18     39  60
================================================================================
SM 1797 1160       471   7  2.90     0.4 312.5          M      198
================================================================================
AV 59.9 38.7                              10.4 FASTST   M    M   7    MAX(MPH)
                                 MISC ---->  # 40 320               # 54  290
================================================================================
NOTES:
# LAST OF SEVERAL OCCURRENCES

COLUMN 17 PEAK WIND IN M.P.H.

PRELIMINARY LOCAL CLIMATOLOGICAL DATA (WS FORM: F-6) , PAGE 2

                                          STATION:  ROCKFORD IL
                                          MONTH:    APRIL
                                          YEAR:     2016
                                          LATITUDE:   42 12 N
                                          LONGITUDE:  89  6 W

[TEMPERATURE DATA]      [PRECIPITATION DATA]       SYMBOLS USED IN COLUMN 16

AVERAGE MONTHLY: 49.3   TOTAL FOR MONTH:   2.90    1 = FOG OR MIST
DPTR FM NORMAL:  -0.1   DPTR FM NORMAL:   -0.45    2 = FOG REDUCING VISIBILITY
HIGHEST:    83 ON 25,18 GRTST 24HR  1.41 ON  5- 6      TO 1/4 MILE OR LESS
LOWEST:     21 ON  9                               3 = THUNDER
                        SNOW, ICE PELLETS, HAIL    4 = ICE PELLETS
                        TOTAL MONTH:   0.4 INCH    5 = HAIL
                        GRTST 24HR   0.4 ON   M    6 = FREEZING RAIN OR DRIZZLE
                        GRTST DEPTH:   0           7 = DUSTSTORM OR SANDSTORM:
                                                       VSBY 1/2 MILE OR LESS
                                                   8 = SMOKE OR HAZE
[NO. OF DAYS WITH]      [WEATHER - DAYS WITH]      9 = BLOWING SNOW
                                                   X = TORNADO
MAX 32 OR BELOW:   0    0.01 INCH OR MORE:  11
MAX 90 OR ABOVE:   0    0.10 INCH OR MORE:   6
MIN 32 OR BELOW:   7    0.50 INCH OR MORE:   2
MIN  0 OR BELOW:   0    1.00 INCH OR MORE:   1

[HDD (BASE 65) ]
TOTAL THIS MO.   471    CLEAR  (SCALE 0-3)   6
DPTR FM NORMAL    -5    PTCLDY (SCALE 4-7)  13
TOTAL FM JUL 1  5336    CLOUDY (SCALE 8-10) 11
DPTR FM NORMAL -1004

[CDD (BASE 65) ]
TOTAL THIS MO.     7
DPTR FM NORMAL    -1    [PRESSURE DATA]
TOTAL FM JAN 1     7    HIGHEST SLP 30.50 ON  5
DPTR FM NORMAL    -1    LOWEST  SLP 29.52 ON  2

[REMARKS]
#FINAL-04-16#
