000
CXUS55 KLOT 280700
CF6RFD
PRELIMINARY LOCAL CLIMATOLOGICAL DATA (WS FORM: F-6)

                                          STATION:   ROCKFORD IL
                                          MONTH:     MAY
                                          YEAR:      2016
                                          LATITUDE:   42 12 N
                                          LONGITUDE:  89  6 W

  TEMPERATURE IN F:       :PCPN:    SNOW:  WIND      :SUNSHINE: SKY     :PK WND
================================================================================
1   2   3   4   5  6A  6B    7    8   9   10  11  12  13   14  15   16   17  18
                                     12Z  AVG MX 2MIN
DY MAX MIN AVG DEP HDD CDD  WTR  SNW DPTH SPD SPD DIR MIN PSBL S-S WX    SPD DR
================================================================================

 1  54  46  50  -5  15   0 0.25  0.0    0 11.9 18  40   M    M  10 1      24  40
 2  63  41  52  -4  13   0    T  0.0    0  7.1 17  40   M    M   7 1      21  70
 3  68  38  53  -3  12   0 0.14  0.0    0  9.2 28 360   M    M   7 13     36 350
 4  60  40  50  -6  15   0 0.09  0.0    0 11.7 28 360   M    M   6 3      33 360
 5  67  39  53  -4  12   0 0.00  0.0    0  7.7 16  20   M    M   1        21  10
 6  84  44  64   7   1   0 0.00  0.0    0  7.2 17 270   M    M   4 3      22 250
 7  72  47  60   3   5   0 0.01  0.0    0  8.6 28  20   M    M   9 38     33  30
 8  70  40  55  -3  10   0 0.00  0.0    0  4.1 14 220   M    M   6        19 220
 9  62  51  57  -1   8   0 0.73  0.0    0 12.1 24 140   M    M  10 138    31 130
10  65  53  59   1   6   0 0.38  0.0    0 10.2 18  90   M    M  10 1      24 110
11  71  53  62   4   3   0 0.08  0.0    0  6.2 25 120   M    M  10 138    32 130
12  70  51  61   2   4   0 0.05  0.0    0 11.5 24 280   M    M   8 13     31 270
13  66  44  55  -4  10   0 0.22  0.0    0  9.3 25 320   M    M   6 1      33 330
14  51  36  44 -16  21   0 0.00  0.0    0 13.5 23 300   M    M   9        30 310
15  58  31  45 -15  20   0 0.00  0.0    0  8.9 21 280   M    M   3        27 290
16  71  42  57  -3   8   0    T  0.0    0 10.2 21 260   M    M   6        26 260
17  64  43  54  -6  11   0    T  0.0    0  7.4 16  30   M    M   7        23  60
18  69  38  54  -7  11   0 0.00  0.0    0  6.9 17  40   M    M   2        20  20
19  72  42  57  -4   8   0 0.00  0.0    0  4.2 13 130   M    M   2 1      18 110
20  70  48  59  -2   6   0 0.00  0.0    0  5.7 14 130   M    M   9        17 140
21  80  50  65   3   0   0 0.00  0.0    0  6.3 16  10   M    M   5        21  10
22  85  48  67   5   0   2 0.00  0.0    0  4.3 14  30   M    M   2 8      17  30
23  85  51  68   6   0   3 0.00  0.0    0  6.5 20 180   M    M   6 8      29 170
24  87  56  72   9   0   7    T  0.0    0  6.8 18 200   M    M   7 3      23 200
25  88  62  75  12   0  10 0.21  0.0    0  8.4 30 210   M    M   8 3      39 210
26  84  65  75  12   0  10 0.30  0.0    0  5.8 28 280   M    M   8 13     36 280
27  82  68  75  11   0  10 0.09  0.0    0 11.3 28 190   M    M   9        41 190
================================================================================
SM 1918 1267       199  42  2.55     0.0 223.0          M      177
================================================================================
AV 71.0 46.9                               8.3 FASTST   M    M   7    MAX(MPH)
                                 MISC ---->  # 30 210               # 41  190
================================================================================
NOTES:
# LAST OF SEVERAL OCCURRENCES

COLUMN 17 PEAK WIND IN M.P.H.

PRELIMINARY LOCAL CLIMATOLOGICAL DATA (WS FORM: F-6) , PAGE 2

                                          STATION:  ROCKFORD IL
                                          MONTH:    MAY
                                          YEAR:     2016
                                          LATITUDE:   42 12 N
                                          LONGITUDE:  89  6 W

[TEMPERATURE DATA]      [PRECIPITATION DATA]       SYMBOLS USED IN COLUMN 16

AVERAGE MONTHLY: 59.0   TOTAL FOR MONTH:   2.55    1 = FOG OR MIST
DPTR FM NORMAL:  -0.5   DPTR FM NORMAL:   -0.88    2 = FOG REDUCING VISIBILITY
HIGHEST:    88 ON 25    GRTST 24HR  1.10 ON  9-10      TO 1/4 MILE OR LESS
LOWEST:     31 ON 15                               3 = THUNDER
                        SNOW, ICE PELLETS, HAIL    4 = ICE PELLETS
                        TOTAL MONTH:   0.0 INCH    5 = HAIL
                        GRTST 24HR     0.0         6 = FREEZING RAIN OR DRIZZLE
                        GRTST DEPTH:   0           7 = DUSTSTORM OR SANDSTORM:
                                                       VSBY 1/2 MILE OR LESS
                                                   8 = SMOKE OR HAZE
[NO. OF DAYS WITH]      [WEATHER - DAYS WITH]      9 = BLOWING SNOW
                                                   X = TORNADO
MAX 32 OR BELOW:   0    0.01 INCH OR MORE:  12
MAX 90 OR ABOVE:   0    0.10 INCH OR MORE:   7
MIN 32 OR BELOW:   1    0.50 INCH OR MORE:   1
MIN  0 OR BELOW:   0    1.00 INCH OR MORE:   0

[HDD (BASE 65) ]
TOTAL THIS MO.   199    CLEAR  (SCALE 0-3)   4
DPTR FM NORMAL    12    PTCLDY (SCALE 4-7)  13
TOTAL FM JUL 1  5535    CLOUDY (SCALE 8-10) 10
DPTR FM NORMAL  -992

[CDD (BASE 65) ]
TOTAL THIS MO.    42
DPTR FM NORMAL     7    [PRESSURE DATA]
TOTAL FM JAN 1    49    HIGHEST SLP M ON M
DPTR FM NORMAL     6    LOWEST  SLP 29.64 ON  3

[REMARKS]
