000
CXUS55 KLOT 281455
CF6RFD
PRELIMINARY LOCAL CLIMATOLOGICAL DATA (WS FORM: F-6)

                                          STATION:   ROCKFORD IL
                                          MONTH:     JULY
                                          YEAR:      2016
                                          LATITUDE:   42 12 N
                                          LONGITUDE:  89  6 W

  TEMPERATURE IN F:       :PCPN:    SNOW:  WIND      :SUNSHINE: SKY     :PK WND
================================================================================
1   2   3   4   5  6A  6B    7    8   9   10  11  12  13   14  15   16   17  18
                                     12Z  AVG MX 2MIN
DY MAX MIN AVG DEP HDD CDD  WTR  SNW DPTH SPD SPD DIR MIN PSBL S-S WX    SPD DR
================================================================================

 1  78  59  69  -5   0   4 0.00  0.0    0  8.9 18 360   M    M   7        24  30
 2  75  55  65  -9   0   0 0.00  0.0    0  4.0 13 220   M    M   8        17 200
 3  81  53  67  -7   0   2 0.00  0.0    0  6.2 15 140   M    M   6        22 110
 4  79  64  72  -2   0   7 0.00  0.0    0  4.6  9 260   M    M  10        12 280
 5  88  69  79   5   0  14 0.00  0.0    0  6.9 15 220   M    M   8 3      22 180
 6  85  68  77   3   0  12 1.38  0.0    0  9.2 33  10   M    M   7 13     46  10
 7  85  69  77   3   0  12 0.01  0.0    0  5.1 12 140   M    M   8        15 180
 8  87  66  77   3   0  12 0.00  0.0    0 10.3 24 300   M    M   4 1      31 270
 9  83  63  73  -1   0   8 0.00  0.0    0  8.1 20  20   M    M   2        24  20
10  81  60  71  -3   0   6 0.00  0.0    0  8.1 21 160   M    M   6        29 160
11  92  69  81   7   0  16 0.00  0.0    0 13.4 23 170   M    M   3        29 170
12  85  69  77   3   0  12 0.00  0.0    0  9.8 18 190   M    M   6        27 190
13  88  67  78   4   0  13 0.04  0.0    0  7.4 24 170   M    M   6 13     29 170
14  87  65  76   2   0  11 0.00  0.0    0 10.7 26 290   M    M   4 1      33 280
15  77  59  68  -6   0   3 0.13  0.0    0  6.5 16 300   M    M   6 1      19 300
16  79  55  67  -7   0   2 0.00  0.0    0  4.2 12 200   M    M   6 12     15 160
17  83  64  74   0   0   9 0.36  0.0    0 11.1 28 170   M    M   8 13     35 180
18  87  69  78   4   0  13 0.00  0.0    0  3.9 12 280   M    M   5 1      14 290
19  86  65  76   2   0  11 0.00  0.0    0  3.5 10 240   M    M   6        13 250
20  85  68  77   3   0  12 0.05  0.0    0  6.4 18 200   M    M   5 13     21 200
21  94  70  82   8   0  17 1.35  0.0    0 10.4 30  20   M    M   7 138    39 360
22  89  70  80   6   0  15 0.00  0.0    0  4.7 12 270   M    M   7        14 260
23  87  71  79   5   0  14 1.64  0.0    0  6.0 24 190   M    M   7 13     31 180
24  94  72  83   9   0  18 0.00  0.0    0 10.5 18 240   M    M   7 1      18 240
25  87  68  78   4   0  13 0.00  0.0    0  4.9 12 340   M    M   5        12 340
26  86  67  77   3   0  12 0.00  0.0    0  2.3  6 200   M    M   2         6 200
27  87  66  77   4   0  12 1.52  0.0    0  2.6 30 310   M    M   6 13     30 310
================================================================================
SM 2295 1760         0 280  6.48     0.0 189.7          M      162
================================================================================
AV 85.0 65.2                               7.0 FASTST   M    M   6    MAX(MPH)
                                 MISC ---->  # 33  10               # 46   10
================================================================================
NOTES:
# LAST OF SEVERAL OCCURRENCES

COLUMN 17 PEAK WIND IN M.P.H.

PRELIMINARY LOCAL CLIMATOLOGICAL DATA (WS FORM: F-6) , PAGE 2

                                          STATION:  ROCKFORD IL
                                          MONTH:    JULY
                                          YEAR:     2016
                                          LATITUDE:   42 12 N
                                          LONGITUDE:  89  6 W

[TEMPERATURE DATA]      [PRECIPITATION DATA]       SYMBOLS USED IN COLUMN 16

AVERAGE MONTHLY: 75.1   TOTAL FOR MONTH:   6.48    1 = FOG OR MIST
DPTR FM NORMAL:   1.1   DPTR FM NORMAL:    3.07    2 = FOG REDUCING VISIBILITY
HIGHEST:    94 ON 24,21 GRTST 24HR  1.64 ON 23-23      TO 1/4 MILE OR LESS
LOWEST:     53 ON  3                               3 = THUNDER
                        SNOW, ICE PELLETS, HAIL    4 = ICE PELLETS
                        TOTAL MONTH:   0.0 INCH    5 = HAIL
                        GRTST 24HR     0.0         6 = FREEZING RAIN OR DRIZZLE
                        GRTST DEPTH:   0           7 = DUSTSTORM OR SANDSTORM:
                                                       VSBY 1/2 MILE OR LESS
                                                   8 = SMOKE OR HAZE
[NO. OF DAYS WITH]      [WEATHER - DAYS WITH]      9 = BLOWING SNOW
                                                   X = TORNADO
MAX 32 OR BELOW:   0    0.01 INCH OR MORE:   9
MAX 90 OR ABOVE:   3    0.10 INCH OR MORE:   6
MIN 32 OR BELOW:   0    0.50 INCH OR MORE:   4
MIN  0 OR BELOW:   0    1.00 INCH OR MORE:   4

[HDD (BASE 65) ]
TOTAL THIS MO.     0    CLEAR  (SCALE 0-3)   2
DPTR FM NORMAL     0    PTCLDY (SCALE 4-7)  23
TOTAL FM JUL 1     0    CLOUDY (SCALE 8-10)  2
DPTR FM NORMAL     0

[CDD (BASE 65) ]
TOTAL THIS MO.   280
DPTR FM NORMAL    38    [PRESSURE DATA]
TOTAL FM JAN 1   581    HIGHEST SLP M ON M
DPTR FM NORMAL   109    LOWEST  SLP 29.70 ON 13

[REMARKS]
