000
CXUS51 KAKQ 281010
CF6RIC
PRELIMINARY LOCAL CLIMATOLOGICAL DATA (WS FORM: F-6)

                                          STATION:   RICHMOND VA
                                          MONTH:     JUNE
                                          YEAR:      2017
                                          LATITUDE:   37 30 N
                                          LONGITUDE:  77 20 W

  TEMPERATURE IN F:       :PCPN:    SNOW:  WIND      :SUNSHINE: SKY     :PK WND
================================================================================
1   2   3   4   5  6A  6B    7    8   9   10  11  12  13   14  15   16   17  18
                                     12Z  AVG MX 2MIN
DY MAX MIN AVG DEP HDD CDD  WTR  SNW DPTH SPD SPD DIR MIN PSBL S-S WX    SPD DR
================================================================================

 1  87  62  75   4   0  10 0.00  0.0    0  7.1 20 270   M    M   6        23 260
 2  85  61  73   2   0   8 0.00  0.0    0  5.7 17 340   M    M   3        22 340
 3  87  56  72   0   0   7 0.00  0.0    0  4.6 15 310   M    M   3        23 300
 4  89  58  74   2   0   9 0.00  0.0    0  8.8 20 220   M    M   5        25 220
 5  74  66  70  -2   0   5 0.09  0.0    0  8.2 16 230   M    M   9 1      21 230
 6  81  63  72  -1   0   7 0.00  0.0    0  7.1 15  10   M    M   8        20 360
 7  73  58  66  -7   0   1 0.00  0.0    0  9.0 20  90   M    M   8        24 100
 8  72  54  63 -10   2   0 0.00  0.0    0  6.7 16  10   M    M   6        21  40
 9  82  53  68  -6   0   3 0.00  0.0    0  6.1 15 290   M    M   2        20 280
10  89  60  75   1   0  10 0.00  0.0    0  6.6 18 220   M    M   3        22 240
11  94  66  80   6   0  15 0.00  0.0    0  7.2 16 220   M    M   2        19 220
12  91  66  79   5   0  14 0.00  0.0    0  6.4 14 210   M    M   6        17 210
13  91  70  81   6   0  16    T  0.0    0  7.2 21 230   M    M   8        25 220
14  93  67  80   5   0  15 0.87  0.0    0  4.7 20  90   M    M   5 13     25 100
15  85  69  77   2   0  12 0.00  0.0    0  5.7 13 120   M    M   7 1      16  90
16  84  70  77   1   0  12 0.01  0.0    0  4.5 20 150   M    M   9 13     24 150
17  86  71  79   3   0  14 0.49  0.0    0  6.7 24 180   M    M   8 123    32 180
18  88  72  80   4   0  15 0.00  0.0    0 11.4 20 200   M    M   7        25 210
19  90  71  81   5   0  16 0.70  0.0    0 14.6 25 240   M    M   7 13     34 230
20  80  67  74  -3   0   9 0.01  0.0    0  7.9 13 200   M    M   8 8      16 240
21  87  68  78   1   0  13 0.01  0.0    0 10.2 17 220   M    M   7        22 230
22  88  71  80   3   0  15 0.00  0.0    0  8.3 15 230   M    M   9 1      19 230
23  90  73  82   5   0  17 0.14  0.0    0 13.2 23 230   M    M   7 1      32 220
24  90  71  81   3   0  16 0.01  0.0    0 11.9 29 210   M    M   6        39 200
25  86  69  78   0   0  13 0.00  0.0    0  7.2 16 270   M    M   5        19 250
26  84  59  72  -6   0   7 0.00  0.0    0  5.1 16 230   M    M   2        23 220
27  83  61  72  -6   0   7 0.00  0.0    0  6.1 18 260   M    M   5        21 260
================================================================================
SM 2309 1752         2 286  2.33     0.0 208.2          M      161
================================================================================
AV 85.5 64.9                               7.7 FASTST   M    M   6    MAX(MPH)
                                 MISC ---->  # 29 210               # 39  200
================================================================================
NOTES:
# LAST OF SEVERAL OCCURRENCES

COLUMN 17 PEAK WIND IN M.P.H.

PRELIMINARY LOCAL CLIMATOLOGICAL DATA (WS FORM: F-6) , PAGE 2

                                          STATION:  RICHMOND VA
                                          MONTH:    JUNE
                                          YEAR:     2017
                                          LATITUDE:   37 30 N
                                          LONGITUDE:  77 20 W

[TEMPERATURE DATA]      [PRECIPITATION DATA]       SYMBOLS USED IN COLUMN 16

AVERAGE MONTHLY: 75.2   TOTAL FOR MONTH:   2.33    1 = FOG OR MIST
DPTR FM NORMAL:   0.3   DPTR FM NORMAL:   -1.20    2 = FOG REDUCING VISIBILITY
HIGHEST:    94 ON 11    GRTST 24HR  0.87 ON 14-14      TO 1/4 MILE OR LESS
LOWEST:     53 ON  9                               3 = THUNDER
                        SNOW, ICE PELLETS, HAIL    4 = ICE PELLETS
                        TOTAL MONTH:   0.0 INCH    5 = HAIL
                        GRTST 24HR     0.0         6 = FREEZING RAIN OR DRIZZLE
                        GRTST DEPTH:   0           7 = DUSTSTORM OR SANDSTORM:
                                                       VSBY 1/2 MILE OR LESS
                                                   8 = SMOKE OR HAZE
[NO. OF DAYS WITH]      [WEATHER - DAYS WITH]      9 = BLOWING SNOW
                                                   X = TORNADO
MAX 32 OR BELOW:   0    0.01 INCH OR MORE:   9
MAX 90 OR ABOVE:   7    0.10 INCH OR MORE:   4
MIN 32 OR BELOW:   0    0.50 INCH OR MORE:   2
MIN  0 OR BELOW:   0    1.00 INCH OR MORE:   0

[HDD (BASE 65) ]
TOTAL THIS MO.     2    CLEAR  (SCALE 0-3)   5
DPTR FM NORMAL    -3    PTCLDY (SCALE 4-7)  17
TOTAL FM JUL 1  3171    CLOUDY (SCALE 8-10)  5
DPTR FM NORMAL  -600

[CDD (BASE 65) ]
TOTAL THIS MO.   286
DPTR FM NORMAL    11    [PRESSURE DATA]
TOTAL FM JAN 1   509    HIGHEST SLP M ON M
DPTR FM NORMAL    73    LOWEST  SLP 29.64 ON  5

[REMARKS]
