000
CXUS55 KGJT 191000
CF6RIL
PRELIMINARY LOCAL CLIMATOLOGICAL DATA (WS FORM: F-6)

                                          STATION:   RIFLE CO
                                          MONTH:     JANUARY
                                          YEAR:      2017
                                          LATITUDE:   39 31 N
                                          LONGITUDE: 107 43 W

  TEMPERATURE IN F:       :PCPN:    SNOW:  WIND      :SUNSHINE: SKY     :PK WND
================================================================================
1   2   3   4   5  6A  6B    7    8   9   10  11  12  13   14  15   16   17  18
                                     12Z  AVG MX 2MIN
DY MAX MIN AVG DEP HDD CDD  WTR  SNW DPTH SPD SPD DIR MIN PSBL S-S WX    SPD DR
================================================================================

 1  35  15  25   2  40   0 0.00    M    M  1.1  8 110   M    M   7        10 140
 2  42  28  35  12  30   0 0.00    M    M  5.4 17 260   M    M   9        20 270
 3  40  28  34  11  31   0 0.03    M    M  6.8 24 260   M    M   9 1      29 260
 4  39  29  34  11  31   0 0.03    M    M 10.8 28 270   M    M   8 1      36 270
 5  39   8  24   1  41   0 0.07    M    M 10.2 35 320   M    M  10 1      45 310
 6  17  -9   4 -19  61   0    T    M    M  5.0 20 320   M    M   2        24 310
 7  20  -6   7 -16  58   0    T    M    M  0.8  7 110   M    M   5         8  70
 8  26  20  23   0  42   0 0.03    M    M  0.3  5  80   M    M  10 1       5 270
 9  39  23  31   8  34   0 0.22    M    M  4.5 33 320   M    M   9 16     43 320
10  42  25  34  11  31   0    T    M    M  4.8 16 260   M    M   5        20 250
11  43  31  37  14  28   0 0.04    M    M  8.4 43 270   M    M   8 1      53 270
12  38  31  35  12  30   0 0.05    M    M  2.7  9 260   M    M  10 12     11 250
13  41  31  36  13  29   0 0.07    M    M  2.2  8 160   M    M   9 12      9 160
14  42  28  35  12  30   0 0.00    M    M  1.2  7 100   M    M   5 1       7 210
15  42  29  36  12  29   0 0.00    M    M  4.7 15 280   M    M   6        18 280
16  36  21  29   5  36   0 0.00    M    M  4.9 17 320   M    M   4        20 300
17  42  17  30   6  35   0 0.00    M    M  2.1  8 160   M    M   1        10 160
18  43  23  33   9  32   0 0.00    M    M  3.1 13 260   M    M   4        15 260
================================================================================
SM  666  372       648   0  0.54    M     79.0          M      121
================================================================================
AV 37.0 20.7                               4.4 FASTST   M    M   7    MAX(MPH)
                                 MISC ---->  # 43 270               # 53  270
================================================================================
NOTES:
# LAST OF SEVERAL OCCURRENCES

COLUMN 17 PEAK WIND IN M.P.H.

PRELIMINARY LOCAL CLIMATOLOGICAL DATA (WS FORM: F-6) , PAGE 2

                                          STATION:  RIFLE CO
                                          MONTH:    JANUARY
                                          YEAR:     2017
                                          LATITUDE:   39 31 N
                                          LONGITUDE: 107 43 W

[TEMPERATURE DATA]      [PRECIPITATION DATA]       SYMBOLS USED IN COLUMN 16

AVERAGE MONTHLY: 28.8   TOTAL FOR MONTH:   0.54    1 = FOG OR MIST
DPTR FM NORMAL:   5.6   DPTR FM NORMAL:    0.00    2 = FOG REDUCING VISIBILITY
HIGHEST:    43 ON 18,11 GRTST 24HR  0.22 ON  9- 9      TO 1/4 MILE OR LESS
LOWEST:     -9 ON  6                               3 = THUNDER
                        SNOW, ICE PELLETS, HAIL    4 = ICE PELLETS
                        TOTAL MONTH:    M          5 = HAIL
                        GRTST 24HR    M  ON   M    6 = FREEZING RAIN OR DRIZZLE
                        GRTST DEPTH:  M  ON   M    7 = DUSTSTORM OR SANDSTORM:
                                                       VSBY 1/2 MILE OR LESS
                                                   8 = SMOKE OR HAZE
[NO. OF DAYS WITH]      [WEATHER - DAYS WITH]      9 = BLOWING SNOW
                                                   X = TORNADO
MAX 32 OR BELOW:   3    0.01 INCH OR MORE:   8
MAX 90 OR ABOVE:   0    0.10 INCH OR MORE:   1
MIN 32 OR BELOW:  18    0.50 INCH OR MORE:   0
MIN  0 OR BELOW:   2    1.00 INCH OR MORE:   0

[HDD (BASE 65) ]
TOTAL THIS MO.   648    CLEAR  (SCALE 0-3)   2
DPTR FM NORMAL  -104    PTCLDY (SCALE 4-7)   9
TOTAL FM JUL 1  2943    CLOUDY (SCALE 8-10)  7
DPTR FM NORMAL  -573

[CDD (BASE 65) ]
TOTAL THIS MO.     0
DPTR FM NORMAL     0    [PRESSURE DATA]
TOTAL FM JAN 1     0    HIGHEST SLP M ON M
DPTR FM NORMAL     0    LOWEST  SLP 29.40 ON  5

[REMARKS]
