000
CXUS55 KGJT 251000
CF6RIL
PRELIMINARY LOCAL CLIMATOLOGICAL DATA (WS FORM: F-6)

                                          STATION:   RIFLE CO
                                          MONTH:     SEPTEMBER
                                          YEAR:      2016
                                          LATITUDE:   39 31 N
                                          LONGITUDE: 107 43 W

  TEMPERATURE IN F:       :PCPN:    SNOW:  WIND      :SUNSHINE: SKY     :PK WND
================================================================================
1   2   3   4   5  6A  6B    7    8   9   10  11  12  13   14  15   16   17  18
                                     12Z  AVG MX 2MIN
DY MAX MIN AVG DEP HDD CDD  WTR  SNW DPTH SPD SPD DIR MIN PSBL S-S WX    SPD DR
================================================================================

 1  88  56  72   6   0   7 0.02    M    M  4.5 31 170   M    M   4 3      38 190
 2  82  59  71   5   0   6 0.15    M    M  5.0 16  70   M    M   4 1      22  70
 3  81  56  69   3   0   4 0.23    M    M  5.0 31 220   M    M   3 3      41 240
 4  85  55  70   4   0   5 0.00    M    M  9.7 26 240   M    M   4        32 240
 5  86  49  68   3   0   3 0.00    M    M  7.8 24 230   M    M   0 3      32 220
 6  87  43  65   0   0   0 0.00    M    M  6.5 26 250   M    M   0        41 250
 7  85  44  65   1   0   0 0.00    M    M  7.3 25 270   M    M   0        31 270
 8  87  42  65   1   0   0 0.00    M    M  6.9 25 260   M    M   0        33 260
 9  83  44  64   0   1   0 0.00    M    M  4.6 18 360   M    M   0 8      24 360
10  85  39  62  -1   3   0 0.00    M    M  6.7 26 270   M    M   0        34 270
11  87  42  65   2   0   0 0.00    M    M  7.1 26 260   M    M   0        35 260
12  85  49  67   4   0   2    T    M    M  8.4 38 210   M    M   2        48 200
13  82  45  64   2   1   0    T    M    M  5.8 35 220   M    M   3 3      45 230
14  81  50  66   4   0   1 0.03    M    M  8.9 35 230   M    M   4 3      43 240
15  74  42  58  -4   7   0 0.00    M    M  7.9 28 280   M    M   1        33 280
16  77  39  58  -3   7   0 0.00    M    M  5.6 22 260   M    M   0        27 250
17  79  39  59  -2   6   0 0.00    M    M  6.0 23 270   M    M   0        29 270
18  83  38  61   1   4   0 0.00    M    M  6.8 24 260   M    M   0        30 270
19  88  42  65   5   0   0 0.00    M    M  4.6 18 260   M    M   0        22 260
20  81  46  64   4   1   0 0.00    M    M  6.9 25 260   M    M   3        31 270
21  76  57  67   8   0   2 0.00    M    M  4.6 16 270   M    M   8        21 270
22  86  52  69  10   0   4    T    M    M  8.2 35 150   M    M   2 3      43 150
23  60  43  52  -6  13   0 0.54    M    M 10.2 36 280   M    M   7 1      47 290
24  54  43  49  -9  16   0 0.22    M    M  3.1 12  80   M    M  10 18     16 360
================================================================================
SM 1942 1114        59  34  1.19    M    158.1          M       55
================================================================================
AV 80.9 46.4                               6.6 FASTST   M    M   2    MAX(MPH)
                                 MISC ---->  # 38 210               # 48  200
================================================================================
NOTES:
# LAST OF SEVERAL OCCURRENCES

COLUMN 17 PEAK WIND IN M.P.H.

PRELIMINARY LOCAL CLIMATOLOGICAL DATA (WS FORM: F-6) , PAGE 2

                                          STATION:  RIFLE CO
                                          MONTH:    SEPTEMBER
                                          YEAR:     2016
                                          LATITUDE:   39 31 N
                                          LONGITUDE: 107 43 W

[TEMPERATURE DATA]      [PRECIPITATION DATA]       SYMBOLS USED IN COLUMN 16

AVERAGE MONTHLY: 63.7   TOTAL FOR MONTH:   1.19    1 = FOG OR MIST
DPTR FM NORMAL:   1.3   DPTR FM NORMAL:   -0.03    2 = FOG REDUCING VISIBILITY
HIGHEST:    88 ON 19, 1 GRTST 24HR  0.55 ON 23-24      TO 1/4 MILE OR LESS
LOWEST:     38 ON 18                               3 = THUNDER
                        SNOW, ICE PELLETS, HAIL    4 = ICE PELLETS
                        TOTAL MONTH:    M          5 = HAIL
                        GRTST 24HR    M  ON   M    6 = FREEZING RAIN OR DRIZZLE
                        GRTST DEPTH:  M  ON   M    7 = DUSTSTORM OR SANDSTORM:
                                                       VSBY 1/2 MILE OR LESS
                                                   8 = SMOKE OR HAZE
[NO. OF DAYS WITH]      [WEATHER - DAYS WITH]      9 = BLOWING SNOW
                                                   X = TORNADO
MAX 32 OR BELOW:   0    0.01 INCH OR MORE:   6
MAX 90 OR ABOVE:   0    0.10 INCH OR MORE:   4
MIN 32 OR BELOW:   0    0.50 INCH OR MORE:   1
MIN  0 OR BELOW:   0    1.00 INCH OR MORE:   0

[HDD (BASE 65) ]
TOTAL THIS MO.    59    CLEAR  (SCALE 0-3)  17
DPTR FM NORMAL   -28    PTCLDY (SCALE 4-7)   6
TOTAL FM JUL 1    64    CLOUDY (SCALE 8-10)  1
DPTR FM NORMAL   -30

[CDD (BASE 65) ]
TOTAL THIS MO.    34
DPTR FM NORMAL    12    [PRESSURE DATA]
TOTAL FM JAN 1   675    HIGHEST SLP M ON M
DPTR FM NORMAL   137    LOWEST  SLP 29.45 ON 23

[REMARKS]
