738
CXUS51 KRNK 210742
CF6RNK

PRELIMINARY LOCAL CLIMATOLOGICAL DATA (WS FORM: F-6)

                                          STATION:   BLACKSBURG VA
                                          MONTH:     JANUARY
                                          YEAR:      2018
                                          LATITUDE:   37 13 N
                                          LONGITUDE:  80 25 W

  TEMPERATURE IN F:       :PCPN:    SNOW:  WIND      :SUNSHINE: SKY     :PK WND
================================================================================
1   2   3   4   5  6A  6B    7    8   9   10  11  12  13   14  15   16   17  18
                                     12Z  AVG MX 2MIN
DY MAX MIN AVG DEP HDD CDD  WTR  SNW DPTH SPD SPD DIR MIN PSBL S-S WX    SPD DR
================================================================================

 1  19   2  11 -20  54   0    T    T    0  6.9 16 310   M    M   4        26 310
 2  26   2  14 -17  51   0 0.00  0.0    0  4.5 10 290   M    M   0        16 300
 3  27   1  14 -17  51   0 0.00  0.0    0  0.0  5 280   M    M   5         M  M
 4  20   8  14 -17  51   0    T    T    T 16.5 29 320   M    M   8 1      43 290
 5  17   8  13 -18  52   0    T    T    T 14.8 25 290   M    M   7        37 290
 6  15   1   8 -23  57   0    T    T    0  9.7 16 310   M    M   5        24 290
 7  31  -1  15 -16  50   0 0.00  0.0    0  2.2  8 120   M    M   1         M  M
 8  33  11  22  -9  43   0 0.17    T    T  0.6  5 310   M    M   8 16      M  M
 9  52  31  42  11  23   0    T  0.0    0  2.4  9 300   M    M   7 1      16 270
10  48  35  42  11  23   0 0.00  0.0    0  3.7  8 110   M    M  10         M  M
11  54  38  46  15  19   0 0.03  0.0    0  6.0 10 100   M    M  10 1       M  M
12  64  45  55  24  10   0 0.38  0.0    0  5.8 15 170   M    M  10 1      24 190
13  45  11  28  -3  37   0    T    T    0 11.6 23 300   M    M   8        32 200
14  27   6  17 -14  48   0    T    T    0  3.0  9 100   M    M   0         M  M
15  36   6  21 -10  44   0 0.00  0.0    0  1.9 12 110   M    M   1         M  M
16  43  14  29  -2  36   0 0.00  0.0    0  2.2  8 120   M    M   4         M  M
17  25   5  15 -16  50   0 0.12  2.1    2  5.6  9 300   M    M   9 1      16 300
18  32   5  19 -12  46   0    T    T    1  8.4 14 290   M    M   1        24 280
19  48  19  34   3  31   0 0.00  0.0    T  4.7 10 280   M    M   0        18 280
20  55  24  40   9  25   0 0.00  0.0    0  5.9 17 290   M    M   2        26 270
================================================================================
SM  717  271       801   0  0.70     2.1 116.4          M      100
================================================================================
AV 35.9 13.6                               5.8 FASTST   M    M   5    MAX(MPH)
                                 MISC ---->  # 29 320               # 43  290
================================================================================
NOTES:
# LAST OF SEVERAL OCCURRENCES

COLUMN 17 PEAK WIND IN M.P.H.

PRELIMINARY LOCAL CLIMATOLOGICAL DATA (WS FORM: F-6) , PAGE 2

                                          STATION:  BLACKSBURG VA
                                          MONTH:    JANUARY
                                          YEAR:     2018
                                          LATITUDE:   37 13 N
                                          LONGITUDE:  80 25 W

[TEMPERATURE DATA]      [PRECIPITATION DATA]       SYMBOLS USED IN COLUMN 16

AVERAGE MONTHLY: 24.7   TOTAL FOR MONTH:   0.70    1 = FOG OR MIST
DPTR FM NORMAL:  -6.3   DPTR FM NORMAL:   -1.31    2 = FOG REDUCING VISIBILITY
HIGHEST:    64 ON 12    GRTST 24HR  0.38 ON 12-12      TO 1/4 MILE OR LESS
LOWEST:     -1 ON  7                               3 = THUNDER
                        SNOW, ICE PELLETS, HAIL    4 = ICE PELLETS
                        TOTAL MONTH:   2.1 INCHES  5 = HAIL
                        GRTST 24HR   2.1 ON 17-17  6 = FREEZING RAIN OR DRIZZLE
                        GRTST DEPTH:   2 ON 17     7 = DUSTSTORM OR SANDSTORM:
                                                       VSBY 1/2 MILE OR LESS
                                                   8 = SMOKE OR HAZE
[NO. OF DAYS WITH]      [WEATHER - DAYS WITH]      9 = BLOWING SNOW
                                                   X = TORNADO
MAX 32 OR BELOW:  10    0.01 INCH OR MORE:   4
MAX 90 OR ABOVE:   0    0.10 INCH OR MORE:   3
MIN 32 OR BELOW:  17    0.50 INCH OR MORE:   0
MIN  0 OR BELOW:   1    1.00 INCH OR MORE:   0

[HDD (BASE 65) ]
TOTAL THIS MO.   801    CLEAR  (SCALE 0-3)   7
DPTR FM NORMAL   121    PTCLDY (SCALE 4-7)   9
TOTAL FM JUL 1  2746    CLOUDY (SCALE 8-10)  4
DPTR FM NORMAL   -81

[CDD (BASE 65) ]
TOTAL THIS MO.     0
DPTR FM NORMAL     0    [PRESSURE DATA]
TOTAL FM JAN 1     0    HIGHEST SLP M ON M
DPTR FM NORMAL     0    LOWEST  SLP M ON M

[REMARKS]
DUE TO MISSING TEMPERATURES FROM SEPTEMBER 8-10...THE
HEATING DEGREE DAY AND DEPARTURE FROM NORMAL WILL BE CALCULATED
WITHOUT DATA FROM THESE DATES.
