000
CXUS55 KABQ 011130
CF6ROW
PRELIMINARY LOCAL CLIMATOLOGICAL DATA (WS FORM: F-6)

                                          STATION:   ROSWELL NM
                                          MONTH:     JUNE
                                          YEAR:      2015
                                          LATITUDE:   33 17 N
                                          LONGITUDE: 104 32 W

  TEMPERATURE IN F:       :PCPN:    SNOW:  WIND      :SUNSHINE: SKY     :PK WND
================================================================================
1   2   3   4   5  6A  6B    7    8   9   10  11  12  13   14  15   16   17  18
                                     12Z  AVG MX 2MIN
DY MAX MIN AVG DEP HDD CDD  WTR  SNW DPTH SPD SPD DIR MIN PSBL S-S WX    SPD DR
================================================================================

 1  94  57  76   1   0  11 0.00  0.0    0  7.9 28 210   M    M   0        34 210
 2  97  60  79   4   0  14 0.00  0.0    0  8.5 17 170   M    M   0        23 150
 3  98  55  77   1   0  12 0.00  0.0    0  7.3 20 170   M    M   0        26 180
 4  99  62  81   5   0  16 0.00  0.0    0 11.9 37 180   M    M   0        48 170
 5  91  63  77   1   0  12    T  0.0    0  7.8 41 330   M    M   1 3      55 330
 6  88  63  76   0   0  11    T  0.0    0  8.8 25 310   M    M   1 3      34 310
 7  84  64  74  -3   0   9 0.70  0.0    0  9.4 16 290   M    M   1 3      25 220
 8  87  68  78   1   0  13 0.00  0.0    0  5.9 12 140   M    M   0        15 120
 9  89  66  78   1   0  13 0.00  0.0    0  6.8 21 170   M    M   0        25 170
10  96  64  80   3   0  15 0.00  0.0    0 10.8 22 160   M    M   2        29 180
11 100  65  83   5   0  18 0.00  0.0    0  9.9 23 210   M    M   0        27 210
12  91  67  79   1   0  14    T  0.0    0 11.0 25 360   M    M   0        30 350
13  90  61  76  -2   0  11 0.00  0.0    0  6.5 31  30   M    M   4 3      39 160
14  91  56  74  -4   0   9 0.36  0.0    0  5.6 16 220   M    M   0 3      21 220
15  92  58  75  -3   0  10 1.40  0.0    0  3.8 24  90   M    M   3 1      32  80
16  89  64  77  -2   0  12 0.00  0.0    0  4.1  9  10   M    M   2         M  M
17  94  63  79   0   0  14 0.00  0.0    0  4.6 14 160   M    M   0        19 180
18  97  68  83   4   0  18 0.04  0.0    0 10.2 28 250   M    M   2        36 250
19  90  66  78  -1   0  13 0.18  0.0    0 11.2 20 180   M    M   2        28 130
20  97  64  81   2   0  16 0.00  0.0    0 10.6 20 160   M    M   0        24 160
21  98  66  82   2   0  17 0.00  0.0    0  9.0 17 140   M    M   1 1      22 160
22  94  66  80   0   0  15 0.00  0.0    0 12.1 20 160   M    M   1        27 160
23  89  64  77  -3   0  12 0.00  0.0    0  9.9 21 150   M    M   5        28 130
24  90  65  78  -2   0  13 0.00  0.0    0  9.8 22 150   M    M   4        27 150
25  95  65  80   0   0  15 0.00  0.0    0  8.8 21 230   M    M   2        24 240
26  99  66  83   3   0  18 0.00  0.0    0  9.2 18  70   M    M   0        23  60
27  87  68  78  -2   0  13 0.22  0.0    0  6.6 15 360   M    M   4 1      18 340
28  96  64  80   0   0  15 0.00  0.0    0  7.0 13 190   M    M   1        18 190
29  98  63  81   1   0  16    T  0.0    0  6.6 26 110   M    M   0        35 120
30  91  65  78  -2   0  13 0.00  0.0    0  6.3 16 150   M    M   1        20 160
================================================================================
SM 2791 1906         0 408  2.90     0.0 247.9          M       37
================================================================================
AV 93.0 63.5                               8.3 FASTST   M    M   1    MAX(MPH)
                                 MISC ---->  # 41 330               # 55  330
================================================================================
NOTES:
# LAST OF SEVERAL OCCURRENCES

COLUMN 17 PEAK WIND IN M.P.H.

PRELIMINARY LOCAL CLIMATOLOGICAL DATA (WS FORM: F-6) , PAGE 2

                                          STATION:  ROSWELL NM
                                          MONTH:    JUNE
                                          YEAR:     2015
                                          LATITUDE:   33 17 N
                                          LONGITUDE: 104 32 W

[TEMPERATURE DATA]      [PRECIPITATION DATA]       SYMBOLS USED IN COLUMN 16

AVERAGE MONTHLY: 78.3   TOTAL FOR MONTH:   2.90    1 = FOG OR MIST
DPTR FM NORMAL:   0.1   DPTR FM NORMAL:    1.17    2 = FOG REDUCING VISIBILITY
HIGHEST:   100 ON 11    GRTST 24HR  1.40 ON 15-16      TO 1/4 MILE OR LESS
LOWEST:     55 ON  3                               3 = THUNDER
                        SNOW, ICE PELLETS, HAIL    4 = ICE PELLETS
                        TOTAL MONTH:   0.0 INCH    5 = HAIL
                        GRTST 24HR     0.0         6 = FREEZING RAIN OR DRIZZLE
                        GRTST DEPTH:   0           7 = DUSTSTORM OR SANDSTORM:
                                                       VSBY 1/2 MILE OR LESS
                                                   8 = SMOKE OR HAZE
[NO. OF DAYS WITH]      [WEATHER - DAYS WITH]      9 = BLOWING SNOW
                                                   X = TORNADO
MAX 32 OR BELOW:   0    0.01 INCH OR MORE:   6
MAX 90 OR ABOVE:  23    0.10 INCH OR MORE:   5
MIN 32 OR BELOW:   0    0.50 INCH OR MORE:   2
MIN  0 OR BELOW:   0    1.00 INCH OR MORE:   1

[HDD (BASE 65) ]
TOTAL THIS MO.     0    CLEAR  (SCALE 0-3)  25
DPTR FM NORMAL    -1    PTCLDY (SCALE 4-7)   5
TOTAL FM JUL 1  3233    CLOUDY (SCALE 8-10)  0
DPTR FM NORMAL   -55

[CDD (BASE 65) ]
TOTAL THIS MO.   408
DPTR FM NORMAL    11    [PRESSURE DATA]
TOTAL FM JAN 1   515    HIGHEST SLP 30.09 ON 27
DPTR FM NORMAL  -107    LOWEST  SLP 29.68 ON 20

[REMARKS]
#FINAL-06-15#
