000
CXUS56 KFGZ 270900
CF6RQE
PRELIMINARY LOCAL CLIMATOLOGICAL DATA (WS FORM: F-6)

                                          STATION:   WINDOW ROCK AZ AIRPORT
                                          MONTH:     JUNE
                                          YEAR:      2017
                                          LATITUDE:   35 39 N
                                          LONGITUDE: 109  4 W

  TEMPERATURE IN F:       :PCPN:    SNOW:  WIND      :SUNSHINE: SKY     :PK WND
================================================================================
1   2   3   4   5  6A  6B    7    8   9   10  11  12  13   14  15   16   17  18
                                     12Z  AVG MX 2MIN
DY MAX MIN AVG DEP HDD CDD  WTR  SNW DPTH SPD SPD DIR MIN PSBL S-S WX    SPD DR
================================================================================

 1  79  40  60   0   5   0 0.02    M    M  3.8 24 190   M    M   5        29 190
 2  80  45  63   3   2   0    T    M    M  3.4 20  50   M    M   3        26  40
 3  85  38  62   2   3   0 0.00    M    M  3.7 16  40   M    M   1        22  60
 4  89  39  64   4   1   0 0.00    M    M  3.3 17 280   M    M   0        23 270
 5  88  46  67   6   0   2 0.00    M    M  5.4 20 280   M    M   0        27 260
 6  89  47  68   7   0   3 0.00    M    M  4.2 20 240   M    M   1        25 250
 7  89  50  70   9   0   5 0.00    M    M  7.7 23 260   M    M   1        28 270
 8  88  51  70   8   0   5 0.00    M    M  6.5 20 280   M    M   0        27 270
 9  88  47  68   6   0   3 0.00    M    M 10.2 25 230   M    M   0        33 260
10  88  47  68   6   0   3 0.00    M    M 12.5 28 230   M    M   0        37 200
11  83  41  62  -1   3   0 0.00    M    M 10.4 28 210   M    M   0        36 190
12  80  48  64   1   1   0 0.00  0.0    0 14.0 33 200   M    M   0        45 200
13  77  35  56  -7   9   0 0.00  0.0    0  6.3 18 280   M    M   0        26 250
14  87  32  60  -3   5   0 0.00  0.0    0  3.5 18 250   M    M   0        29 240
15  91  35  63  -1   2   0 0.00  0.0    0  3.9 17 290   M    M   0        28 290
16  93  38  66   2   0   1 0.00  0.0    0  4.4 21 250   M    M   0        25 260
17  94  42  68   4   0   3 0.00  0.0    0  4.3 15 320   M    M   0        23 300
18  95  50  73   9   0   8 0.00  0.0    0  5.5 18 320   M    M   1        27 290
19  97  46  72   7   0   7 0.00    M    M  6.0 18 360   M    M   0        25 300
20  97  45  71   6   0   6 0.00    M    M  3.3 17 310   M    M   0        20 310
21  95  50  73   8   0   8    T    M    M  3.2 24  30   M    M   0 8      34  40
22  97  52  75   9   0  10 0.00    M    M  6.9 25 250   M    M   0        38 260
23  94  50  72   6   0   7 0.00    M    M  5.5 20 300   M    M   0        26 320
24  96  50  73   7   0   8 0.00    M    M  4.3 20 330   M    M   0        27 320
25  94  51  73   7   0   8 0.00    M    M  7.8 22 240   M    M   0        29 240
26  90  51  71   4   0   6    T    M    M  4.0 22 360   M    M   1        30 160
================================================================================
SM 2323 1166        31  93  0.02     0.0 154.0          M       13
================================================================================
AV 89.4 44.9                               5.9 FASTST   M    M   1    MAX(MPH)
                                 MISC ---->  # 33 200               # 45  200
================================================================================
NOTES:
# LAST OF SEVERAL OCCURRENCES

COLUMN 17 PEAK WIND IN M.P.H.

PRELIMINARY LOCAL CLIMATOLOGICAL DATA (WS FORM: F-6) , PAGE 2

                                          STATION:  WINDOW ROCK AZ AIRPORT
                                          MONTH:    JUNE
                                          YEAR:     2017
                                          LATITUDE:   35 39 N
                                          LONGITUDE: 109  4 W

[TEMPERATURE DATA]      [PRECIPITATION DATA]       SYMBOLS USED IN COLUMN 16

AVERAGE MONTHLY: 67.1   TOTAL FOR MONTH:   0.02    1 = FOG OR MIST
DPTR FM NORMAL:   3.9   DPTR FM NORMAL:   -0.32    2 = FOG REDUCING VISIBILITY
HIGHEST:    97 ON 22,20 GRTST 24HR  0.02 ON  1- 1      TO 1/4 MILE OR LESS
LOWEST:     32 ON 14                               3 = THUNDER
                        SNOW, ICE PELLETS, HAIL    4 = ICE PELLETS
                        TOTAL MONTH:   0.0 INCH    5 = HAIL
                        GRTST 24HR     0.0         6 = FREEZING RAIN OR DRIZZLE
                        GRTST DEPTH:   0           7 = DUSTSTORM OR SANDSTORM:
                                                       VSBY 1/2 MILE OR LESS
                                                   8 = SMOKE OR HAZE
[NO. OF DAYS WITH]      [WEATHER - DAYS WITH]      9 = BLOWING SNOW
                                                   X = TORNADO
MAX 32 OR BELOW:   0    0.01 INCH OR MORE:   1
MAX 90 OR ABOVE:  12    0.10 INCH OR MORE:   0
MIN 32 OR BELOW:   1    0.50 INCH OR MORE:   0
MIN  0 OR BELOW:   0    1.00 INCH OR MORE:   0

[HDD (BASE 65) ]
TOTAL THIS MO.    31    CLEAR  (SCALE 0-3)  25
DPTR FM NORMAL   -48    PTCLDY (SCALE 4-7)   1
TOTAL FM JUL 1  5138    CLOUDY (SCALE 8-10)  0
DPTR FM NORMAL -1265

[CDD (BASE 65) ]
TOTAL THIS MO.    93
DPTR FM NORMAL    63    [PRESSURE DATA]
TOTAL FM JAN 1    93    HIGHEST SLP M ON M
DPTR FM NORMAL    63    LOWEST  SLP 29.66 ON 11

[REMARKS]
