000
CXUS53 KGRB 010725
CF6RRL
PRELIMINARY LOCAL CLIMATOLOGICAL DATA (WS FORM: F-6)

                                          STATION:   MERRILL MUNICIPAL AI
                                          MONTH:     MAY
                                          YEAR:      2015
                                          LATITUDE:   45 10 N
                                          LONGITUDE:  89 42 W

  TEMPERATURE IN F:       :PCPN:    SNOW:  WIND      :SUNSHINE: SKY     :PK WND
================================================================================
1   2   3   4   5  6A  6B    7    8   9   10  11  12  13   14  15   16   17  18
                                     12Z  AVG MX 2MIN
DY MAX MIN AVG DEP HDD CDD  WTR  SNW DPTH SPD SPD DIR MIN PSBL S-S WX    SPD DR
================================================================================

 1  69  30  50   M  15   0 0.00  0.0    0  4.7 12 210   M    M   3         M  M
 2  77  51  64   M   1   0 0.00  0.0    0  7.5 15 230   M    M   3        21 230
 3  80  54  67   M   0   2 0.30  0.0    0  7.4 13 240   M    M   2 3      22 210
 4  68  48  58   M   7   0 0.00  0.0    0  5.4 12 360   M    M   0        16 360
 5  70  38  54   M  11   0 0.00  0.0    0  6.9 15 110   M    M   1        20 110
 6  70  46  58   M   7   0 0.49    M    0  6.2 12 130   M    M   7        16 130
 7  81  57  69   M   0   4 0.31  0.0    0 11.6 22 200   M    M   6 138    38 200
 8  65  48  57   M   8   0 0.03    M    0  7.4 12 240   M    M   7        16 300
 9  66  47  57   M   8   0 0.00  0.0    0  5.2 12  50   M    M   7        18  50
10  62  41  52   M  13   0 0.01    M    0  9.7 16 110   M    M   7        22 110
11  64  45  55   M  10   0 0.24    M    0  9.9 20 250   M    M  10 13     25 250
12  49  31  40   M  25   0 0.00  0.0    0 10.7 18 320   M    M   8 1      25 320
13  61  28  45   M  20   0 0.00  0.0    0  3.9  9 110   M    M   1         M  M
14  62  40  51   M  14   0 0.08    M    0  8.8 16 120   M    M   5        22 150
15  61  47  54   M  11   0 0.07    M    0  2.1  8 120   M    M  10 1       M  M
16  75  47  61   M   4   0 0.00  0.0    0  5.7 10 120   M    M   7 1      16 150
17  74  58  66   M   0   1 0.44  0.0    0  9.5 14 160   M    M   8 1      24 220
18  63  38  51   M  14   0 0.00  0.0    0 14.0 22 270   M    M   9        29 240
19  50  30  40   M  25   0 0.00  0.0    0  7.7 16 360   M    M   6        23 360
20  59  26  43   M  22   0 0.00  0.0    0  4.5 12 240   M    M   1 12      M  M
21  71  29  50   M  15   0 0.00  0.0    0  6.0 17 360   M    M   2        25 270
22  69  30  50   M  15   0 0.00  0.0    0  1.8  6  50   M    M   0         M  M
23  75  32  54   M  11   0 0.00  0.0    0  2.9 12 240   M    M   3         M  M
24  71  48  60   M   5   0 0.78    M    0  3.8 13 220   M    M   7        20 220
25  72  55  64   M   1   0 0.23  0.0    0  7.1 15 250   M    M   9 13     25 260
26  72  50  61   M   4   0 0.88  0.0    0  3.5  9 330   M    M   7 12      M  M
27  76  53  65   M   0   0 0.47  0.0    0  7.9 15 260   M    M   6 13     22 260
28  82  47  65   M   0   0 0.01    M    0  4.2 13 210   M    M   2 1      18 220
29  74  58  66   M   0   1 0.25  0.0    0  5.7 16 220   M    M   8 3      22 220
30  58  38  48   M  17   0 0.06    M    0  8.6 15  20   M    M   6        20  30
31  63  32  48   M  17   0 0.00  0.0    0  5.6 10 100   M    M   0         M  M
================================================================================
SM 2109 1322       300   8  4.65     0.0 205.9          M      158
================================================================================
AV 68.0 42.6                               6.6 FASTST   M    M   5    MAX(MPH)
                                 MISC ---->    22   M               # 38  200
================================================================================
NOTES:
# LAST OF SEVERAL OCCURRENCES

COLUMN 17 PEAK WIND IN M.P.H.

PRELIMINARY LOCAL CLIMATOLOGICAL DATA (WS FORM: F-6) , PAGE 2

                                          STATION:  MERRILL MUNICIPAL AI
                                          MONTH:    MAY
                                          YEAR:     2015
                                          LATITUDE:   45 10 N
                                          LONGITUDE:  89 42 W

[TEMPERATURE DATA]      [PRECIPITATION DATA]       SYMBOLS USED IN COLUMN 16

AVERAGE MONTHLY: 55.3   TOTAL FOR MONTH:   4.65    1 = FOG OR MIST
DPTR FM NORMAL:     M   DPTR FM NORMAL:       M    2 = FOG REDUCING VISIBILITY
HIGHEST:    82 ON 28    GRTST 24HR  0.88 ON 26-26      TO 1/4 MILE OR LESS
LOWEST:     26 ON 20                               3 = THUNDER
                        SNOW, ICE PELLETS, HAIL    4 = ICE PELLETS
                        TOTAL MONTH:   0.0 INCH    5 = HAIL
                        GRTST 24HR     0.0         6 = FREEZING RAIN OR DRIZZLE
                        GRTST DEPTH:   0           7 = DUSTSTORM OR SANDSTORM:
                                                       VSBY 1/2 MILE OR LESS
                                                   8 = SMOKE OR HAZE
[NO. OF DAYS WITH]      [WEATHER - DAYS WITH]      9 = BLOWING SNOW
                                                   X = TORNADO
MAX 32 OR BELOW:   0    0.01 INCH OR MORE:  16
MAX 90 OR ABOVE:   0    0.10 INCH OR MORE:  10
MIN 32 OR BELOW:   9    0.50 INCH OR MORE:   2
MIN  0 OR BELOW:   0    1.00 INCH OR MORE:   0

[HDD (BASE 65) ]
TOTAL THIS MO.   300    CLEAR  (SCALE 0-3)  11
DPTR FM NORMAL     M    PTCLDY (SCALE 4-7)  16
TOTAL FM JUL 1  9050    CLOUDY (SCALE 8-10)  4
DPTR FM NORMAL  8670

[CDD (BASE 65) ]
TOTAL THIS MO.     8
DPTR FM NORMAL     M    [PRESSURE DATA]
TOTAL FM JAN 1     8    HIGHEST SLP M ON M
DPTR FM NORMAL     8    LOWEST  SLP M ON M

[REMARKS]
#FINAL-05-15#
