000
CXUS54 KTSA 011040
CF6RVS
PRELIMINARY LOCAL CLIMATOLOGICAL DATA (WS FORM: F-6)

                                          STATION:   TULSA-RIVERSIDE  OKLAHOMA
                                          MONTH:     FEBRUARY
                                          YEAR:      2015
                                          LATITUDE:   36  2 N
                                          LONGITUDE:  95 59 W

  TEMPERATURE IN F:       :PCPN:    SNOW:  WIND      :SUNSHINE: SKY     :PK WND
================================================================================
1   2   3   4   5  6A  6B    7    8   9   10  11  12  13   14  15   16   17  18
                                     12Z  AVG MX 2MIN
DY MAX MIN AVG DEP HDD CDD  WTR  SNW DPTH SPD SPD DIR MIN PSBL S-S WX    SPD DR
================================================================================

 1  47  18  33  -6  32   0 0.04    M    0 10.0 20 340   M    M  10 1      36 300
 2  35  12  24 -15  41   0 0.00  0.0    0  4.4 14 340   M    M   0        20 350
 3  57  19  38  -1  27   0 0.00  0.0    0  7.6 20 200   M    M   0        25 200
 4  53  26  40   1  25   0    T    M    0  8.6 24  10   M    M   5 18     33  10
 5  39  16  28 -11  37   0 0.00  0.0    0  5.2 18  20   M    M   2        25  30
 6  59  28  44   4  21   0 0.00  0.0    0 10.4 20 190   M    M   0        26 210
 7  68  39  54  14  11   0 0.00  0.0    0  9.3 18 190   M    M   0        24 190
 8  78  34  56  16   9   0 0.00  0.0    0  2.8 16  20   M    M   0 1      20  20
 9  61  39  50  10  15   0 0.00  0.0    0  8.1 14  30   M    M   0        19 360
10  63  28  46   6  19   0 0.00  0.0    0  5.2 14 130   M    M   0 18     19 120
11  53  32  43   2  22   0 0.00  0.0    0  8.8 21  20   M    M   2        29 350
12  40  25  33  -8  32   0 0.00  0.0    0  6.6 17  40   M    M   0        26  20
13  63  25  44   3  21   0 0.00  0.0    0  3.4 14 220   M    M   0        21 190
14  76  27  52  11  13   0 0.00  0.0    0  9.1 28  30   M    M   0        34  40
15  45  27  36  -6  29   0 0.15    M    0 10.7 17  20   M    M   5 136    22  20
16  31  18  25 -17  40   0 0.57    M    0  1.0  7  60   M    M   6 1      10  50
17  47  16  32 -10  33   0    T    M    0  4.4 21 350   M    M   3 1      31 320
18  36  16  26 -16  39   0 0.00  0.0    0  3.5 13  60   M    M   4        17  10
19  44  20  32 -11  33   0 0.00  0.0    0  8.6 17 120   M    M   3        22 140
20  44  29  37  -6  28   0    T    M    0  9.4 15 130   M    M   8 1      20 130
21  55  35  45   2  20   0    T    M    0  7.7 15  40   M    M   6 1      23  30
22  45  24  35  -9  30   0 0.03    M    0 14.5 25  30   M    M  10 1      33  30
23  25  19  22 -22  43   0    T    M    0  8.0 21  20   M    M  10 1      29  40
24  42  22  32 -12  33   0 0.00  0.0    0  3.6 13 230   M    M   4        18 220
25  53  22  38  -7  27   0 0.00  0.0    0  3.5 20  10   M    M   1 1      29  20
26  36  20  28 -17  37   0 0.00  0.0    0 12.6 23  10   M    M   2        36 360
27  21  15  18 -27  47   0    T    M    0  8.2 16  40   M    M   8 18     21  40
28  28  20  24 -22  41   0 0.04    M    0  4.0  9 120   M    M  10 16     11 110
================================================================================
SM 1344  671       805   0  0.83     0.0 199.2          M       99
================================================================================
AV 48.0 24.0                               7.1 FASTST   M    M   4    MAX(MPH)
                                 MISC ---->  # 28  30               # 36  300
================================================================================
NOTES:
# LAST OF SEVERAL OCCURRENCES

COLUMN 17 PEAK WIND IN M.P.H.

PRELIMINARY LOCAL CLIMATOLOGICAL DATA (WS FORM: F-6) , PAGE 2

                                          STATION:  TULSA-RIVERSIDE  OKLAHOMA
                                          MONTH:    FEBRUARY
                                          YEAR:     2015
                                          LATITUDE:   36  2 N
                                          LONGITUDE:  95 59 W

[TEMPERATURE DATA]      [PRECIPITATION DATA]       SYMBOLS USED IN COLUMN 16

AVERAGE MONTHLY: 36.0   TOTAL FOR MONTH:   0.83    1 = FOG OR MIST
DPTR FM NORMAL:  -5.8   DPTR FM NORMAL:   -1.45    2 = FOG REDUCING VISIBILITY
HIGHEST:    78 ON  8    GRTST 24HR  0.72 ON 15-16      TO 1/4 MILE OR LESS
LOWEST:     12 ON  2                               3 = THUNDER
                        SNOW, ICE PELLETS, HAIL    4 = ICE PELLETS
                        TOTAL MONTH:   0.0 INCH    5 = HAIL
                        GRTST 24HR     0.0         6 = FREEZING RAIN OR DRIZZLE
                        GRTST DEPTH:   0           7 = DUSTSTORM OR SANDSTORM:
                                                       VSBY 1/2 MILE OR LESS
                                                   8 = SMOKE OR HAZE
[NO. OF DAYS WITH]      [WEATHER - DAYS WITH]      9 = BLOWING SNOW
                                                   X = TORNADO
MAX 32 OR BELOW:   4    0.01 INCH OR MORE:   5
MAX 90 OR ABOVE:   0    0.10 INCH OR MORE:   2
MIN 32 OR BELOW:  24    0.50 INCH OR MORE:   1
MIN  0 OR BELOW:   0    1.00 INCH OR MORE:   0

[HDD (BASE 65) ]
TOTAL THIS MO.   805    CLEAR  (SCALE 0-3)  16
DPTR FM NORMAL   154    PTCLDY (SCALE 4-7)   6
TOTAL FM JUL 1  3071    CLOUDY (SCALE 8-10)  6
DPTR FM NORMAL    72

[CDD (BASE 65) ]
TOTAL THIS MO.     0
DPTR FM NORMAL    -1    [PRESSURE DATA]
TOTAL FM JAN 1     0    HIGHEST SLP 30.76 ON 23
DPTR FM NORMAL    -1    LOWEST  SLP 29.75 ON  7

[REMARKS]
#FINAL-02-15#
